{"id":1275,"date":"2021-02-22T19:12:09","date_gmt":"2021-02-22T22:12:09","guid":{"rendered":"https:\/\/wp.ufpel.edu.br\/cinema\/?page_id=1275"},"modified":"2025-09-22T17:23:40","modified_gmt":"2025-09-22T20:23:40","slug":"complementares","status":"publish","type":"page","link":"https:\/\/wp.ufpel.edu.br\/cinema\/complementares\/","title":{"rendered":"complementar"},"content":{"rendered":"<p><strong>Informa\u00e7\u00f5es sobre atividades complementares para ambos os cursos<br \/>\n<\/strong><span style=\"color: #999999;\">\u25ba acesse [+] para expandir os t\u00f3picos<\/span><\/p>\n<p><span style=\"color: #2ed6de;\">\u00a0 \u00a0 \u00a0<span style=\"font-size: 18pt;\">1 FUNCIONAMENTO<\/span><\/span><\/p>\n<span class=\"collapseomatic \" id=\"id69d68f3b256d5\"  tabindex=\"0\" title=\"\"    ><\/span><div id=\"target-id69d68f3b256d5\" class=\"collapseomatic_content \">\n<p>As atividades complementares s\u00e3o realizadas pelos estudantes <strong>fora dos momentos de participa\u00e7\u00e3o em disciplinas<\/strong> obrigat\u00f3rias ou optativas dos cursos. Esta modalidade d\u00e1 possibilidades para que outros lugares de desenvolvimento e apreens\u00e3o do conhecimento sejam contemplados na trajet\u00f3ria acad\u00eamica e na avalia\u00e7\u00e3o do estudante.<\/p>\n<p>Para integraliza\u00e7\u00e3o dos cursos, o estudante deve cumprir <strong>o m\u00ednimo de 180 horas de atividades complementares<\/strong> <strong>que podem ser comprovadas de formas espec\u00edficas em depend\u00eancia de cada caso<\/strong>. Encontra-se abaixo a <strong>rela\u00e7\u00e3o de atividades que podem ser consideradas<\/strong> juntamente com a forma de comprova\u00e7\u00e3o aceita pelos cursos.<\/p>\n<p style=\"padding-left: 40px;\">\u25ba Atividades complementares <strong>promovidas no \u00e2mbito dos cursos, promovidas pelo Colegiado ou por professores e\/ou t\u00e9cnicos, dispensam a necessidade de certificado para devida comprova\u00e7\u00e3o<\/strong>\u00a0em vista do registro de presen\u00e7a da participa\u00e7\u00e3o destes alunos nas atividades e cujo controle se encontra \u00e0 disposi\u00e7\u00e3o.<\/p>\n<p><strong>N\u00e3o h\u00e1 um m\u00e1ximo de horas para cada atividade<\/strong>. No entanto, na avalia\u00e7\u00e3o, ser\u00e1 solicitado <strong>um m\u00ednimo de diversidade entre as atividades comprovadas pelo estudante<\/strong>. Este m\u00ednimo corresponde aos estudantes apresentarem <strong>relativo equil\u00edbrio entre o ensino, a pesquisa e a extens\u00e3o<\/strong> na realiza\u00e7\u00e3o da forma\u00e7\u00e3o complementar.<\/p>\n<p>O procedimento de integraliza\u00e7\u00e3o das atividades complementares ocorre com a confer\u00eancia das comprova\u00e7\u00f5es <strong>que s\u00e3o submetidas pelos estudantes conforme orienta\u00e7\u00f5es abaixo.<\/strong> O professor orientador das atividades complementares, ou o coordenador do curso, integraliza as horas com o estudante e, em alguns casos, <strong>delibera sobre o n\u00famero de horas em determinadas atividades<\/strong> a partir da comprova\u00e7\u00e3o dispon\u00edvel em cada caso.<\/p>\n<\/div>\n<p><span style=\"color: #2ed6de;\">\u00a0 \u00a0 \u00a0<span style=\"font-size: 18pt;\">2 ATIVIDADES<\/span><\/span><\/p>\n<span class=\"collapseomatic \" id=\"id69d68f3b2579a\"  tabindex=\"0\" title=\"\"    ><\/span><div id=\"target-id69d68f3b2579a\" class=\"collapseomatic_content \">\n<p><strong>Em conformidade com os atuais PPCs dos Cursos<\/strong>, s\u00e3o consideradas para integraliza\u00e7\u00e3o as seguintes atividades:<\/p>\n<table style=\"height: 731px;\">\n<tbody>\n<tr style=\"height: 17px;\">\n<td style=\"width: 844px; height: 17px;\"><strong>ATIVIDADE<\/strong><\/td>\n<td style=\"width: 537px; height: 17px;\"><strong>CERTIFICA\u00c7\u00c3O<\/strong><\/td>\n<\/tr>\n<tr style=\"height: 51px;\">\n<td style=\"width: 844px; height: 51px;\"><strong>Cursos de aperfei\u00e7oamento na \u00e1rea do audiovisual<\/strong>, de ferramentas operacionais (softwares ou em \u00e1reas consideradas transversais: design, artes visuais, teatro, comunica\u00e7\u00e3o, fotografia, computa\u00e7\u00e3o gr\u00e1fica e outras julgadas como pertinentes \u00e0 forma\u00e7\u00e3o), presenciais ou remotos.<\/td>\n<td style=\"width: 537px; height: 51px;\">Certificado ou comprovante com discrimina\u00e7\u00e3o de horas.<\/td>\n<\/tr>\n<tr style=\"height: 17px;\">\n<td style=\"width: 844px; height: 17px;\"><strong>Cursos de aperfei\u00e7oamento em l\u00ednguas estrangeiras.<\/strong><\/td>\n<td style=\"width: 537px; height: 17px;\">Certificado ou comprovante com discrimina\u00e7\u00e3o de horas.<\/td>\n<\/tr>\n<tr style=\"height: 17px;\">\n<td style=\"width: 844px; height: 17px;\"><strong>Bolsas de Ensino <\/strong>no \u00e2mbito da UFPEL ou outras IES (monitorias, projetos de ensino).<\/td>\n<td style=\"width: 537px; height: 17px;\">Certificado ou atestado do coordenador com discrimina\u00e7\u00e3o de horas.<\/td>\n<\/tr>\n<tr style=\"height: 17px;\">\n<td style=\"width: 844px; height: 17px;\"><strong>Monitorias ou Atividades Volunt\u00e1rias de Ensino<\/strong> no \u00e2mbito da UFPEL ou outras IES (disciplinas, projetos de ensino).<\/td>\n<td style=\"width: 537px; height: 17px;\">Certificado ou atestado do coordenador com discrimina\u00e7\u00e3o de horas.<\/td>\n<\/tr>\n<tr style=\"height: 34px;\">\n<td style=\"width: 844px; height: 34px;\"><strong>Participa\u00e7\u00e3o como ouvinte em bancas<\/strong> do Trabalho de Conclus\u00e3o de Curso (TCCP e\/ou TCCT) dos cursos de cinema da UFPEL.<\/td>\n<td style=\"width: 537px; height: 34px;\">Preenchimento do documento de horas de atividades no Cinema UFPEL.<\/td>\n<\/tr>\n<tr style=\"height: 34px;\">\n<td style=\"width: 844px; height: 34px;\"><strong>Participa\u00e7\u00e3o em eventos promovidos pela comunidade do Cinema UFPEL<\/strong> (palestras, workshops, semanas acad\u00eamicas, viagens de estudo e outros).<\/td>\n<td style=\"width: 537px; height: 34px;\">Preenchimento do documento de horas de atividades no Cinema UFPEL ou comprovante de participa\u00e7\u00e3o<\/td>\n<\/tr>\n<tr style=\"height: 51px;\">\n<td style=\"width: 844px; height: 51px;\"><strong>Participa\u00e7\u00e3o volunt\u00e1ria na realiza\u00e7\u00e3o de produtos audiovisuais<\/strong> no \u00e2mbito do Cinema UFPEL ou de outros cursos da Institui\u00e7\u00e3o em qualquer fun\u00e7\u00e3o t\u00e9cnica ou de dire\u00e7\u00e3o, desde que n\u00e3o relacionado com a realiza\u00e7\u00e3o de seus pr\u00f3prios componentes curriculares obrigat\u00f3rios ou optativos.<\/td>\n<td style=\"width: 537px; height: 51px;\">Preenchimento do documento de horas de<br \/>\n<span style=\"font-family: inherit; font-size: 1em;\">atividades no Cinema UFPEL ou comprovante de atividades assinado pelo coordenador (no caso de outros cursos da IES).<\/span><\/td>\n<\/tr>\n<tr style=\"height: 51px;\">\n<td style=\"width: 844px; height: 51px;\"><strong>Participa\u00e7\u00e3o como ouvinte em eventos do campo do audiovisual<\/strong> ou de \u00e1reas consideradas transversais (design, artes visuais, teatro, comunica\u00e7\u00e3o, fotografia, computa\u00e7\u00e3o gr\u00e1fica e outras julgadas como pertinentes \u00e0 forma\u00e7\u00e3o) com foco mer cadol\u00f3gico\/profissional ou acad\u00eamico.<\/td>\n<td style=\"width: 537px; height: 51px;\">Certificado de participa\u00e7\u00e3o ou comprovante da inscri\u00e7\u00e3o no evento com descri\u00e7\u00e3o da programa\u00e7\u00e3o.<\/td>\n<\/tr>\n<tr style=\"height: 34px;\">\n<td style=\"width: 844px; height: 34px;\"><strong>Participa\u00e7\u00e3o como espectador, realizador, cr\u00edtico, curador ou outras atividades em festivais e mostras de cinema<\/strong> nacionais ou internacionais.<\/td>\n<td style=\"width: 537px; height: 34px;\">Comprova\u00e7\u00e3o de inscri\u00e7\u00e3o, convite, cat\u00e1logo ou outro documento, inclusive imag\u00e9tico ou fotogr\u00e1fico, que comprove a participa\u00e7\u00e3o.<\/td>\n<\/tr>\n<tr style=\"height: 51px;\">\n<td style=\"width: 844px; height: 51px;\"><strong>Atividades que caracterizem protagonismo do estudante em ensino<\/strong> (ministrar minicursos, workshops, participa\u00e7\u00e3o em aulas do curso ou de outras institui\u00e7\u00f5es, organiza\u00e7\u00e3o de eventos, elabora\u00e7\u00e3o de projetos culturais, dentre outros).<\/td>\n<td style=\"width: 537px; height: 51px;\">Formas de comprova\u00e7\u00e3o que constituam documento emitido pelos organizadores ou atestado do professor orientador\/respons\u00e1vel, <span style=\"font-family: inherit; font-size: 1em;\">ambos com discrimina\u00e7\u00e3o de horas.<\/span><\/td>\n<\/tr>\n<tr style=\"height: 34px;\">\n<td style=\"width: 844px; height: 34px;\"><strong>Atividade espectatorial em salas de cinema<\/strong> (ida a sess\u00f5es de cinema de salas comerciais, do circuito alternativo, cineclubes e outros que configurem atividade espectatorial coletiva de produtos audiovisuais, com ou sem debate).<\/td>\n<td style=\"width: 537px; height: 34px;\">Ingresso ou comprovante de participa\u00e7\u00e3o, declara\u00e7\u00e3o ou outra forma de comprova\u00e7\u00e3o, inclusive imag\u00e9tica ou fotogr\u00e1fica.<\/td>\n<\/tr>\n<tr style=\"height: 51px;\">\n<td style=\"width: 844px; height: 51px;\"><strong>Forma\u00e7\u00e3o ampliada do estudante em outros campos relacionados com a forma\u00e7\u00e3o humana e\/ou profissional\/transversal,<\/strong> a partir de interesses pr\u00f3prios (m\u00fasica, artes c\u00eanicas, artes visuais, design, jogos digitais, comunica\u00e7\u00e3o, atividades f\u00edsicas, atividades culturais e liter\u00e1rias, gest\u00e3o de pessoas e processos e outros do interesse do estudante).<\/td>\n<td style=\"width: 537px; height: 51px;\">Comprova\u00e7\u00e3o da forma\u00e7\u00e3o ampliada com a indica\u00e7\u00e3o de horas e institui\u00e7\u00e3o formadora.<\/td>\n<\/tr>\n<tr style=\"height: 34px;\">\n<td style=\"width: 844px; height: 34px;\"><strong>Bolsa de Pesquisa e\/ou Inicia\u00e7\u00e3o Cient\u00edfica<\/strong> em projetos da UFPEL ou de outras Institui\u00e7\u00f5es, de Ensino, de Pesquisa ou Organiza\u00e7\u00f5es da Sociedade Civil.<\/td>\n<td style=\"width: 537px; height: 34px;\">Certificado ou atestado do coordenador com discrimina\u00e7\u00e3o de horas.<\/td>\n<\/tr>\n<tr style=\"height: 34px;\">\n<td style=\"width: 844px; height: 34px;\"><strong>Atividade Volunt\u00e1ria em Pesquisa e\/ou Inicia\u00e7\u00e3o Cient\u00edfica<\/strong> em projetos da UFPEL ou de outras Institui\u00e7\u00f5es de Ensino, de Pesquisa ou Organiza\u00e7\u00f5es da Sociedade Civil.<\/td>\n<td style=\"width: 537px; height: 34px;\">Certificado ou atestado do coordenador com discrimina\u00e7\u00e3o de horas.<\/td>\n<\/tr>\n<tr style=\"height: 34px;\">\n<td style=\"width: 844px; height: 34px;\"><strong>Participa\u00e7\u00e3o com inscri\u00e7\u00e3o em atividades de projetos de pesquisa<\/strong> (congressos, semin\u00e1rios nacionais ou internacionais, col\u00f3quios, simp\u00f3sios, semanas de pesquisa, dentre outros).<\/td>\n<td style=\"width: 537px; height: 34px;\">Comprovante de inscri\u00e7\u00e3o ou certificado de participa\u00e7\u00e3o.<\/td>\n<\/tr>\n<tr style=\"height: 34px;\">\n<td style=\"width: 844px; height: 34px;\"><strong>Apresenta\u00e7\u00e3o de trabalhos cient\u00edficos<\/strong> em eventos da UFPEL ou de outras IES (congressos, semin\u00e1rios nacionais ou internacionais, col\u00f3quios, simp\u00f3sios, semanas de pesquisa, dentre outros).<\/td>\n<td style=\"width: 537px; height: 34px;\">Certificado de apresenta\u00e7\u00e3o.<\/td>\n<\/tr>\n<tr style=\"height: 51px;\">\n<td style=\"width: 844px; height: 51px;\"><strong>Protagonismo do estudante em atividades consideradas de cunho extensionista<\/strong>, que <strong>n\u00e3o sejam integrantes das Atividades Curriculares de Extens\u00e3o (ACE)<\/strong> consideradas na Forma\u00e7\u00e3o em Extens\u00e3o, prioritariamente para \u00e1reas de grande pertin\u00eancia social, ocorrendo dentro ou fora da Universidade.<\/td>\n<td style=\"width: 537px; height: 51px;\">Comprovante de horas de atividades assinado pelo coordenador ou respons\u00e1vel.<\/td>\n<\/tr>\n<tr style=\"height: 51px;\">\n<td style=\"width: 844px; height: 51px;\"><strong>Realiza\u00e7\u00f5es de Produtos Audiovisuais considerados de cunho extensionista<\/strong>, que <strong>n\u00e3o sejam integrantes das Atividades Curriculares de Extens\u00e3o (ACE)<\/strong> consideradas na Forma\u00e7\u00e3o em Extens\u00e3o e que n\u00e3o perten\u00e7am \u00e0 Forma\u00e7\u00e3o Espec\u00edfica do estudante, prioritariamente para \u00e1reas de grande pertin\u00eancia social, ocorrendo dentro ou fora da Universidade.<\/td>\n<td style=\"width: 537px; height: 51px;\">Produto Audiovisual devidamente creditado para o estudante.<\/td>\n<\/tr>\n<tr style=\"height: 34px;\">\n<td style=\"width: 844px; height: 34px;\"><strong>Envolvimento com atividades de organiza\u00e7\u00f5es n\u00e3o-governamentais e\/ou do terceiro setor<\/strong> que trabalhem com \u00e1reas de grande pertin\u00eancia social, fora da Universidade.<\/td>\n<td style=\"width: 537px; height: 34px;\">Comprovante de horas de atividades assinado pelo coordenador ou respons\u00e1vel da organiza\u00e7\u00e3o.<\/td>\n<\/tr>\n<\/tbody>\n<\/table>\n<\/div>\n<p><span style=\"color: #2ed6de;\"><span style=\"font-size: 18pt;\">\u00a0 \u00a03 COMPROVANTES<\/span><\/span><\/p>\n<span class=\"collapseomatic \" id=\"id69d68f3b257e1\"  tabindex=\"0\" title=\"\"    ><\/span><div id=\"target-id69d68f3b257e1\" class=\"collapseomatic_content \">\n<p>Veja abaixo como proceder para submiss\u00e3o dos comprovantes das horas complementares:<\/p>\n<ul>\n<li>Cada estudante <strong>dever\u00e1 manter em sua guarda todos os comprovantes ao longo da forma\u00e7\u00e3o<\/strong>, segundo as <strong>formas de certifica\u00e7\u00e3o indicadas na tabela acima<\/strong> (no item atividades), na<strong> forma digital, preferencialmente em formato PDF. <\/strong>No caso de comprovantes f\u00edsicos, podem ser utlizados <strong>aplicativos de scanner para smartphone como o Adobe Scan<\/strong> (para <a href=\"https:\/\/play.google.com\/store\/apps\/details?id=com.adobe.scan.android&amp;hl=pt_BR&amp;pli=1\" target=\"_blank\" rel=\"noopener\">Android<\/a> ou <a href=\"https:\/\/apps.apple.com\/br\/app\/adobe-scan-pdf-scanner-e-ocr\/id1199564834\" target=\"_blank\" rel=\"noopener\">iOS<\/a>) e outros para digitaliza\u00e7\u00e3o dos documentos;<\/li>\n<li>Juntamente com os comprovantes, o<strong> estudante dever\u00e1 manter um controle parcial<\/strong> ao preencher digitalmente o <a href=\"https:\/\/docs.google.com\/document\/d\/1A-7oRsSRBo4czZTDwyKN39fu7CHSAHaa\/edit?usp=sharing&amp;ouid=107477517831491855196&amp;rtpof=true&amp;sd=true\" target=\"_blank\" rel=\"noopener\">documento de Controle de Horas Complementares (veja neste link e salve uma c\u00f3pia para voc\u00ea)<\/a>. Este documento <strong>pode ser mantido na mesma pasta digital dos comprovantes e sendo atualizado quando houver inclus\u00e3o<\/strong> de novos comprovantes (por exemplo com Google Docs ou One Drive). Se voc\u00ea quiser ter um <strong>controle parcial de suas atividades, deve utilizar este documento e solicitar aux\u00edlio do Colegiado<\/strong> em caso de necessidade;<\/li>\n<li>No \u00faltimo semestre antes da cola\u00e7\u00e3o de grau (na condi\u00e7\u00e3o de prov\u00e1vel formando), <strong>no prazo m\u00e1ximo de dois meses antes da data da cola\u00e7\u00e3o<\/strong>, o estudante dever\u00e1 enviar ao Colegiado por meio do formul\u00e1rio abaixo:\n<ol>\n<li><strong>Todos os comprovantes agrupados em um \u00fanico arquivo PDF<\/strong>, conforme a guarda feita digitalmente. Para tanto podem ser utilizados sites gratuitos como <a href=\"https:\/\/www.ilovepdf.com\/pt\" target=\"_blank\" rel=\"noopener\">I Love PDF<\/a>, <a href=\"https:\/\/smallpdf.com\/pt\" target=\"_blank\" rel=\"noopener\">Small PDF<\/a> ou outros da prefer\u00eancia;<\/li>\n<li><strong>Se for o caso, o <a href=\"https:\/\/docs.google.com\/document\/d\/1xvUtphe4wn9nPMZMivue3vLnorw8DCQ_\/edit?usp=sharing&amp;ouid=107477517831491855196&amp;rtpof=true&amp;sd=true\" target=\"_blank\" rel=\"noopener\">documento Lista das Horas Complementares no Cinema UFPEL<\/a><\/strong>, onde estar\u00e3o discriminadas as<strong> atividades promovidas pelos cursos com a participa\u00e7\u00e3o do estudante que podem ser comprovadas pelo pr\u00f3prio Curso<\/strong>. Neste documento, voc\u00ea pode incluir atividades que participou, mas que n\u00e3o tem comprova\u00e7\u00e3o, <strong>desde que tenham sido promovidas e\/ou realizadas pelo Cinema UFPEL<\/strong>;<\/li>\n<li><strong>O <a href=\"https:\/\/docs.google.com\/document\/d\/1A-7oRsSRBo4czZTDwyKN39fu7CHSAHaa\/edit?usp=sharing&amp;ouid=107477517831491855196&amp;rtpof=true&amp;sd=true\" target=\"_blank\" rel=\"noopener\">documento Controle de Horas Complementares<\/a><\/strong> (veja acima) com a <strong>rela\u00e7\u00e3o, parciais e soma de todos os comprovantes entregues no arquivo PDF<\/strong>.<\/li>\n<\/ol>\n<\/li>\n<\/ul>\n<\/div>\n<p><span style=\"color: #2ed6de;\"><span style=\"font-size: 18pt;\">\u00a0 \u00a0\u25ba FORMUL\u00c1RIO<\/span><\/span><\/p>\n<span class=\"collapseomatic \" id=\"id69d68f3b2580e\"  tabindex=\"0\" title=\"\"    ><\/span><div id=\"target-id69d68f3b2580e\" class=\"collapseomatic_content \">\n<p><a href=\"https:\/\/forms.gle\/UHdBjhZhgUZghrEA8\" target=\"_blank\" rel=\"noopener\">\u25ba Acesse neste link o formul\u00e1rio de envio de Comprovantes das Horas Complementares do Cinema UFPEL.<\/a><\/p>\n<\/div>\n","protected":false},"excerpt":{"rendered":"<p>Informa\u00e7\u00f5es sobre atividades complementares para ambos os cursos \u25ba acesse [+] para expandir os t\u00f3picos \u00a0 \u00a0 \u00a01 FUNCIONAMENTO \u00a0 \u00a0 \u00a02 ATIVIDADES \u00a0 \u00a03 COMPROVANTES \u00a0 \u00a0\u25ba FORMUL\u00c1RIO<\/p>\n","protected":false},"author":573,"featured_media":0,"parent":0,"menu_order":0,"comment_status":"closed","ping_status":"closed","template":"template-fullwidth.php","meta":{"footnotes":""},"class_list":["post-1275","page","type-page","status-publish","hentry"],"_links":{"self":[{"href":"https:\/\/wp.ufpel.edu.br\/cinema\/wp-json\/wp\/v2\/pages\/1275","targetHints":{"allow":["GET"]}}],"collection":[{"href":"https:\/\/wp.ufpel.edu.br\/cinema\/wp-json\/wp\/v2\/pages"}],"about":[{"href":"https:\/\/wp.ufpel.edu.br\/cinema\/wp-json\/wp\/v2\/types\/page"}],"author":[{"embeddable":true,"href":"https:\/\/wp.ufpel.edu.br\/cinema\/wp-json\/wp\/v2\/users\/573"}],"replies":[{"embeddable":true,"href":"https:\/\/wp.ufpel.edu.br\/cinema\/wp-json\/wp\/v2\/comments?post=1275"}],"version-history":[{"count":4,"href":"https:\/\/wp.ufpel.edu.br\/cinema\/wp-json\/wp\/v2\/pages\/1275\/revisions"}],"predecessor-version":[{"id":2569,"href":"https:\/\/wp.ufpel.edu.br\/cinema\/wp-json\/wp\/v2\/pages\/1275\/revisions\/2569"}],"wp:attachment":[{"href":"https:\/\/wp.ufpel.edu.br\/cinema\/wp-json\/wp\/v2\/media?parent=1275"}],"curies":[{"name":"wp","href":"https:\/\/api.w.org\/{rel}","templated":true}]}}