{"id":80,"date":"2019-08-19T20:50:43","date_gmt":"2019-08-19T23:50:43","guid":{"rendered":"https:\/\/wp.ufpel.edu.br\/cineclube\/?page_id=80"},"modified":"2019-08-20T21:33:20","modified_gmt":"2019-08-21T00:33:20","slug":"trabalho-e-sociedade","status":"publish","type":"page","link":"https:\/\/wp.ufpel.edu.br\/cineclube\/tematicas-2\/trabalho-e-sociedade\/","title":{"rendered":"Trabalho e Sociedade"},"content":{"rendered":"<p><strong><span style=\"color: #800080\">Escrevendo o Destino<\/span><\/strong> &#8211; 05\u2019 55\u2019\u2019<br \/>\n<strong>Resumo<\/strong> &#8211; Um garoto deseja se tornar escritor desagradando seu pai.<br \/>\n<strong>Parte T\u00e9cnica<\/strong> &#8211; A narrativa funcionou. A princ\u00edpio nada a funcionar.<br \/>\n<strong>Debate<\/strong> &#8211; Sonhos; Escolhas.<\/p>\n<p><iframe loading=\"lazy\" title=\"Escrevendo o destino\" width=\"700\" height=\"394\" src=\"https:\/\/www.youtube.com\/embed\/MABpOtDMHxE?feature=oembed\" frameborder=\"0\" allow=\"accelerometer; autoplay; encrypted-media; gyroscope; picture-in-picture\" allowfullscreen><\/iframe><\/p>\n<p><strong><span style=\"color: #800080\">A Fome D\u00f3i<\/span> <\/strong>&#8211; 1\u2019 58\u2019\u2019<br \/>\n<strong>Resumo<\/strong> &#8211; Alunos desperdi\u00e7am comida de diferentes formas e ao final a m\u00e3e de uma dessas alunas explica para ela os motivos pelos quais o desperd\u00edcio \u00e9 ruim.<br \/>\n<strong>Parte T\u00e9cnica<\/strong> &#8211; Narrativa funcional. A princ\u00edpio nada a declarar.<br \/>\n<strong>Debate<\/strong> &#8211; Desperd\u00edcio; Alimentos.<\/p>\n<p><iframe loading=\"lazy\" title=\"THOM\u00c1ZIA MONTORO - A fome d\u00f3i\" width=\"700\" height=\"394\" src=\"https:\/\/www.youtube.com\/embed\/U8iga9i8twc?feature=oembed\" frameborder=\"0\" allow=\"accelerometer; autoplay; encrypted-media; gyroscope; picture-in-picture\" allowfullscreen><\/iframe><\/p>\n<p><strong><span style=\"color: #800080\">O Diabo N\u00e3o tem Preconceito<\/span><\/strong> &#8211; 2\u2019 06\u2019\u2019<br \/>\n<strong>Resumo<\/strong> &#8211; Pessoas v\u00e3o ao purgat\u00f3rio e o diabo decide quem deve ir para o inferno.<br \/>\n<strong>Parte T\u00e9cnica<\/strong> &#8211; Em partes importantes com falas cuidar o volume da m\u00fasica e a ilumina\u00e7\u00e3o do que est\u00e1 sendo gravado.<br \/>\n<strong>Debate<\/strong> &#8211; Religi\u00e3o; Escolhas.<\/p>\n<p><iframe loading=\"lazy\" title=\"V Festival de Cinema - EE Godofredo Furtado -O  diabo n\u00e3o tem preconceito\" width=\"700\" height=\"394\" src=\"https:\/\/www.youtube.com\/embed\/c2pYSkHSWI0?feature=oembed\" frameborder=\"0\" allow=\"accelerometer; autoplay; encrypted-media; gyroscope; picture-in-picture\" allowfullscreen><\/iframe><\/p>\n","protected":false},"excerpt":{"rendered":"<p>Escrevendo o Destino &#8211; 05\u2019 55\u2019\u2019 Resumo &#8211; Um garoto deseja se tornar escritor desagradando seu pai. Parte T\u00e9cnica &#8211; A narrativa funcionou. A princ\u00edpio nada a funcionar. Debate &#8211; Sonhos; Escolhas. A Fome D\u00f3i &#8211; 1\u2019 58\u2019\u2019 Resumo &#8211; Alunos desperdi\u00e7am comida de diferentes formas e ao final a m\u00e3e de uma dessas alunas&hellip;<\/p>\n","protected":false},"author":578,"featured_media":0,"parent":89,"menu_order":0,"comment_status":"closed","ping_status":"closed","template":"","meta":{"footnotes":""},"class_list":["post-80","page","type-page","status-publish","hentry"],"jetpack_sharing_enabled":true,"_links":{"self":[{"href":"https:\/\/wp.ufpel.edu.br\/cineclube\/wp-json\/wp\/v2\/pages\/80","targetHints":{"allow":["GET"]}}],"collection":[{"href":"https:\/\/wp.ufpel.edu.br\/cineclube\/wp-json\/wp\/v2\/pages"}],"about":[{"href":"https:\/\/wp.ufpel.edu.br\/cineclube\/wp-json\/wp\/v2\/types\/page"}],"author":[{"embeddable":true,"href":"https:\/\/wp.ufpel.edu.br\/cineclube\/wp-json\/wp\/v2\/users\/578"}],"replies":[{"embeddable":true,"href":"https:\/\/wp.ufpel.edu.br\/cineclube\/wp-json\/wp\/v2\/comments?post=80"}],"version-history":[{"count":4,"href":"https:\/\/wp.ufpel.edu.br\/cineclube\/wp-json\/wp\/v2\/pages\/80\/revisions"}],"predecessor-version":[{"id":153,"href":"https:\/\/wp.ufpel.edu.br\/cineclube\/wp-json\/wp\/v2\/pages\/80\/revisions\/153"}],"up":[{"embeddable":true,"href":"https:\/\/wp.ufpel.edu.br\/cineclube\/wp-json\/wp\/v2\/pages\/89"}],"wp:attachment":[{"href":"https:\/\/wp.ufpel.edu.br\/cineclube\/wp-json\/wp\/v2\/media?parent=80"}],"curies":[{"name":"wp","href":"https:\/\/api.w.org\/{rel}","templated":true}]}}