{"id":59,"date":"2019-08-19T20:46:18","date_gmt":"2019-08-19T23:46:18","guid":{"rendered":"https:\/\/wp.ufpel.edu.br\/cineclube\/?page_id=59"},"modified":"2023-08-22T11:39:18","modified_gmt":"2023-08-22T14:39:18","slug":"questoes-sociais","status":"publish","type":"page","link":"https:\/\/wp.ufpel.edu.br\/cineclube\/tematicas-2\/questoes-sociais\/","title":{"rendered":"Quest\u00f5es sociais"},"content":{"rendered":"<p>Exiba estes v\u00eddeos para os seus alunos e debata com eles sobre o tema, como foi realizado, como o v\u00eddeo poderia ser melhorado. isso ajuda\u00a0 o aluno a pensar (repensar) o tema do seu pr\u00f3ximo v\u00eddeo.<\/p>\n<p>A Quest\u00e3o Tem\u00e1tica central destes v\u00eddeos s\u00e3o sobre debates na quest\u00e3o social. v\u00e1rios v\u00eddeos feito por estudantes de escola p\u00fablica debatem a quest\u00e3o da sociedade. alguns usam a com\u00e9dia como forma de se comunicar.<\/p>\n<p><iframe loading=\"lazy\" title=\"Todo amor \u00e9 v\u00e1lido - Curta metragem\" width=\"700\" height=\"394\" src=\"https:\/\/www.youtube.com\/embed\/GKSgPG-EgHE?feature=oembed\" frameborder=\"0\" allow=\"accelerometer; autoplay; clipboard-write; encrypted-media; gyroscope; picture-in-picture; web-share\" allowfullscreen><\/iframe><\/p>\n<p>&nbsp;<\/p>\n<h5><strong>Filhos da Ucr\u00e2nia\u00a0<\/strong><\/h5>\n<h5>Qual o impacto da guerra na Ucr\u00e2nia em seus jovens?<\/h5>\n<p><a href=\"https:\/\/youtu.be\/Mm-_QO1vawc\">https:\/\/youtu.be\/Mm-_QO1vawc<\/a><\/p>\n<p>&nbsp;<\/p>\n<p>&nbsp;<\/p>\n<p><span style=\"color: #800080;\"><strong>Igualdade<\/strong><\/span> &#8211; 8&#8217;20&#8221;<br \/>\n<span style=\"font-weight: 400;\"><strong>Resumo<\/strong> &#8211; Alunos comentando sobre a escravid\u00e3o brasileira e a igualdade entre os diversos grupos<br \/>\n<\/span><span style=\"font-weight: 400;\"><strong>Debate<\/strong> &#8211; A rela\u00e7\u00e3o da sociedade com a escravid\u00e3o e a constru\u00e7\u00e3o de uma sociedade plural<\/span><\/p>\n<p>CLICK PARA O V\u00cdDEO<br \/>\n<a href=\"https:\/\/www.youtube.com\/watch?v=CSkQhHc8wJM\">https:\/\/www.youtube.com\/watch?v=CSkQhHc8wJM<\/a><\/p>\n<p><span style=\"color: #800080;\"><strong>Ado\u00e7\u00e3o crian\u00e7a<\/strong> <\/span>&#8211; 10&#8217;33&#8221;<br \/>\n<strong>Resumo<\/strong> &#8211; Um casal tem uma filha com s\u00edndrome de down e a abandona para ado\u00e7\u00e3o.<br \/>\n<strong>Debate<\/strong> &#8211; Debater s\u00edndrome de down e necessidades especificas.<\/p>\n<p><iframe loading=\"lazy\" title=\"ADOCAO CRIANCA\" width=\"700\" height=\"394\" src=\"https:\/\/www.youtube.com\/embed\/deWvgKD43rs?feature=oembed\" frameborder=\"0\" allow=\"accelerometer; autoplay; clipboard-write; encrypted-media; gyroscope; picture-in-picture; web-share\" allowfullscreen><\/iframe><\/p>\n<p>&nbsp;<\/p>\n<p><span style=\"color: #800080;\"><strong>Rela\u00e7\u00f5es<\/strong><\/span> &#8211; 2&#8217;55&#8221;<br \/>\n<strong>Resumo<\/strong> &#8211; Como funcionam as v\u00e1rias rela\u00e7\u00f5es entre pessoas e os cuidados que se deve ter com ela.<br \/>\n<strong>Debate<\/strong> &#8211; Rela\u00e7\u00f5es entre pessoas; como lidar com afetos, abusivos ou n\u00e3o.<\/p>\n<p><iframe loading=\"lazy\" title=\"Rela\u00e7\u00f5es\" width=\"700\" height=\"394\" src=\"https:\/\/www.youtube.com\/embed\/0NVzhU-E9Fw?feature=oembed\" frameborder=\"0\" allow=\"accelerometer; autoplay; clipboard-write; encrypted-media; gyroscope; picture-in-picture; web-share\" allowfullscreen><\/iframe><\/p>\n<p><span style=\"color: #800080;\"><strong>Um tempo para chamar de meu<\/strong><\/span> &#8211; 2&#8217;05&#8221;<br \/>\n<strong>Resumo<\/strong> &#8211; Um narradora fala sobre o tempo que temos e como melhor podemos aproveitar.<br \/>\n<strong>Debate<\/strong> &#8211; Tempo; Vida.<\/p>\n<p><iframe loading=\"lazy\" title=\"Um tempo pra chamar de meu\" width=\"700\" height=\"394\" src=\"https:\/\/www.youtube.com\/embed\/AxdcFkwDwIA?feature=oembed\" frameborder=\"0\" allow=\"accelerometer; autoplay; clipboard-write; encrypted-media; gyroscope; picture-in-picture; web-share\" allowfullscreen><\/iframe><\/p>\n<p><strong><span style=\"color: #800080;\">Meu Primeiro Assalto<\/span><\/strong> &#8211; 2\u2019 37\u2019\u2019<br \/>\n<strong>Resumo<\/strong> &#8211; Um menino sonha em ser assaltado e vai para uma pra\u00e7a para realizar esse sonho, por\u00e9m, ao a vistar o ladr\u00e3o se decepciona.<br \/>\n<strong>Parte T\u00e9cnica<\/strong> &#8211; As falas do v\u00eddeo foram adaptadas de uma cr\u00f4nica j\u00e1 existente. Narrativa funcional, pois alguns trechos da cr\u00f4nica foram representados de modo a concordar com a realidade dos alunos que fizeram o v\u00eddeo.<br \/>\n<strong>Debate<\/strong> &#8211; Assaltos e como utilizar humor atrav\u00e9s das contradi\u00e7\u00f5es (o menino sonhava em ser assaltado e isso torna o v\u00eddeo engra\u00e7ado).<\/p>\n<p><iframe loading=\"lazy\" title=\"35 - MEU PRIMEIRO ASSALTO\" width=\"700\" height=\"394\" src=\"https:\/\/www.youtube.com\/embed\/J2qke-ALpGE?feature=oembed\" frameborder=\"0\" allow=\"accelerometer; autoplay; clipboard-write; encrypted-media; gyroscope; picture-in-picture; web-share\" allowfullscreen><\/iframe><\/p>\n<p>&nbsp;<\/p>\n<p>4\u00b0lugar no projeto estruturante &#8220;PROVE&#8221; do col\u00e9gio modelo Luis Eduardo Magalh\u00e3es \/Juazeiro-Bahia!<\/p>\n<p><iframe loading=\"lazy\" title=\"Equipe Ideologia\" width=\"700\" height=\"394\" src=\"https:\/\/www.youtube.com\/embed\/AzdQr35m87Y?feature=oembed\" frameborder=\"0\" allow=\"accelerometer; autoplay; clipboard-write; encrypted-media; gyroscope; picture-in-picture; web-share\" allowfullscreen><\/iframe><\/p>\n<p>&nbsp;<\/p>\n<p><strong><span style=\"color: #ff00ff;\"><span style=\"color: #800080;\">Cicatrizes<\/span> &#8211;<\/span> 11:45<\/strong><\/p>\n<p><strong>Resumo<\/strong> : Maria Helena \u00e9 uma garota comum, at\u00e9 que tudo em sua vida vira de ponta cabe\u00e7a. Ser\u00e1 que uma escolha ser\u00e1 capaz de mudar a sua vida?<\/p>\n<p><strong>Debate<\/strong> : Os tramas da adolesc\u00eancia<\/p>\n<p><iframe loading=\"lazy\" title=\"#Cicatrizes2023 - Curta Estudantil\" width=\"700\" height=\"394\" src=\"https:\/\/www.youtube.com\/embed\/Kx-iCGLo7b0?feature=oembed\" frameborder=\"0\" allow=\"accelerometer; autoplay; clipboard-write; encrypted-media; gyroscope; picture-in-picture; web-share\" allowfullscreen><\/iframe><\/p>\n<p><strong><span style=\"color: #800080;\">Amores Imposs\u00edveis<\/span><\/strong> &#8211; 7\u2019 51\u2019\u2019<br \/>\n<strong>Resumo<\/strong> &#8211; O v\u00eddeo conta duas hist\u00f3rias distintas de amores imposs\u00edveis que passam por dificuldades<br \/>\nat\u00e9 se reencontrarem.<br \/>\n<strong>Parte T\u00e9cnica<\/strong> &#8211; A narrativa funcionou. A princ\u00edpio nada a declarar.<br \/>\n<strong>Debate<\/strong> &#8211; Diversidade; Relacionamentos.<\/p>\n<p><iframe loading=\"lazy\" title=\"17 - AMORES IMPOSS\u00cdVEIS\" width=\"700\" height=\"394\" src=\"https:\/\/www.youtube.com\/embed\/aj5btbUtLWI?feature=oembed\" frameborder=\"0\" allow=\"accelerometer; autoplay; clipboard-write; encrypted-media; gyroscope; picture-in-picture; web-share\" allowfullscreen><\/iframe><\/p>\n<p><strong><span style=\"color: #800080;\">Rela\u00e7\u00f5es<\/span><\/strong> &#8211; 2\u2019 55\u2019\u2019<br \/>\n<strong>Resumo<\/strong> &#8211; Como as rela\u00e7\u00f5es est\u00e3o organizadas em nossa sociedade e qual o valor que damos a elas no nosso dia a dia. A import\u00e2ncia<br \/>\nsocial de ter o outro ao lado.<br \/>\n<strong>Parte T\u00e9cnica<\/strong> &#8211; V\u00eddeo apresenta de forma simples uma narrativa que ajuda o p\u00fablico a entender o que est\u00e1 sendo narrado. O uso das m\u00e1scaras e o fundo preto s\u00e3o alternativas que contribuem com a narrativa do v\u00eddeo .<br \/>\n<strong>Debate<\/strong> &#8211; Rela\u00e7\u00f5es Sociais; Amor Pr\u00f3prio.<\/p>\n<p><iframe loading=\"lazy\" title=\"Rela\u00e7\u00f5es\" width=\"700\" height=\"394\" src=\"https:\/\/www.youtube.com\/embed\/0NVzhU-E9Fw?feature=oembed\" frameborder=\"0\" allow=\"accelerometer; autoplay; clipboard-write; encrypted-media; gyroscope; picture-in-picture; web-share\" allowfullscreen><\/iframe><\/p>\n","protected":false},"excerpt":{"rendered":"<p>Exiba estes v\u00eddeos para os seus alunos e debata com eles sobre o tema, como foi realizado, como o v\u00eddeo poderia ser melhorado. isso ajuda\u00a0 o aluno a pensar (repensar) o tema do seu pr\u00f3ximo v\u00eddeo. A Quest\u00e3o Tem\u00e1tica central destes v\u00eddeos s\u00e3o sobre debates na quest\u00e3o social. v\u00e1rios v\u00eddeos feito por estudantes de escola&hellip;<\/p>\n","protected":false},"author":578,"featured_media":0,"parent":89,"menu_order":0,"comment_status":"closed","ping_status":"closed","template":"","meta":{"footnotes":""},"class_list":["post-59","page","type-page","status-publish","hentry"],"jetpack_sharing_enabled":true,"_links":{"self":[{"href":"https:\/\/wp.ufpel.edu.br\/cineclube\/wp-json\/wp\/v2\/pages\/59","targetHints":{"allow":["GET"]}}],"collection":[{"href":"https:\/\/wp.ufpel.edu.br\/cineclube\/wp-json\/wp\/v2\/pages"}],"about":[{"href":"https:\/\/wp.ufpel.edu.br\/cineclube\/wp-json\/wp\/v2\/types\/page"}],"author":[{"embeddable":true,"href":"https:\/\/wp.ufpel.edu.br\/cineclube\/wp-json\/wp\/v2\/users\/578"}],"replies":[{"embeddable":true,"href":"https:\/\/wp.ufpel.edu.br\/cineclube\/wp-json\/wp\/v2\/comments?post=59"}],"version-history":[{"count":13,"href":"https:\/\/wp.ufpel.edu.br\/cineclube\/wp-json\/wp\/v2\/pages\/59\/revisions"}],"predecessor-version":[{"id":662,"href":"https:\/\/wp.ufpel.edu.br\/cineclube\/wp-json\/wp\/v2\/pages\/59\/revisions\/662"}],"up":[{"embeddable":true,"href":"https:\/\/wp.ufpel.edu.br\/cineclube\/wp-json\/wp\/v2\/pages\/89"}],"wp:attachment":[{"href":"https:\/\/wp.ufpel.edu.br\/cineclube\/wp-json\/wp\/v2\/media?parent=59"}],"curies":[{"name":"wp","href":"https:\/\/api.w.org\/{rel}","templated":true}]}}

Questões sociais

<p>Exiba estes vídeos para os seus alunos e debata com eles sobre o tema, como foi realizado, como o vídeo poderia ser melhorado. isso ajuda  o aluno a pensar (repensar) o tema do seu próximo vídeo.</p>
<p>A Questão Temática central destes vídeos são sobre debates na questão social. vários vídeos feito por estudantes de escola pública debatem a questão da sociedade. alguns usam a comédia como forma de se comunicar.</p>
<p><iframe loading="lazy" title="Todo amor é válido - Curta metragem" width="700" height="394" src="https://www.youtube.com/embed/GKSgPG-EgHE?feature=oembed" frameborder="0" allow="accelerometer; autoplay; clipboard-write; encrypted-media; gyroscope; picture-in-picture; web-share" allowfullscreen></iframe></p>
<p>&nbsp;</p>
<h5><strong>Filhos da Ucrânia </strong></h5>
<h5>Qual o impacto da guerra na Ucrânia em seus jovens?</h5>
<p><a href="https://youtu.be/Mm-_QO1vawc">https://youtu.be/Mm-_QO1vawc</a></p>
<p>&nbsp;</p>
<p>&nbsp;</p>
<p><span style="color: #800080;"><strong>Igualdade</strong></span> &#8211; 8&#8217;20&#8221;<br />
<span style="font-weight: 400;"><strong>Resumo</strong> &#8211; Alunos comentando sobre a escravidão brasileira e a igualdade entre os diversos grupos<br />
</span><span style="font-weight: 400;"><strong>Debate</strong> &#8211; A relação da sociedade com a escravidão e a construção de uma sociedade plural</span></p>
<p>CLICK PARA O VÍDEO<br />
<a href="https://www.youtube.com/watch?v=CSkQhHc8wJM">https://www.youtube.com/watch?v=CSkQhHc8wJM</a></p>
<p><span style="color: #800080;"><strong>Adoção criança</strong> </span>&#8211; 10&#8217;33&#8221;<br />
<strong>Resumo</strong> &#8211; Um casal tem uma filha com síndrome de down e a abandona para adoção.<br />
<strong>Debate</strong> &#8211; Debater síndrome de down e necessidades especificas.</p>
<p><iframe loading="lazy" title="ADOCAO CRIANCA" width="700" height="394" src="https://www.youtube.com/embed/deWvgKD43rs?feature=oembed" frameborder="0" allow="accelerometer; autoplay; clipboard-write; encrypted-media; gyroscope; picture-in-picture; web-share" allowfullscreen></iframe></p>
<p>&nbsp;</p>
<p><span style="color: #800080;"><strong>Relações</strong></span> &#8211; 2&#8217;55&#8221;<br />
<strong>Resumo</strong> &#8211; Como funcionam as várias relações entre pessoas e os cuidados que se deve ter com ela.<br />
<strong>Debate</strong> &#8211; Relações entre pessoas; como lidar com afetos, abusivos ou não.</p>
<p><iframe loading="lazy" title="Relações" width="700" height="394" src="https://www.youtube.com/embed/0NVzhU-E9Fw?feature=oembed" frameborder="0" allow="accelerometer; autoplay; clipboard-write; encrypted-media; gyroscope; picture-in-picture; web-share" allowfullscreen></iframe></p>
<p><span style="color: #800080;"><strong>Um tempo para chamar de meu</strong></span> &#8211; 2&#8217;05&#8221;<br />
<strong>Resumo</strong> &#8211; Um narradora fala sobre o tempo que temos e como melhor podemos aproveitar.<br />
<strong>Debate</strong> &#8211; Tempo; Vida.</p>
<p><iframe loading="lazy" title="Um tempo pra chamar de meu" width="700" height="394" src="https://www.youtube.com/embed/AxdcFkwDwIA?feature=oembed" frameborder="0" allow="accelerometer; autoplay; clipboard-write; encrypted-media; gyroscope; picture-in-picture; web-share" allowfullscreen></iframe></p>
<p><strong><span style="color: #800080;">Meu Primeiro Assalto</span></strong> &#8211; 2’ 37’’<br />
<strong>Resumo</strong> &#8211; Um menino sonha em ser assaltado e vai para uma praça para realizar esse sonho, porém, ao a vistar o ladrão se decepciona.<br />
<strong>Parte Técnica</strong> &#8211; As falas do vídeo foram adaptadas de uma crônica já existente. Narrativa funcional, pois alguns trechos da crônica foram representados de modo a concordar com a realidade dos alunos que fizeram o vídeo.<br />
<strong>Debate</strong> &#8211; Assaltos e como utilizar humor através das contradições (o menino sonhava em ser assaltado e isso torna o vídeo engraçado).</p>
<p><iframe loading="lazy" title="35 - MEU PRIMEIRO ASSALTO" width="700" height="394" src="https://www.youtube.com/embed/J2qke-ALpGE?feature=oembed" frameborder="0" allow="accelerometer; autoplay; clipboard-write; encrypted-media; gyroscope; picture-in-picture; web-share" allowfullscreen></iframe></p>
<p>&nbsp;</p>
<p>4°lugar no projeto estruturante &#8220;PROVE&#8221; do colégio modelo Luis Eduardo Magalhães /Juazeiro-Bahia!</p>
<p><iframe loading="lazy" title="Equipe Ideologia" width="700" height="394" src="https://www.youtube.com/embed/AzdQr35m87Y?feature=oembed" frameborder="0" allow="accelerometer; autoplay; clipboard-write; encrypted-media; gyroscope; picture-in-picture; web-share" allowfullscreen></iframe></p>
<p>&nbsp;</p>
<p><strong><span style="color: #ff00ff;"><span style="color: #800080;">Cicatrizes</span> &#8211;</span> 11:45</strong></p>
<p><strong>Resumo</strong> : Maria Helena é uma garota comum, até que tudo em sua vida vira de ponta cabeça. Será que uma escolha será capaz de mudar a sua vida?</p>
<p><strong>Debate</strong> : Os tramas da adolescência</p>
<p><iframe loading="lazy" title="#Cicatrizes2023 - Curta Estudantil" width="700" height="394" src="https://www.youtube.com/embed/Kx-iCGLo7b0?feature=oembed" frameborder="0" allow="accelerometer; autoplay; clipboard-write; encrypted-media; gyroscope; picture-in-picture; web-share" allowfullscreen></iframe></p>
<p><strong><span style="color: #800080;">Amores Impossíveis</span></strong> &#8211; 7’ 51’’<br />
<strong>Resumo</strong> &#8211; O vídeo conta duas histórias distintas de amores impossíveis que passam por dificuldades<br />
até se reencontrarem.<br />
<strong>Parte Técnica</strong> &#8211; A narrativa funcionou. A princípio nada a declarar.<br />
<strong>Debate</strong> &#8211; Diversidade; Relacionamentos.</p>
<p><iframe loading="lazy" title="17 - AMORES IMPOSSÍVEIS" width="700" height="394" src="https://www.youtube.com/embed/aj5btbUtLWI?feature=oembed" frameborder="0" allow="accelerometer; autoplay; clipboard-write; encrypted-media; gyroscope; picture-in-picture; web-share" allowfullscreen></iframe></p>
<p><strong><span style="color: #800080;">Relações</span></strong> &#8211; 2’ 55’’<br />
<strong>Resumo</strong> &#8211; Como as relações estão organizadas em nossa sociedade e qual o valor que damos a elas no nosso dia a dia. A importância<br />
social de ter o outro ao lado.<br />
<strong>Parte Técnica</strong> &#8211; Vídeo apresenta de forma simples uma narrativa que ajuda o público a entender o que está sendo narrado. O uso das máscaras e o fundo preto são alternativas que contribuem com a narrativa do vídeo .<br />
<strong>Debate</strong> &#8211; Relações Sociais; Amor Próprio.</p>
<p><iframe loading="lazy" title="Relações" width="700" height="394" src="https://www.youtube.com/embed/0NVzhU-E9Fw?feature=oembed" frameborder="0" allow="accelerometer; autoplay; clipboard-write; encrypted-media; gyroscope; picture-in-picture; web-share" allowfullscreen></iframe></p>

<p>Exiba estes vídeos para os seus alunos e debata com eles sobre o tema, como foi realizado, como o vídeo poderia ser melhorado. isso ajuda  o aluno a pensar (repensar) o tema do seu próximo vídeo. A Questão Temática central destes vídeos são sobre debates na questão social. vários vídeos feito por estudantes de escola&hellip;</p>
