{"id":580,"date":"2021-11-07T10:17:22","date_gmt":"2021-11-07T13:17:22","guid":{"rendered":"https:\/\/wp.ufpel.edu.br\/cineclube\/?page_id=580"},"modified":"2022-10-13T09:48:40","modified_gmt":"2022-10-13T12:48:40","slug":"empoderamento-feminino","status":"publish","type":"page","link":"https:\/\/wp.ufpel.edu.br\/cineclube\/empoderamento-feminino\/","title":{"rendered":"Empoderamento Feminino"},"content":{"rendered":"<p><iframe loading=\"lazy\" title=\"EU SOU ALICE Cinecamp 2\" width=\"700\" height=\"394\" src=\"https:\/\/www.youtube.com\/embed\/rosxTDdEROM?feature=oembed\" frameborder=\"0\" allow=\"accelerometer; autoplay; clipboard-write; encrypted-media; gyroscope; picture-in-picture\" allowfullscreen><\/iframe><\/p>\n<p>&nbsp;<\/p>\n<p><iframe loading=\"lazy\" title=\"O que \u00e9 o Ch\u00e1 das Meninas?\" width=\"700\" height=\"394\" src=\"https:\/\/www.youtube.com\/embed\/G8AoaRzI_ys?feature=oembed\" frameborder=\"0\" allow=\"accelerometer; autoplay; clipboard-write; encrypted-media; gyroscope; picture-in-picture\" allowfullscreen><\/iframe><\/p>\n<p>&nbsp;<\/p>\n<h3 class=\"title style-scope ytd-video-primary-info-renderer\">\u00a0A MULHER E O TEMPO &#8211; Col\u00e9gio Modelo Juazeiro BA &#8211; 3min<\/h3>\n<p>Um par\u00e2metro do ser antigamente \u201cBelas, Recatadas e do Lar\u201d ou a famosa \u201cRainha do Lar\u201d, para \u201cEla ser o que quiser pois ela tem o mesmo direito que o homem tem\u201d. (&#8230;)<\/p>\n<p><iframe loading=\"lazy\" title=\"Curta - A MULHER E O TEMPO - Col\u00e9gio Modelo Juazeiro BA\" width=\"700\" height=\"394\" src=\"https:\/\/www.youtube.com\/embed\/QjR8gwQe73E?feature=oembed\" frameborder=\"0\" allow=\"accelerometer; autoplay; clipboard-write; encrypted-media; gyroscope; picture-in-picture\" allowfullscreen><\/iframe><\/p>\n<p>&nbsp;<\/p>\n<p>Burcas &#8211; 3 min<\/p>\n<p>Para muitas mulheres ao redor do mundo, ficar em casa com o marido para evitar o coronav\u00edrus \u00e9 um pesadelo. No Brasil, a desprote\u00e7\u00e3o contra a viol\u00eancia dom\u00e9stica em tempos de isolamento se soma a uma s\u00e9rie de medidas n\u00e3o tomadas pelo governo federal para garantir padr\u00f5es dignos de vida \u00e0 popula\u00e7\u00e3o. Com uma linguagem po\u00e9tica reflexiva, e atrav\u00e9s de uma narrativa sens\u00edvel, o curta apresenta mensagens voltadas para a necessidade a se debater sobre um tema urgente, mas principalmente como uma ferramenta de combate a viol\u00eancia de g\u00eanero nos mais diversos espa\u00e7os da sociedade<\/p>\n<p><iframe loading=\"lazy\" title=\"BURCAS | Curta-metragem\/Performance\" width=\"700\" height=\"394\" src=\"https:\/\/www.youtube.com\/embed\/EArRS9JeqYE?feature=oembed\" frameborder=\"0\" allow=\"accelerometer; autoplay; clipboard-write; encrypted-media; gyroscope; picture-in-picture\" allowfullscreen><\/iframe><\/p>\n","protected":false},"excerpt":{"rendered":"<p>&nbsp; &nbsp; \u00a0A MULHER E O TEMPO &#8211; Col\u00e9gio Modelo Juazeiro BA &#8211; 3min Um par\u00e2metro do ser antigamente \u201cBelas, Recatadas e do Lar\u201d ou a famosa \u201cRainha do Lar\u201d, para \u201cEla ser o que quiser pois ela tem o mesmo direito que o homem tem\u201d. (&#8230;) &nbsp; Burcas &#8211; 3 min Para muitas mulheres&hellip;<\/p>\n","protected":false},"author":578,"featured_media":0,"parent":0,"menu_order":0,"comment_status":"closed","ping_status":"closed","template":"","meta":{"footnotes":""},"class_list":["post-580","page","type-page","status-publish","hentry"],"jetpack_sharing_enabled":true,"_links":{"self":[{"href":"https:\/\/wp.ufpel.edu.br\/cineclube\/wp-json\/wp\/v2\/pages\/580","targetHints":{"allow":["GET"]}}],"collection":[{"href":"https:\/\/wp.ufpel.edu.br\/cineclube\/wp-json\/wp\/v2\/pages"}],"about":[{"href":"https:\/\/wp.ufpel.edu.br\/cineclube\/wp-json\/wp\/v2\/types\/page"}],"author":[{"embeddable":true,"href":"https:\/\/wp.ufpel.edu.br\/cineclube\/wp-json\/wp\/v2\/users\/578"}],"replies":[{"embeddable":true,"href":"https:\/\/wp.ufpel.edu.br\/cineclube\/wp-json\/wp\/v2\/comments?post=580"}],"version-history":[{"count":6,"href":"https:\/\/wp.ufpel.edu.br\/cineclube\/wp-json\/wp\/v2\/pages\/580\/revisions"}],"predecessor-version":[{"id":616,"href":"https:\/\/wp.ufpel.edu.br\/cineclube\/wp-json\/wp\/v2\/pages\/580\/revisions\/616"}],"wp:attachment":[{"href":"https:\/\/wp.ufpel.edu.br\/cineclube\/wp-json\/wp\/v2\/media?parent=580"}],"curies":[{"name":"wp","href":"https:\/\/api.w.org\/{rel}","templated":true}]}}

<p><iframe loading="lazy" title="EU SOU ALICE Cinecamp 2" width="700" height="394" src="https://www.youtube.com/embed/rosxTDdEROM?feature=oembed" frameborder="0" allow="accelerometer; autoplay; clipboard-write; encrypted-media; gyroscope; picture-in-picture" allowfullscreen></iframe></p>
<p>&nbsp;</p>
<p><iframe loading="lazy" title="O que é o Chá das Meninas?" width="700" height="394" src="https://www.youtube.com/embed/G8AoaRzI_ys?feature=oembed" frameborder="0" allow="accelerometer; autoplay; clipboard-write; encrypted-media; gyroscope; picture-in-picture" allowfullscreen></iframe></p>
<p>&nbsp;</p>
<h3 class="title style-scope ytd-video-primary-info-renderer"> A MULHER E O TEMPO &#8211; Colégio Modelo Juazeiro BA &#8211; 3min</h3>
<p>Um parâmetro do ser antigamente “Belas, Recatadas e do Lar” ou a famosa “Rainha do Lar”, para “Ela ser o que quiser pois ela tem o mesmo direito que o homem tem”. (&#8230;)</p>
<p><iframe loading="lazy" title="Curta - A MULHER E O TEMPO - Colégio Modelo Juazeiro BA" width="700" height="394" src="https://www.youtube.com/embed/QjR8gwQe73E?feature=oembed" frameborder="0" allow="accelerometer; autoplay; clipboard-write; encrypted-media; gyroscope; picture-in-picture" allowfullscreen></iframe></p>
<p>&nbsp;</p>
<p>Burcas &#8211; 3 min</p>
<p>Para muitas mulheres ao redor do mundo, ficar em casa com o marido para evitar o coronavírus é um pesadelo. No Brasil, a desproteção contra a violência doméstica em tempos de isolamento se soma a uma série de medidas não tomadas pelo governo federal para garantir padrões dignos de vida à população. Com uma linguagem poética reflexiva, e através de uma narrativa sensível, o curta apresenta mensagens voltadas para a necessidade a se debater sobre um tema urgente, mas principalmente como uma ferramenta de combate a violência de gênero nos mais diversos espaços da sociedade</p>
<p><iframe loading="lazy" title="BURCAS | Curta-metragem/Performance" width="700" height="394" src="https://www.youtube.com/embed/EArRS9JeqYE?feature=oembed" frameborder="0" allow="accelerometer; autoplay; clipboard-write; encrypted-media; gyroscope; picture-in-picture" allowfullscreen></iframe></p>

<p>&nbsp; &nbsp;  A MULHER E O TEMPO &#8211; Colégio Modelo Juazeiro BA &#8211; 3min Um parâmetro do ser antigamente “Belas, Recatadas e do Lar” ou a famosa “Rainha do Lar”, para “Ela ser o que quiser pois ela tem o mesmo direito que o homem tem”. (&#8230;) &nbsp; Burcas &#8211; 3 min Para muitas mulheres&hellip;</p>
