{"id":533,"date":"2021-07-06T19:56:37","date_gmt":"2021-07-06T22:56:37","guid":{"rendered":"https:\/\/wp.ufpel.edu.br\/cineclube\/?page_id=533"},"modified":"2022-09-12T09:16:58","modified_gmt":"2022-09-12T12:16:58","slug":"cineclube-estudantil-online-ufpel","status":"publish","type":"page","link":"https:\/\/wp.ufpel.edu.br\/cineclube\/cineclube-estudantil-online-ufpel\/","title":{"rendered":"Cineclube Estudantil OnLine \/UFPel"},"content":{"rendered":"<p><a href=\"https:\/\/wp.ufpel.edu.br\/cineclube\/files\/2022\/09\/Captura-de-tela-2022-09-12-090942.jpg\"><img loading=\"lazy\" decoding=\"async\" class=\"alignnone size-full wp-image-612\" src=\"https:\/\/wp.ufpel.edu.br\/cineclube\/files\/2022\/09\/Captura-de-tela-2022-09-12-090942.jpg\" alt=\"\" width=\"483\" height=\"688\" srcset=\"https:\/\/wp.ufpel.edu.br\/cineclube\/files\/2022\/09\/Captura-de-tela-2022-09-12-090942.jpg 483w, https:\/\/wp.ufpel.edu.br\/cineclube\/files\/2022\/09\/Captura-de-tela-2022-09-12-090942-281x400.jpg 281w\" sizes=\"auto, (max-width: 483px) 100vw, 483px\" \/><\/a><\/p>\n<p style=\"text-align: justify;\"><span style=\"font-size: 14pt;\"><span class=\"style-scope yt-formatted-string\" dir=\"auto\">Estamos lan\u00e7ando o terceiro boletim do cineclube Estudantil online onde apresentamos dois curtas por n\u00edvel escolar. V\u00eddeo feito por outros alunos. Recomendamos a voc\u00ea ver o curta e passar para os seus alunos para incentivar a produ\u00e7\u00e3o de v\u00eddeo dentro do espa\u00e7o escolar. Para receber mensalmente este boletim, por favor, fa\u00e7a o seu cadastro no link Inscri\u00e7\u00e3o do Boletim OnLine <\/span><\/span><\/p>\n<p style=\"text-align: justify;\"><span style=\"font-size: 14pt;\"><a class=\"yt-simple-endpoint style-scope yt-formatted-string\" href=\"https:\/\/www.youtube.com\/redirect?event=video_description&amp;redir_token=QUFFLUhqa0Q4ZG9EX0cyUmJMZUZHWl9HRkNiSDYwSEVDQXxBQ3Jtc0tsQUNkUnVORVZ5R3JMeFM1ck9XZ2twNDFpcWxBWllpRGlrT1NXS2xiejdiTGpUd2FuSmhUVk1yWUpnbHVyYkNOdXVUNm1UNlRzSUdaZjNib2I3RWJYUU53a2NuNUNES3pvLTdSalY2T2h1ZmhxOUZVSQ&amp;q=https%3A%2F%2Fdocs.google.com%2Fforms%2Fd%2Fe%2F1FAIpQLSd2jajzuSpqSpOrywsWik-tNMgltoyFdyrMIvl1pLZU81yvpw%2Fviewform\" target=\"_blank\" rel=\"nofollow noopener\">Formul\u00e1rio de inscri\u00e7\u00e3o\u00a0<\/a><\/span><\/p>\n<h2 style=\"text-align: justify;\"><span style=\"font-size: 14pt;\">Baixar o &#8211; <a href=\"https:\/\/wp.ufpel.edu.br\/cineclube\/files\/2022\/09\/boletim_3.pdf\">\u00a0Cineclube Estudantil<\/a><\/span><\/h2>\n<p><a href=\"https:\/\/wp.ufpel.edu.br\/cineclube\/files\/2022\/07\/Captura-de-tela-2022-07-04-154606.jpg\"><img loading=\"lazy\" decoding=\"async\" class=\"alignnone size-full wp-image-605\" src=\"https:\/\/wp.ufpel.edu.br\/cineclube\/files\/2022\/07\/Captura-de-tela-2022-07-04-154606.jpg\" alt=\"\" width=\"662\" height=\"852\" srcset=\"https:\/\/wp.ufpel.edu.br\/cineclube\/files\/2022\/07\/Captura-de-tela-2022-07-04-154606.jpg 662w, https:\/\/wp.ufpel.edu.br\/cineclube\/files\/2022\/07\/Captura-de-tela-2022-07-04-154606-311x400.jpg 311w\" sizes=\"auto, (max-width: 662px) 100vw, 662px\" \/><\/a><\/p>\n<p>&nbsp;<\/p>\n","protected":false},"excerpt":{"rendered":"<p>Estamos lan\u00e7ando o terceiro boletim do cineclube Estudantil online onde apresentamos dois curtas por n\u00edvel escolar. V\u00eddeo feito por outros alunos. Recomendamos a voc\u00ea ver o curta e passar para os seus alunos para incentivar a produ\u00e7\u00e3o de v\u00eddeo dentro do espa\u00e7o escolar. Para receber mensalmente este boletim, por favor, fa\u00e7a o seu cadastro no&hellip;<\/p>\n","protected":false},"author":578,"featured_media":0,"parent":0,"menu_order":0,"comment_status":"closed","ping_status":"closed","template":"","meta":{"footnotes":""},"class_list":["post-533","page","type-page","status-publish","hentry"],"jetpack_sharing_enabled":true,"_links":{"self":[{"href":"https:\/\/wp.ufpel.edu.br\/cineclube\/wp-json\/wp\/v2\/pages\/533","targetHints":{"allow":["GET"]}}],"collection":[{"href":"https:\/\/wp.ufpel.edu.br\/cineclube\/wp-json\/wp\/v2\/pages"}],"about":[{"href":"https:\/\/wp.ufpel.edu.br\/cineclube\/wp-json\/wp\/v2\/types\/page"}],"author":[{"embeddable":true,"href":"https:\/\/wp.ufpel.edu.br\/cineclube\/wp-json\/wp\/v2\/users\/578"}],"replies":[{"embeddable":true,"href":"https:\/\/wp.ufpel.edu.br\/cineclube\/wp-json\/wp\/v2\/comments?post=533"}],"version-history":[{"count":7,"href":"https:\/\/wp.ufpel.edu.br\/cineclube\/wp-json\/wp\/v2\/pages\/533\/revisions"}],"predecessor-version":[{"id":613,"href":"https:\/\/wp.ufpel.edu.br\/cineclube\/wp-json\/wp\/v2\/pages\/533\/revisions\/613"}],"wp:attachment":[{"href":"https:\/\/wp.ufpel.edu.br\/cineclube\/wp-json\/wp\/v2\/media?parent=533"}],"curies":[{"name":"wp","href":"https:\/\/api.w.org\/{rel}","templated":true}]}}

<p><a href="https://wp.ufpel.edu.br/cineclube/files/2022/09/Captura-de-tela-2022-09-12-090942.jpg"><img loading="lazy" decoding="async" class="alignnone size-full wp-image-612" src="https://wp.ufpel.edu.br/cineclube/files/2022/09/Captura-de-tela-2022-09-12-090942.jpg" alt="" width="483" height="688" srcset="https://wp.ufpel.edu.br/cineclube/files/2022/09/Captura-de-tela-2022-09-12-090942.jpg 483w, https://wp.ufpel.edu.br/cineclube/files/2022/09/Captura-de-tela-2022-09-12-090942-281x400.jpg 281w" sizes="auto, (max-width: 483px) 100vw, 483px" /></a></p>
<p style="text-align: justify;"><span style="font-size: 14pt;"><span class="style-scope yt-formatted-string" dir="auto">Estamos lançando o terceiro boletim do cineclube Estudantil online onde apresentamos dois curtas por nível escolar. Vídeo feito por outros alunos. Recomendamos a você ver o curta e passar para os seus alunos para incentivar a produção de vídeo dentro do espaço escolar. Para receber mensalmente este boletim, por favor, faça o seu cadastro no link Inscrição do Boletim OnLine </span></span></p>
<p style="text-align: justify;"><span style="font-size: 14pt;"><a class="yt-simple-endpoint style-scope yt-formatted-string" href="https://www.youtube.com/redirect?event=video_description&amp;redir_token=QUFFLUhqa0Q4ZG9EX0cyUmJMZUZHWl9HRkNiSDYwSEVDQXxBQ3Jtc0tsQUNkUnVORVZ5R3JMeFM1ck9XZ2twNDFpcWxBWllpRGlrT1NXS2xiejdiTGpUd2FuSmhUVk1yWUpnbHVyYkNOdXVUNm1UNlRzSUdaZjNib2I3RWJYUU53a2NuNUNES3pvLTdSalY2T2h1ZmhxOUZVSQ&amp;q=https%3A%2F%2Fdocs.google.com%2Fforms%2Fd%2Fe%2F1FAIpQLSd2jajzuSpqSpOrywsWik-tNMgltoyFdyrMIvl1pLZU81yvpw%2Fviewform" target="_blank" rel="nofollow noopener">Formulário de inscrição </a></span></p>
<h2 style="text-align: justify;"><span style="font-size: 14pt;">Baixar o &#8211; <a href="https://wp.ufpel.edu.br/cineclube/files/2022/09/boletim_3.pdf"> Cineclube Estudantil</a></span></h2>
<p><a href="https://wp.ufpel.edu.br/cineclube/files/2022/07/Captura-de-tela-2022-07-04-154606.jpg"><img loading="lazy" decoding="async" class="alignnone size-full wp-image-605" src="https://wp.ufpel.edu.br/cineclube/files/2022/07/Captura-de-tela-2022-07-04-154606.jpg" alt="" width="662" height="852" srcset="https://wp.ufpel.edu.br/cineclube/files/2022/07/Captura-de-tela-2022-07-04-154606.jpg 662w, https://wp.ufpel.edu.br/cineclube/files/2022/07/Captura-de-tela-2022-07-04-154606-311x400.jpg 311w" sizes="auto, (max-width: 662px) 100vw, 662px" /></a></p>
<p>&nbsp;</p>

<p>Estamos lançando o terceiro boletim do cineclube Estudantil online onde apresentamos dois curtas por nível escolar. Vídeo feito por outros alunos. Recomendamos a você ver o curta e passar para os seus alunos para incentivar a produção de vídeo dentro do espaço escolar. Para receber mensalmente este boletim, por favor, faça o seu cadastro no&hellip;</p>
