{"id":480,"date":"2021-05-31T18:39:40","date_gmt":"2021-05-31T21:39:40","guid":{"rendered":"https:\/\/wp.ufpel.edu.br\/cineclube\/?page_id=480"},"modified":"2021-06-03T17:25:21","modified_gmt":"2021-06-03T20:25:21","slug":"cineclube-estudantil-on-line","status":"publish","type":"page","link":"https:\/\/wp.ufpel.edu.br\/cineclube\/cineclube-estudantil-on-line\/","title":{"rendered":"Cineclube Estudantil On Line"},"content":{"rendered":"<p><b>Boletim Cineclube Estudantil\u00a0<\/b><\/p>\n<p><span style=\"font-weight: 400\">Esta p\u00e1gina apresenta v\u00eddeos que podem ajudar no desenvolvimento de atividades junto a seus alunos para futuras produ\u00e7\u00f5es em v\u00eddeo. Aproveitem o material para desenvolver as habilidades e as compet\u00eancias de seus alunos.<\/span><\/p>\n<p><span style=\"font-weight: 400\"> Para que possam organizar cada a\u00e7\u00e3o, deixamos v\u00eddeos divididos por categorias: Ensino Fundamental e Ensino M\u00e9dio. Escolha um que tenha assunto de seu interesse para que ele possa ser levado \u00e0 discuss\u00e3o em sala de aula.<\/span><\/p>\n<p><iframe loading=\"lazy\" title=\"Cineclube Estudantil On Line\" width=\"700\" height=\"394\" src=\"https:\/\/www.youtube.com\/embed\/YRH39gV9EZE?feature=oembed\" frameborder=\"0\" allow=\"accelerometer; autoplay; clipboard-write; encrypted-media; gyroscope; picture-in-picture\" allowfullscreen><\/iframe><\/p>\n<p><span style=\"font-size: 14pt\">Click na imagem para baixar o <strong>Arquivo do Boletim<\/strong> para escolher os curtas que seus alunos ir\u00e3o assistir. Depois envie para os alunos o<strong> formul\u00e1rio para os alunos<\/strong> preencherem sobre suas sensa\u00e7\u00f5es sobre o curta.\u00a0<\/span><\/p>\n<p><a href=\"https:\/\/wp.ufpel.edu.br\/cineclube\/files\/2021\/06\/boletim-1-2.pdf\" target=\"_blank\" rel=\"noopener\">\u00a0<img loading=\"lazy\" decoding=\"async\" class=\"wp-image-493 alignleft\" src=\"https:\/\/wp.ufpel.edu.br\/cineclube\/files\/2021\/06\/foto-1a.jpg\" alt=\"\" width=\"443\" height=\"114\" srcset=\"https:\/\/wp.ufpel.edu.br\/cineclube\/files\/2021\/06\/foto-1a.jpg 723w, https:\/\/wp.ufpel.edu.br\/cineclube\/files\/2021\/06\/foto-1a-400x103.jpg 400w\" sizes=\"auto, (max-width: 443px) 100vw, 443px\" \/> \u00a0<\/a><\/p>\n<p><a href=\"https:\/\/forms.gle\/shVNpUpkFb5KXPq78\" target=\"_blank\" rel=\"noopener\">Formul\u00e1rio para os alunos do Boletim 1 &#8211;<\/a> enviar para seus alunos<\/p>\n<p>&nbsp;<\/p>\n<p><a href=\"https:\/\/wp.ufpel.edu.br\/cineclube\/files\/2021\/06\/boletim-2-1.pdf\" target=\"_blank\" rel=\"noopener\"><img loading=\"lazy\" decoding=\"async\" class=\"wp-image-494 alignleft\" src=\"https:\/\/wp.ufpel.edu.br\/cineclube\/files\/2021\/06\/foto-2a.jpg\" alt=\"\" width=\"441\" height=\"114\" srcset=\"https:\/\/wp.ufpel.edu.br\/cineclube\/files\/2021\/06\/foto-2a.jpg 723w, https:\/\/wp.ufpel.edu.br\/cineclube\/files\/2021\/06\/foto-2a-400x103.jpg 400w\" sizes=\"auto, (max-width: 441px) 100vw, 441px\" \/><\/a><\/p>\n<p>&nbsp;<\/p>\n<p><a href=\"https:\/\/forms.gle\/p5Ggf879SXMUdXxz7\" target=\"_blank\" rel=\"noopener\">Formul\u00e1rio para os alunos do Boletim 2<\/a> &#8211; enviar para seus alunos<\/p>\n<p>&nbsp;<\/p>\n<p><a href=\"https:\/\/wp.ufpel.edu.br\/cineclube\/files\/2021\/06\/boletim-3-2.pdf\" target=\"_blank\" rel=\"noopener\"><img loading=\"lazy\" decoding=\"async\" class=\"wp-image-495 alignleft\" src=\"https:\/\/wp.ufpel.edu.br\/cineclube\/files\/2021\/06\/foto-3a.jpg\" alt=\"\" width=\"439\" height=\"113\" srcset=\"https:\/\/wp.ufpel.edu.br\/cineclube\/files\/2021\/06\/foto-3a.jpg 723w, https:\/\/wp.ufpel.edu.br\/cineclube\/files\/2021\/06\/foto-3a-400x103.jpg 400w\" sizes=\"auto, (max-width: 439px) 100vw, 439px\" \/><\/a><\/p>\n<p>&nbsp;<\/p>\n<p><a href=\"https:\/\/forms.gle\/SPFmHsNgSo8A9SRB6\" target=\"_blank\" rel=\"noopener\">Formul\u00e1rio para os alunos do Boletim 3<\/a> &#8211; enviar para seus alunos<\/p>\n<p>&nbsp;<\/p>\n<p>&nbsp;<\/p>\n<p>Fa\u00e7a o seu cadastro para que possamos orientar voc\u00ea professor na realiza\u00e7\u00e3o deste cineclube Estudantil<\/p>\n<p><a href=\"https:\/\/forms.gle\/JHCqX5JCDrJi7GWL8\" target=\"_blank\" rel=\"noopener\">Link para cadastro do cineclube estudantil<\/a><\/p>\n<table style=\"border-collapse: collapse;width: 100%\" border=\"1\">\n<tbody>\n<tr>\n<td style=\"width: 100%;text-align: center\"><span style=\"background-color: #ffff00\"><strong style=\"font-family: 'Helvetica Neue', Helvetica, Arial, sans-serif;font-size: 13px;font-style: normal;background-color: #ffff00\"><span style=\"font-size: 12pt;background-color: #ffff00\">JUNHO\u00a0<\/span><\/strong><\/span><\/td>\n<\/tr>\n<\/tbody>\n<\/table>\n<p><strong>Dia 03 de junho<\/strong> &#8211;\u00a0 inicio do projeto envio do material para os professores<\/p>\n<p>Exibi\u00e7\u00e3o para os alunos durante o m\u00eas de junho<\/p>\n<p><strong>Dia 14 de junho<\/strong> &#8211; Enviar para os alunos o link dos v\u00eddeos escolhidos no boletim 1 e o formul\u00e1rio\u00a0 1 para os alunos preencherem (n\u00e3o obrigat\u00f3rio)<\/p>\n<p><strong>Dia 21 de junho<\/strong> &#8211; Enviar para os alunos o link dos v\u00eddeos escolhidos no boletim 2 e o formul\u00e1rio\u00a0 2 para os alunos preencherem (n\u00e3o obrigat\u00f3rio)<\/p>\n<p><strong>Dia 28 de junho<\/strong> &#8211; Enviar para os alunos o link dos v\u00eddeos escolhidos no boletim 3 e o formul\u00e1rio\u00a0 3 para os alunos preencherem (n\u00e3o obrigat\u00f3rio)<\/p>\n<p>&nbsp;<\/p>\n<table style=\"border-collapse: collapse;width: 100%\" border=\"1\">\n<tbody>\n<tr>\n<td style=\"width: 684px;text-align: center\"><span style=\"background-color: #ffff00\"><strong style=\"font-family: 'Helvetica Neue', Helvetica, Arial, sans-serif;font-size: 13px;font-style: normal;background-color: #ffff00\"><span style=\"font-size: 12pt;background-color: #ffff00\">JULHO\u00a0<\/span><\/strong><\/span><\/td>\n<\/tr>\n<\/tbody>\n<\/table>\n<p>Entre o <strong>dia 12 e 25 de julho<\/strong> o docente realiza reuni\u00e3o com os alunos para debater como foi o cineclube e o que gostaram e os motivos. De prefer\u00eancia gravar, mesmo em \u00e1udio esse encontro.<\/p>\n<p><span style=\"font-weight: 400\"><strong>Dia 26 de julho<\/strong> reuni\u00e3o co<\/span><span style=\"font-weight: 400\">m o grupo de pesquisa para apresentar as suas inten\u00e7\u00f5es sobre o projeto.\u00a0<\/span><\/p>\n<p>&nbsp;<\/p>\n<p>&nbsp;<\/p>\n","protected":false},"excerpt":{"rendered":"<p>Boletim Cineclube Estudantil\u00a0 Esta p\u00e1gina apresenta v\u00eddeos que podem ajudar no desenvolvimento de atividades junto a seus alunos para futuras produ\u00e7\u00f5es em v\u00eddeo. Aproveitem o material para desenvolver as habilidades e as compet\u00eancias de seus alunos. Para que possam organizar cada a\u00e7\u00e3o, deixamos v\u00eddeos divididos por categorias: Ensino Fundamental e Ensino M\u00e9dio. Escolha um que&hellip;<\/p>\n","protected":false},"author":578,"featured_media":0,"parent":0,"menu_order":0,"comment_status":"closed","ping_status":"closed","template":"","meta":{"footnotes":""},"class_list":["post-480","page","type-page","status-publish","hentry"],"jetpack_sharing_enabled":true,"_links":{"self":[{"href":"https:\/\/wp.ufpel.edu.br\/cineclube\/wp-json\/wp\/v2\/pages\/480","targetHints":{"allow":["GET"]}}],"collection":[{"href":"https:\/\/wp.ufpel.edu.br\/cineclube\/wp-json\/wp\/v2\/pages"}],"about":[{"href":"https:\/\/wp.ufpel.edu.br\/cineclube\/wp-json\/wp\/v2\/types\/page"}],"author":[{"embeddable":true,"href":"https:\/\/wp.ufpel.edu.br\/cineclube\/wp-json\/wp\/v2\/users\/578"}],"replies":[{"embeddable":true,"href":"https:\/\/wp.ufpel.edu.br\/cineclube\/wp-json\/wp\/v2\/comments?post=480"}],"version-history":[{"count":10,"href":"https:\/\/wp.ufpel.edu.br\/cineclube\/wp-json\/wp\/v2\/pages\/480\/revisions"}],"predecessor-version":[{"id":501,"href":"https:\/\/wp.ufpel.edu.br\/cineclube\/wp-json\/wp\/v2\/pages\/480\/revisions\/501"}],"wp:attachment":[{"href":"https:\/\/wp.ufpel.edu.br\/cineclube\/wp-json\/wp\/v2\/media?parent=480"}],"curies":[{"name":"wp","href":"https:\/\/api.w.org\/{rel}","templated":true}]}}