{"id":44,"date":"2019-08-19T20:43:27","date_gmt":"2019-08-19T23:43:27","guid":{"rendered":"https:\/\/wp.ufpel.edu.br\/cineclube\/?page_id=44"},"modified":"2022-11-09T17:19:47","modified_gmt":"2022-11-09T20:19:47","slug":"homofobia","status":"publish","type":"page","link":"https:\/\/wp.ufpel.edu.br\/cineclube\/tematicas\/homofobia\/","title":{"rendered":"Homofobia"},"content":{"rendered":"<p><strong>Amor Verdadeiro &#8211; Meu Olhar est\u00e1 com voc\u00ea<\/strong><\/p>\n<p>Ana e Joana s\u00e3o grandes amigas, mas para Joana algo est\u00e1 mexendo consigo nessa amizade t\u00e3o pr\u00f3xima. E Ana o que sente sobre isso?<\/p>\n<p><iframe loading=\"lazy\" title=\"#amor verdadeiro - Meu olhar esta em voc\u00ea\" width=\"700\" height=\"394\" src=\"https:\/\/www.youtube.com\/embed\/nbR5p8OVQOc?feature=oembed\" frameborder=\"0\" allow=\"accelerometer; autoplay; clipboard-write; encrypted-media; gyroscope; picture-in-picture\" allowfullscreen><\/iframe><\/p>\n<p>&nbsp;<\/p>\n<p>Uma jovem decide suicidar-se ap\u00f3s ser impedida de continuar namorando.<\/p>\n<p><iframe loading=\"lazy\" title=\"Um meio para um fim\" width=\"700\" height=\"394\" src=\"https:\/\/www.youtube.com\/embed\/0Ma38JtfU8A?feature=oembed\" frameborder=\"0\" allow=\"accelerometer; autoplay; clipboard-write; encrypted-media; gyroscope; picture-in-picture\" allowfullscreen><\/iframe><\/p>\n<p>&nbsp;<\/p>\n<p>&nbsp;<\/p>\n<p><strong>Fr\u00e1gil &#8211; 13m\u00a0<\/strong><\/p>\n<p>Ariel \u00e9 um menino que enfrenta muitas brincadeiras e piadinhas na escola e tamb\u00e9m em casa. Isso porque ele n\u00e3o se enquadra no chamado perfil t\u00edpico de masculinidade. O rapaz tem mais amigas e n\u00e3o gosta de esportes. As dificuldades familiares e no ambiente escolar p\u00f5e em xeque os padr\u00f5es de masculinidade.<\/p>\n<p><iframe loading=\"lazy\" title=\"Fr\u00e1gil\" width=\"700\" height=\"394\" src=\"https:\/\/www.youtube.com\/embed\/RsU-Zlzd0Qc?feature=oembed\" frameborder=\"0\" allow=\"accelerometer; autoplay; clipboard-write; encrypted-media; gyroscope; picture-in-picture\" allowfullscreen><\/iframe><\/p>\n<p><strong><span style=\"color: #800080;\">Mal Me Quer &amp; Bem Me Quer<\/span><\/strong> &#8211; 6\u2019 10\u2019\u2019<br \/>\n<strong>Resumo<\/strong> &#8211; Menino busca sua aceita\u00e7\u00e3o como homossexual e encontra outro menino com dilemas parecidos.<br \/>\n<strong>Parte T\u00e9cnica<\/strong> &#8211; Simbologias utilizadas como a flor no in\u00edcio e no fim do v\u00eddeo. Bem decupado. Narrativa funcionou.<br \/>\n<strong>Debate<\/strong> &#8211; Homofobia; Aceita\u00e7\u00e3o.<\/p>\n<p><iframe loading=\"lazy\" title=\"32 - MAL ME QUER  &amp;  BEM ME QUER\" width=\"700\" height=\"394\" src=\"https:\/\/www.youtube.com\/embed\/iBpqh5uMyM8?feature=oembed\" frameborder=\"0\" allow=\"accelerometer; autoplay; clipboard-write; encrypted-media; gyroscope; picture-in-picture\" allowfullscreen><\/iframe><\/p>\n<p><strong><span style=\"color: #800080;\">Op\u00e7\u00e3o Sexual<\/span><\/strong> &#8211; 5\u2019 51\u2019<br \/>\n<strong>Resumo <\/strong>&#8211; Uma menina \u00e9 apaixonada por sua colega e inicialmente seu pai n\u00e3o aceita.<br \/>\n<strong>Parte T\u00e9cnica<\/strong> &#8211; Video feito com fotos e narra\u00e7\u00e3o.<br \/>\n<strong>Debate<\/strong> &#8211; Aceita\u00e7\u00e3o; Di\u00e1logo; Sexualidade.<\/p>\n<p><iframe loading=\"lazy\" title=\"OP\u00c7\u00c3O SEXUAL\" width=\"700\" height=\"525\" src=\"https:\/\/www.youtube.com\/embed\/t0ZTOD6BC_g?feature=oembed\" frameborder=\"0\" allow=\"accelerometer; autoplay; clipboard-write; encrypted-media; gyroscope; picture-in-picture\" allowfullscreen><\/iframe><\/p>\n<p><strong><span style=\"color: #800080;\">Todo Amor \u00e9 V\u00e1lido<\/span><\/strong> &#8211; 5\u2019 10\u2019\u2019<br \/>\n<strong>Resumo<\/strong> &#8211; O clipe debate a homofobia dentro da nossa sociedade.<br \/>\n<strong>Parte T\u00e9cnica<\/strong> &#8211; O clipe apresenta uma boa narrativa dentro do aspecto educacional com v\u00e1rios planos e imagens da cidade e de fundo a hist\u00f3ria entre as duas meninas.<br \/>\n<strong>Debate<\/strong> &#8211; Homofobia; Pol\u00edtica.<\/p>\n<p><iframe loading=\"lazy\" title=\"TODO AMOR \u00c9 V\u00c1LIDO - BETH\u00c2NIA GUIMAR\u00c3ES\" width=\"700\" height=\"394\" src=\"https:\/\/www.youtube.com\/embed\/T2RrDKLb4HE?feature=oembed\" frameborder=\"0\" allow=\"accelerometer; autoplay; clipboard-write; encrypted-media; gyroscope; picture-in-picture\" allowfullscreen><\/iframe><\/p>\n<p><strong><span style=\"color: #800080;\">Macho Man<\/span><\/strong> &#8211; 5\u2019 25\u2019\u2019<br \/>\n<strong>Resumo<\/strong> &#8211; Videoclipe debatendo homofobia ao apresentar alunos performando a m\u00fasica \u201cMacho Man\u2019\u2019<br \/>\n<strong>Parte T\u00e9cnica<\/strong> &#8211; Simbologia do arm\u00e1rio = alunos saindo do arm\u00e1rio.<br \/>\n<strong>Debate<\/strong> &#8211; Aceita\u00e7\u00e3o; Homofobia.<\/p>\n<p><iframe loading=\"lazy\" title=\"Macho Man\" width=\"700\" height=\"525\" src=\"https:\/\/www.youtube.com\/embed\/1gtfB690TTA?feature=oembed\" frameborder=\"0\" allow=\"accelerometer; autoplay; clipboard-write; encrypted-media; gyroscope; picture-in-picture\" allowfullscreen><\/iframe><\/p>\n","protected":false},"excerpt":{"rendered":"<p>Amor Verdadeiro &#8211; Meu Olhar est\u00e1 com voc\u00ea Ana e Joana s\u00e3o grandes amigas, mas para Joana algo est\u00e1 mexendo consigo nessa amizade t\u00e3o pr\u00f3xima. E Ana o que sente sobre isso? &nbsp; Uma jovem decide suicidar-se ap\u00f3s ser impedida de continuar namorando. &nbsp; &nbsp; Fr\u00e1gil &#8211; 13m\u00a0 Ariel \u00e9 um menino que enfrenta muitas&hellip;<\/p>\n","protected":false},"author":578,"featured_media":0,"parent":16,"menu_order":0,"comment_status":"closed","ping_status":"closed","template":"","meta":{"footnotes":""},"class_list":["post-44","page","type-page","status-publish","hentry"],"jetpack_sharing_enabled":true,"_links":{"self":[{"href":"https:\/\/wp.ufpel.edu.br\/cineclube\/wp-json\/wp\/v2\/pages\/44","targetHints":{"allow":["GET"]}}],"collection":[{"href":"https:\/\/wp.ufpel.edu.br\/cineclube\/wp-json\/wp\/v2\/pages"}],"about":[{"href":"https:\/\/wp.ufpel.edu.br\/cineclube\/wp-json\/wp\/v2\/types\/page"}],"author":[{"embeddable":true,"href":"https:\/\/wp.ufpel.edu.br\/cineclube\/wp-json\/wp\/v2\/users\/578"}],"replies":[{"embeddable":true,"href":"https:\/\/wp.ufpel.edu.br\/cineclube\/wp-json\/wp\/v2\/comments?post=44"}],"version-history":[{"count":8,"href":"https:\/\/wp.ufpel.edu.br\/cineclube\/wp-json\/wp\/v2\/pages\/44\/revisions"}],"predecessor-version":[{"id":629,"href":"https:\/\/wp.ufpel.edu.br\/cineclube\/wp-json\/wp\/v2\/pages\/44\/revisions\/629"}],"up":[{"embeddable":true,"href":"https:\/\/wp.ufpel.edu.br\/cineclube\/wp-json\/wp\/v2\/pages\/16"}],"wp:attachment":[{"href":"https:\/\/wp.ufpel.edu.br\/cineclube\/wp-json\/wp\/v2\/media?parent=44"}],"curies":[{"name":"wp","href":"https:\/\/api.w.org\/{rel}","templated":true}]}}