{"id":279,"date":"2019-11-14T20:08:35","date_gmt":"2019-11-14T23:08:35","guid":{"rendered":"https:\/\/wp.ufpel.edu.br\/cineclube\/?page_id=279"},"modified":"2020-04-27T17:16:02","modified_gmt":"2020-04-27T20:16:02","slug":"para-professores","status":"publish","type":"page","link":"https:\/\/wp.ufpel.edu.br\/cineclube\/para-professores\/","title":{"rendered":"Para professores"},"content":{"rendered":"<p><iframe loading=\"lazy\" title=\"Audiovisual e a Diversidade na Escola\" width=\"700\" height=\"394\" src=\"https:\/\/www.youtube.com\/embed\/KaJUBL0AwfU?feature=oembed\" frameborder=\"0\" allow=\"accelerometer; autoplay; encrypted-media; gyroscope; picture-in-picture\" allowfullscreen><\/iframe><\/p>\n<p>&nbsp;<\/p>\n<p>Professor Claudio Garcia<\/p>\n<p><iframe loading=\"lazy\" title=\"Professor produtor - Claudio Garcia\" width=\"700\" height=\"394\" src=\"https:\/\/www.youtube.com\/embed\/bhqn-N6MQds?feature=oembed\" frameborder=\"0\" allow=\"accelerometer; autoplay; encrypted-media; gyroscope; picture-in-picture\" allowfullscreen><\/iframe><\/p>\n<p>&nbsp;<\/p>\n<p>Professora Lidia arruda<\/p>\n<p>&nbsp;<\/p>\n<p><iframe loading=\"lazy\" title=\"Professor produtor - L\u00eddia Santos Arruda\" width=\"700\" height=\"394\" src=\"https:\/\/www.youtube.com\/embed\/8nEL7bsgea0?feature=oembed\" frameborder=\"0\" allow=\"accelerometer; autoplay; encrypted-media; gyroscope; picture-in-picture\" allowfullscreen><\/iframe><\/p>\n<p>&nbsp;<\/p>\n<p>Luiz Claudio Motta<\/p>\n<p><iframe loading=\"lazy\" title=\"Professor produtor - Luiz Claudio Motta Lima\" width=\"700\" height=\"394\" src=\"https:\/\/www.youtube.com\/embed\/gmiXLISU3ak?feature=oembed\" frameborder=\"0\" allow=\"accelerometer; autoplay; encrypted-media; gyroscope; picture-in-picture\" allowfullscreen><\/iframe><\/p>\n<p>&nbsp;<\/p>\n<p>&nbsp;<\/p>\n<p><span style=\"color: #800080\"><strong>Com<\/strong><\/span><span style=\"color: #800080\"><strong>o fazer um v\u00eddeo em sala de aula?<\/strong><\/span> \u2013 15&#8242; 23&#8243;<\/p>\n<p><iframe loading=\"lazy\" title=\"Para professores: Como fazer um v\u00eddeo em sala de aula?\" width=\"700\" height=\"394\" src=\"https:\/\/www.youtube.com\/embed\/T42qZ1-VNw4?feature=oembed\" frameborder=\"0\" allow=\"accelerometer; autoplay; encrypted-media; gyroscope; picture-in-picture\" allowfullscreen><\/iframe><\/p>\n<p><strong><span style=\"color: #800080\">No meio do caminho<\/span> <\/strong>&#8211; 0&#8217;53&#8221;<\/p>\n<p><iframe loading=\"lazy\" title=\"No meio do caminho - Roteiro Adaptado - V\u00eddeo Professores 2019\" width=\"700\" height=\"394\" src=\"https:\/\/www.youtube.com\/embed\/WuN54wJ5YIo?feature=oembed\" frameborder=\"0\" allow=\"accelerometer; autoplay; encrypted-media; gyroscope; picture-in-picture\" allowfullscreen><\/iframe><\/p>\n<p><span style=\"color: #800080\"><strong>Colcha de Retalhos<\/strong> <\/span>&#8211; 9&#8217;22&#8221;<br \/>\n<strong>Resumo<\/strong> &#8211; D<span style=\"font-weight: 400\">epoimento de alunos de uma escola publica sobre suas experi\u00eancias.<br \/>\n<strong>Debate<\/strong> &#8211; Debater sobre as dificuldades de cada pessoa.<\/span><\/p>\n<p><span style=\"font-weight: 400\"><span style=\"color: #800080\"><strong>Rosielson Soares &#8211; Apresentando o projeto<\/strong><\/span> &#8211; 4&#8217;18&#8221;<br \/>\n<strong>Resumo<\/strong> &#8211; Como o professor pode trabalhar com projeto de v\u00eddeo dentro do espa\u00e7o escolar.<br \/>\n<\/span><span style=\"font-weight: 400\"><strong>Debate<\/strong> &#8211; Fazer v\u00eddeo dentro de projeto o n sala de aula em conjunto com os conte\u00fados program\u00e1ticos.<\/span><\/p>\n<p><iframe loading=\"lazy\" title=\"Rosielson Soares - Apresentando o projeto\" width=\"700\" height=\"394\" src=\"https:\/\/www.youtube.com\/embed\/Q7oImeNlkR4?feature=oembed\" frameborder=\"0\" allow=\"accelerometer; autoplay; encrypted-media; gyroscope; picture-in-picture\" allowfullscreen><\/iframe><\/p>\n<p><span style=\"color: #800080\"><strong>C\u00e2ncer cuidado com essa palavra<\/strong><\/span> &#8211; 19&#8217;08&#8221;<br \/>\n<strong>Resumo<\/strong> &#8211; A<span style=\"font-weight: 400\">lunos representam v\u00eddeo sobre o c\u00e2ncer com depoimentos de pessoas que passaram por isso.<br \/>\n<\/span><strong>Debate<\/strong> &#8211; D<span style=\"font-weight: 400\">ebater com os alunos sobre os problemas de c\u00e2ncer na vida das pessoas.<\/span><\/p>\n","protected":false},"excerpt":{"rendered":"<p>&nbsp; Professor Claudio Garcia &nbsp; Professora Lidia arruda &nbsp; &nbsp; Luiz Claudio Motta &nbsp; &nbsp; Como fazer um v\u00eddeo em sala de aula? \u2013 15&#8242; 23&#8243; No meio do caminho &#8211; 0&#8217;53&#8221; Colcha de Retalhos &#8211; 9&#8217;22&#8221; Resumo &#8211; Depoimento de alunos de uma escola publica sobre suas experi\u00eancias. Debate &#8211; Debater sobre as dificuldades&hellip;<\/p>\n","protected":false},"author":578,"featured_media":0,"parent":0,"menu_order":0,"comment_status":"closed","ping_status":"closed","template":"","meta":{"footnotes":""},"class_list":["post-279","page","type-page","status-publish","hentry"],"jetpack_sharing_enabled":true,"_links":{"self":[{"href":"https:\/\/wp.ufpel.edu.br\/cineclube\/wp-json\/wp\/v2\/pages\/279","targetHints":{"allow":["GET"]}}],"collection":[{"href":"https:\/\/wp.ufpel.edu.br\/cineclube\/wp-json\/wp\/v2\/pages"}],"about":[{"href":"https:\/\/wp.ufpel.edu.br\/cineclube\/wp-json\/wp\/v2\/types\/page"}],"author":[{"embeddable":true,"href":"https:\/\/wp.ufpel.edu.br\/cineclube\/wp-json\/wp\/v2\/users\/578"}],"replies":[{"embeddable":true,"href":"https:\/\/wp.ufpel.edu.br\/cineclube\/wp-json\/wp\/v2\/comments?post=279"}],"version-history":[{"count":11,"href":"https:\/\/wp.ufpel.edu.br\/cineclube\/wp-json\/wp\/v2\/pages\/279\/revisions"}],"predecessor-version":[{"id":443,"href":"https:\/\/wp.ufpel.edu.br\/cineclube\/wp-json\/wp\/v2\/pages\/279\/revisions\/443"}],"wp:attachment":[{"href":"https:\/\/wp.ufpel.edu.br\/cineclube\/wp-json\/wp\/v2\/media?parent=279"}],"curies":[{"name":"wp","href":"https:\/\/api.w.org\/{rel}","templated":true}]}}

<p><iframe loading="lazy" title="Audiovisual e a Diversidade na Escola" width="700" height="394" src="https://www.youtube.com/embed/KaJUBL0AwfU?feature=oembed" frameborder="0" allow="accelerometer; autoplay; encrypted-media; gyroscope; picture-in-picture" allowfullscreen></iframe></p>
<p>&nbsp;</p>
<p>Professor Claudio Garcia</p>
<p><iframe loading="lazy" title="Professor produtor - Claudio Garcia" width="700" height="394" src="https://www.youtube.com/embed/bhqn-N6MQds?feature=oembed" frameborder="0" allow="accelerometer; autoplay; encrypted-media; gyroscope; picture-in-picture" allowfullscreen></iframe></p>
<p>&nbsp;</p>
<p>Professora Lidia arruda</p>
<p>&nbsp;</p>
<p><iframe loading="lazy" title="Professor produtor - Lídia Santos Arruda" width="700" height="394" src="https://www.youtube.com/embed/8nEL7bsgea0?feature=oembed" frameborder="0" allow="accelerometer; autoplay; encrypted-media; gyroscope; picture-in-picture" allowfullscreen></iframe></p>
<p>&nbsp;</p>
<p>Luiz Claudio Motta</p>
<p><iframe loading="lazy" title="Professor produtor - Luiz Claudio Motta Lima" width="700" height="394" src="https://www.youtube.com/embed/gmiXLISU3ak?feature=oembed" frameborder="0" allow="accelerometer; autoplay; encrypted-media; gyroscope; picture-in-picture" allowfullscreen></iframe></p>
<p>&nbsp;</p>
<p>&nbsp;</p>
<p><span style="color: #800080"><strong>Com</strong></span><span style="color: #800080"><strong>o fazer um vídeo em sala de aula?</strong></span> – 15&#8242; 23&#8243;</p>
<p><iframe loading="lazy" title="Para professores: Como fazer um vídeo em sala de aula?" width="700" height="394" src="https://www.youtube.com/embed/T42qZ1-VNw4?feature=oembed" frameborder="0" allow="accelerometer; autoplay; encrypted-media; gyroscope; picture-in-picture" allowfullscreen></iframe></p>
<p><strong><span style="color: #800080">No meio do caminho</span> </strong>&#8211; 0&#8217;53&#8221;</p>
<p><iframe loading="lazy" title="No meio do caminho - Roteiro Adaptado - Vídeo Professores 2019" width="700" height="394" src="https://www.youtube.com/embed/WuN54wJ5YIo?feature=oembed" frameborder="0" allow="accelerometer; autoplay; encrypted-media; gyroscope; picture-in-picture" allowfullscreen></iframe></p>
<p><span style="color: #800080"><strong>Colcha de Retalhos</strong> </span>&#8211; 9&#8217;22&#8221;<br />
<strong>Resumo</strong> &#8211; D<span style="font-weight: 400">epoimento de alunos de uma escola publica sobre suas experiências.<br />
<strong>Debate</strong> &#8211; Debater sobre as dificuldades de cada pessoa.</span></p>
<p><span style="font-weight: 400"><span style="color: #800080"><strong>Rosielson Soares &#8211; Apresentando o projeto</strong></span> &#8211; 4&#8217;18&#8221;<br />
<strong>Resumo</strong> &#8211; Como o professor pode trabalhar com projeto de vídeo dentro do espaço escolar.<br />
</span><span style="font-weight: 400"><strong>Debate</strong> &#8211; Fazer vídeo dentro de projeto o n sala de aula em conjunto com os conteúdos programáticos.</span></p>
<p><iframe loading="lazy" title="Rosielson Soares - Apresentando o projeto" width="700" height="394" src="https://www.youtube.com/embed/Q7oImeNlkR4?feature=oembed" frameborder="0" allow="accelerometer; autoplay; encrypted-media; gyroscope; picture-in-picture" allowfullscreen></iframe></p>
<p><span style="color: #800080"><strong>Câncer cuidado com essa palavra</strong></span> &#8211; 19&#8217;08&#8221;<br />
<strong>Resumo</strong> &#8211; A<span style="font-weight: 400">lunos representam vídeo sobre o câncer com depoimentos de pessoas que passaram por isso.<br />
</span><strong>Debate</strong> &#8211; D<span style="font-weight: 400">ebater com os alunos sobre os problemas de câncer na vida das pessoas.</span></p>

<p>&nbsp; Professor Claudio Garcia &nbsp; Professora Lidia arruda &nbsp; &nbsp; Luiz Claudio Motta &nbsp; &nbsp; Como fazer um vídeo em sala de aula? – 15&#8242; 23&#8243; No meio do caminho &#8211; 0&#8217;53&#8221; Colcha de Retalhos &#8211; 9&#8217;22&#8221; Resumo &#8211; Depoimento de alunos de uma escola publica sobre suas experiências. Debate &#8211; Debater sobre as dificuldades&hellip;</p>
