{"id":276,"date":"2019-11-14T20:08:03","date_gmt":"2019-11-14T23:08:03","guid":{"rendered":"https:\/\/wp.ufpel.edu.br\/cineclube\/?page_id=276"},"modified":"2022-11-09T17:15:45","modified_gmt":"2022-11-09T20:15:45","slug":"adaptacao-literaria","status":"publish","type":"page","link":"https:\/\/wp.ufpel.edu.br\/cineclube\/tematicas\/adaptacao-literaria\/","title":{"rendered":"Adapta\u00e7\u00e3o Liter\u00e1ria"},"content":{"rendered":"<p><iframe loading=\"lazy\" title=\"Filme tirado de uma not\u00edcia\" width=\"700\" height=\"394\" src=\"https:\/\/www.youtube.com\/embed\/sXiCF1Vuy_0?feature=oembed\" frameborder=\"0\" allow=\"accelerometer; autoplay; clipboard-write; encrypted-media; gyroscope; picture-in-picture\" allowfullscreen><\/iframe><\/p>\n<p>Livremente inspirado em \u201cPoema tirado de uma not\u00edcia de jornal\u201d, de Manuel Bandeira, o curta narra um dia da vida de Jo\u00e3o Gostoso: carregador de feira-livre, morador do morro da Babil\u00f4nia, semianalfabeto que ap\u00f3s um dia de trabalho decide ir ao bar Vinte de Novembro, de onde sair\u00e1 para reencontrar com a vida da qual tentava fugir enquanto bebia, cantava e dan\u00e7ava.<\/p>\n<p>&nbsp;<\/p>\n<p><span style=\"color: #800080;\"><strong>Pai contra m\u00e3e<\/strong> <\/span>&#8211; 10&#8217;21&#8221;<br \/>\n<strong>Resumo<\/strong> &#8211; Homem encontra escrava gr\u00e1vida.<br \/>\n<strong>Debate<\/strong> &#8211; Escravid\u00e3o; Hist\u00f3ria.<\/p>\n<p><iframe loading=\"lazy\" title=\"Pai contra m\u00e3e\" width=\"700\" height=\"394\" src=\"https:\/\/www.youtube.com\/embed\/fBKn3_PAhMw?feature=oembed\" frameborder=\"0\" allow=\"accelerometer; autoplay; clipboard-write; encrypted-media; gyroscope; picture-in-picture\" allowfullscreen><\/iframe><\/p>\n<p>O Quarteto Guasca &#8211; 14:50<\/p>\n<p><iframe loading=\"lazy\" title=\"O Quarteto Guasca (2016) #V\u00eddeoEstudantil #Shortmovie\" width=\"700\" height=\"394\" src=\"https:\/\/www.youtube.com\/embed\/OHXbIyF71Ds?feature=oembed\" frameborder=\"0\" allow=\"accelerometer; autoplay; clipboard-write; encrypted-media; gyroscope; picture-in-picture\" allowfullscreen><\/iframe><\/p>\n<p>Resumo &#8211; Blau Nunes procura um lugar para passar a noite fria de inverno. Encontra ref\u00fagio em um galp\u00e3o abandonado. L\u00e1, ele encontra um padre atormentado pelo esp\u00edrito de Nhagapit\u00e3. Com a ajuda do Negro Bonif\u00e1cio, Tudinha e Jo\u00e3o Cardoso, o vaqueano tenta livrar o Padre de sua maldi\u00e7\u00e3o.<\/p>\n","protected":false},"excerpt":{"rendered":"<p>Livremente inspirado em \u201cPoema tirado de uma not\u00edcia de jornal\u201d, de Manuel Bandeira, o curta narra um dia da vida de Jo\u00e3o Gostoso: carregador de feira-livre, morador do morro da Babil\u00f4nia, semianalfabeto que ap\u00f3s um dia de trabalho decide ir ao bar Vinte de Novembro, de onde sair\u00e1 para reencontrar com a vida da qual&hellip;<\/p>\n","protected":false},"author":578,"featured_media":0,"parent":16,"menu_order":0,"comment_status":"closed","ping_status":"closed","template":"","meta":{"footnotes":""},"class_list":["post-276","page","type-page","status-publish","hentry"],"jetpack_sharing_enabled":true,"_links":{"self":[{"href":"https:\/\/wp.ufpel.edu.br\/cineclube\/wp-json\/wp\/v2\/pages\/276","targetHints":{"allow":["GET"]}}],"collection":[{"href":"https:\/\/wp.ufpel.edu.br\/cineclube\/wp-json\/wp\/v2\/pages"}],"about":[{"href":"https:\/\/wp.ufpel.edu.br\/cineclube\/wp-json\/wp\/v2\/types\/page"}],"author":[{"embeddable":true,"href":"https:\/\/wp.ufpel.edu.br\/cineclube\/wp-json\/wp\/v2\/users\/578"}],"replies":[{"embeddable":true,"href":"https:\/\/wp.ufpel.edu.br\/cineclube\/wp-json\/wp\/v2\/comments?post=276"}],"version-history":[{"count":5,"href":"https:\/\/wp.ufpel.edu.br\/cineclube\/wp-json\/wp\/v2\/pages\/276\/revisions"}],"predecessor-version":[{"id":627,"href":"https:\/\/wp.ufpel.edu.br\/cineclube\/wp-json\/wp\/v2\/pages\/276\/revisions\/627"}],"up":[{"embeddable":true,"href":"https:\/\/wp.ufpel.edu.br\/cineclube\/wp-json\/wp\/v2\/pages\/16"}],"wp:attachment":[{"href":"https:\/\/wp.ufpel.edu.br\/cineclube\/wp-json\/wp\/v2\/media?parent=276"}],"curies":[{"name":"wp","href":"https:\/\/api.w.org\/{rel}","templated":true}]}}