{"id":273,"date":"2019-11-14T20:07:20","date_gmt":"2019-11-14T23:07:20","guid":{"rendered":"https:\/\/wp.ufpel.edu.br\/cineclube\/?page_id=273"},"modified":"2021-10-14T11:15:43","modified_gmt":"2021-10-14T14:15:43","slug":"animacao","status":"publish","type":"page","link":"https:\/\/wp.ufpel.edu.br\/cineclube\/tematicas\/animacao\/","title":{"rendered":"Anima\u00e7\u00e3o"},"content":{"rendered":"<p><strong>Um Duelo Para Vida &#8211; 12 min<\/strong><\/p>\n<p>Franz era um famoso pianista prod\u00edgio conhecido por tocar qualquer m\u00fasica com perfei\u00e7\u00e3o. Apesar disso, ele era uma pessoa muito vazia, que n\u00e3o via sentido na vida e na morte. Por\u00e9m em uma de suas idas ao hospital para ver sua m\u00e3e doente ele conhece Zoe, uma violinista cheia de vida que vai fazer com que ele mude sua vis\u00e3o sobre o sentido de viver<\/p>\n<p><iframe loading=\"lazy\" title=\"Um Dueto Para Outra Vida\" width=\"700\" height=\"394\" src=\"https:\/\/www.youtube.com\/embed\/ptwD3eS2dTE?feature=oembed\" frameborder=\"0\" allow=\"accelerometer; autoplay; clipboard-write; encrypted-media; gyroscope; picture-in-picture\" allowfullscreen><\/iframe><\/p>\n<p>&nbsp;<\/p>\n<p>Onde o Latido Soar &#8211; Uma menina invade um terreno baldio no meio duma floresta para comer mangas dum p\u00e9 que l\u00e1 est\u00e1, quando percebe que no lugar h\u00e1 um carro com uma pessoa dentro, descobrindo que a mesma queria raptar uma cadela para mat\u00e1-la e d\u00e1-la para algu\u00e9m desconhecido por motivos t\u00e3o desconhecidos quanto, mas aparentemente seus planos n\u00e3o deram certo. Por outro lado, h\u00e1 uma outra menina que n\u00e3o sabe onde sua cadela est\u00e1 e porque a mesma desapareceu misteriosamente, e agora est\u00e1 dedicada em encontra-la e traze-la de volta com ajuda de c\u00e3es da vizinhan\u00e7a e de sua gata<\/p>\n<p><iframe loading=\"lazy\" title=\"ONDE O LATIDO SOAR |Trabalho Escolar\" width=\"700\" height=\"394\" src=\"https:\/\/www.youtube.com\/embed\/6sfhk-tLkKI?feature=oembed\" frameborder=\"0\" allow=\"accelerometer; autoplay; clipboard-write; encrypted-media; gyroscope; picture-in-picture\" allowfullscreen><\/iframe><\/p>\n<p><span style=\"color: #800080\"><strong>O Oper\u00e1rio<\/strong><\/span> &#8211; 2&#8217;41&#8221;<br \/>\n<strong>Resumo<\/strong> &#8211; A<span style=\"font-weight: 400\"> vida, o afeto e a morte.<br \/>\n<\/span><span style=\"font-weight: 400\"><strong>Debate<\/strong>\u00a0 &#8211; A vida e o trabalho consumindo nosso dia a dia.<\/span><\/p>\n<p><a href=\"https:\/\/youtu.be\/wR8fYyEnOsA\">https:\/\/youtu.be\/wR8fYyEnOsA<\/a><\/p>\n<p>&nbsp;<\/p>\n<p><a href=\"http:\/\/educapes.capes.gov.br\/handle\/capes\/571784\" target=\"_blank\" rel=\"noopener noreferrer\">O menino Brincalh\u00e3o\u00a0<\/a> -15&#8217;41&#8221;<\/p>\n<p>&nbsp;<\/p>\n","protected":false},"excerpt":{"rendered":"<p>Um Duelo Para Vida &#8211; 12 min Franz era um famoso pianista prod\u00edgio conhecido por tocar qualquer m\u00fasica com perfei\u00e7\u00e3o. Apesar disso, ele era uma pessoa muito vazia, que n\u00e3o via sentido na vida e na morte. Por\u00e9m em uma de suas idas ao hospital para ver sua m\u00e3e doente ele conhece Zoe, uma violinista&hellip;<\/p>\n","protected":false},"author":578,"featured_media":0,"parent":16,"menu_order":0,"comment_status":"closed","ping_status":"closed","template":"","meta":{"footnotes":""},"class_list":["post-273","page","type-page","status-publish","hentry"],"jetpack_sharing_enabled":true,"_links":{"self":[{"href":"https:\/\/wp.ufpel.edu.br\/cineclube\/wp-json\/wp\/v2\/pages\/273","targetHints":{"allow":["GET"]}}],"collection":[{"href":"https:\/\/wp.ufpel.edu.br\/cineclube\/wp-json\/wp\/v2\/pages"}],"about":[{"href":"https:\/\/wp.ufpel.edu.br\/cineclube\/wp-json\/wp\/v2\/types\/page"}],"author":[{"embeddable":true,"href":"https:\/\/wp.ufpel.edu.br\/cineclube\/wp-json\/wp\/v2\/users\/578"}],"replies":[{"embeddable":true,"href":"https:\/\/wp.ufpel.edu.br\/cineclube\/wp-json\/wp\/v2\/comments?post=273"}],"version-history":[{"count":12,"href":"https:\/\/wp.ufpel.edu.br\/cineclube\/wp-json\/wp\/v2\/pages\/273\/revisions"}],"predecessor-version":[{"id":567,"href":"https:\/\/wp.ufpel.edu.br\/cineclube\/wp-json\/wp\/v2\/pages\/273\/revisions\/567"}],"up":[{"embeddable":true,"href":"https:\/\/wp.ufpel.edu.br\/cineclube\/wp-json\/wp\/v2\/pages\/16"}],"wp:attachment":[{"href":"https:\/\/wp.ufpel.edu.br\/cineclube\/wp-json\/wp\/v2\/media?parent=273"}],"curies":[{"name":"wp","href":"https:\/\/api.w.org\/{rel}","templated":true}]}}