{"id":64,"date":"2017-06-15T15:40:07","date_gmt":"2017-06-15T18:40:07","guid":{"rendered":"https:\/\/wp.ufpel.edu.br\/cifmp\/?page_id=64"},"modified":"2024-10-29T20:24:59","modified_gmt":"2024-10-29T23:24:59","slug":"historico","status":"publish","type":"page","link":"https:\/\/wp.ufpel.edu.br\/cifmp\/historico\/","title":{"rendered":"Edi\u00e7\u00f5es Anteriores"},"content":{"rendered":"<p style=\"text-align: justify;\"><strong>\u00a0\u00a0\u00a0\u00a0\u00a0\u00a0\u00a0\u00a0\u00a0 <span style=\"font-size: 14pt;\">\u00bb\u00a0 Edi\u00e7\u00f5es anteriores<\/span><\/strong><\/p>\n<p style=\"text-align: justify;\">O Programa de P\u00f3s-Gradua\u00e7\u00e3o em Filosofia da Universidade Federal de Pelotas teve in\u00edcio em mar\u00e7o de 2008 e constatou, ao longo dos anos, a necessidade de estabelecer contatos com professores\/pesquisadores de outras institui\u00e7\u00f5es. Diante disso, surgiu a ideia de organizar bianualmente um evento que possibilitasse este contato com pesquisadores em \u00e9tica e filosofia pol\u00edtica, \u00e1rea de concentra\u00e7\u00e3o do programa, denominado &#8220;Congresso Internacional de Filosofia Moral e Pol\u00edtica&#8221;. Este evento, cujo in\u00edcio data o ano de 2009, realiza-se nos anos \u00edmpares e discute sempre um tema espec\u00edfico de \u00e9tica e\/ou filosofia pol\u00edtica em cada edi\u00e7\u00e3o.<\/p>\n<blockquote>\n<p style=\"text-align: justify;\"><span style=\"font-size: 14pt;\"><strong>1\u00aa Edi\u00e7\u00e3o<\/strong> <strong>(2009)<\/strong><\/span><\/p>\n<p style=\"text-align: justify;\">O \u201cI Congresso Internacional de Filosofia Moral e Pol\u00edtica\u201d teve por tema inaugural a reflex\u00e3o sobre Virtudes, Direitos e Democracia, propiciando um lugar convergente para a divulga\u00e7\u00e3o de trabalhos de pesquisadores brasileiros e estrangeiros, bem como oportunizando a discuss\u00e3o no meio acad\u00eamico da p\u00f3s-gradua\u00e7\u00e3o e realizou-se em Pelotas, de 09 a 12 de novembro de 2009, no Audit\u00f3rio das Ci\u00eancias Sociais \u2013 ISP \u2013 UFPel. Nossa inten\u00e7\u00e3o primordial foi investigar sobre a legitimidade e justifica\u00e7\u00e3o da democracia contempor\u00e2nea, seja atrav\u00e9s da vincula\u00e7\u00e3o a uma tradi\u00e7\u00e3o da \u00e9tica das virtudes, seja a partir da proximidade \u00e0 um modelo principial\u00edstico que toma como crit\u00e9rio os direitos e a justi\u00e7a. Ao inv\u00e9s da habitual oposi\u00e7\u00e3o, propomos uma alternativa de inclusividade ao atual debate em \u00e9tica e filosofia pol\u00edtica. O evento foi organizado da seguinte maneira: 6 confer\u00eancias na parte da noite: Pierre-Marie Morel (Ecole Normale Sup\u00e9rieure de Lettres et de Sciences Humaines \u2013 Lyon), Pablo da Silveira (Universidad Cat\u00f3lica del Uruguay), Pierre Guenancia (Universit\u00e9 de Bourgogne), Ives Zarka (Universit\u00e9 Paris Descartes\/Sorbonne), Marco Zingano (USP), Gustavo Pereira (Universidad de la Republica del Uruguay); 5 mesas tem\u00e1ticas na parte da tarde: Filosofia Pol\u00edtica e Rela\u00e7\u00f5es Internacionais (Jo\u00e3o Carlos Brum Torres \u2013 UFRGS, Douglas Ferreira \u2013 PUC-Campinas), Teorias da Justi\u00e7a e Direitos Humanos (Nythamar F. de Oliveira- PUCRS, Delamar V. Dutra \u2013 UFSC, Luiz Bernardo de Ara\u00fajo \u2013 UERJ), Democracia e Globaliza\u00e7\u00e3o (Nelson Boeira \u2013 UFRGS, \u00c1lvaro de Vita -USP), Fundamentos da \u00c9tica (Noeli Rossato \u2013 UFSM, Juliette Lemaire \u2013 Centre L\u00e9on Robin \u2013 Paris IV), Temas de Meta\u00e9tica (Nelson Gomes \u2013 UnB, Darlei Dall\u2019Agnol \u2013 UFSC, Adriano Naves Brito \u2013 UNISINOS); 1 mini-curso ministrado por Alfredo Storck (UFRGS) na parte da manh\u00e3 sobre o direito natural e comunica\u00e7\u00f5es de professores e alunos da p\u00f3s-gradua\u00e7\u00e3o na parte da manh\u00e3(final) e tarde (in\u00edcio). Contamos com apoio da CAPES e Funda\u00e7\u00e3o Simon Bol\u00edvar. O textos das confer\u00eancias e mesas tem\u00e1ticas foram publicados em livro intitulado <a href=\"http:\/\/cifmp.ufpel.edu.br\/arquivos\/livro2.pdf\" target=\"_blank\" rel=\"noopener\"><em>Virtudes, Direitos e Democracia<\/em><\/a> e as comunica\u00e7\u00f5es em disponibilizadas em CD. Com isto, alcan\u00e7amos o fortalecimento do PPG Filosofia por causa do contato com Professores\/Pesquisadores de outras Institui\u00e7\u00f5es Internacionais e Nacionais, especificamente estabelecendo v\u00ednculos s\u00f3lidos com as institui\u00e7\u00f5es francesas, uruguaias e argentinas, bem como com PPGs nacionais consolidados.<\/p>\n<p style=\"text-align: justify;\"><span style=\"font-size: 14pt;\"><strong>2\u00aa Edi\u00e7\u00e3o (2011)<\/strong><\/span><\/p>\n<p style=\"text-align: justify;\">O \u201cII Congresso Internacional de Filosofia Moral e Pol\u00edtica\u201d teve por tema central o problema moral da A\u00e7\u00e3o, Justifica\u00e7\u00e3o e Legitimidade e ocorreu em Pelotas, de 07 a 10 de novembro de 2011, no Audit\u00f3rio das Ci\u00eancias Sociais \u2013 ISP \u2013 UFPel. O evento \u00e9 uma promo\u00e7\u00e3o do Programa de P\u00f3s-Gradua\u00e7\u00e3o de Filosofia da UFPel. A inten\u00e7\u00e3o primordial foi investigar sobre a capacidade da a\u00e7\u00e3o humana em possibilitar a justifica\u00e7\u00e3o da norma moral, bem como possibilitar a legitimidade pol\u00edtica no contexto contempor\u00e2neo. Nosso objetivo foi estabelecer rela\u00e7\u00f5es entre as teorias da a\u00e7\u00e3o humana com o problema da justifica\u00e7\u00e3o epist\u00eamica da regra moral e com a quest\u00e3o da legitimidade pol\u00edtica. Ao inv\u00e9s da habitual oposi\u00e7\u00e3o, procuramos uma interpreta\u00e7\u00e3o inclusivista ao debate em \u00e9tica e filosofia pol\u00edtica. O evento contou com cinco confer\u00eancias seguidas de debate na parte da noite: Catherine Audard (London School of Economics and Political Science), Todd Hedrick (Michigan State University), Jean-Christophe Merle (Universit\u00e4t des Saarlandes in Saarbr\u00fcchen), Oswaldo Giac\u00f3ia J\u00fanior (Unicamp) e Rodrigo Guerizoli (UFRJ); 3 mesas tem\u00e1ticas: Teorias da A\u00e7\u00e3o: Helder Buenos Aires de Carvalho (UFPI), Marisa Divenosa (Universidad de Buenos Aires), Ulysses Pinheiro (UFRJ); Justifica\u00e7\u00e3o da Norma: Ricardo Navia (Universidad de la Republica del Uruguay), Jo\u00e3o Carlos Salles (UFBA), Ricardo Bins di Napoli (UFSM); Legitimidade Pol\u00edtica: Marcelo Ara\u00fajo (UERJ\/UFRJ), Denilson Werle (UFSC), Vladimir Lisboa (UFRGS); um mini-curso sobre a filosofia pr\u00e1tica de Kant ministrado por Vin\u00edcius Figueiredo (UFPR) e comunica\u00e7\u00f5es de professores e alunos de p\u00f3s-gradua\u00e7\u00e3o. As comunica\u00e7\u00f5es foram publicadas em CD e os textos das confer\u00eancias e mesas tem\u00e1ticas foram publicados em livro intitulado <a href=\"http:\/\/cifmp.ufpel.edu.br\/arquivos\/livro.pdf\" target=\"_blank\" rel=\"noopener\"><em>A\u00e7\u00e3o, Justifica\u00e7\u00e3o e Legitimidade<\/em><\/a>.<\/p>\n<p style=\"text-align: justify;\"><span style=\"font-size: 14pt;\"><strong>3\u00aa Edi\u00e7\u00e3o (2013)<\/strong><\/span><\/p>\n<p style=\"text-align: justify;\">O \u201cIII Congresso Internacional de Filosofia Moral e Pol\u00edtica\u201d tratou da quest\u00e3o da Responsbilidade, em seus diferentes aspectos, e contou com a presen\u00e7a de John Dudley (Katholieke Universiteit Leuven), Marcelo Boeri (Universidad Alberto Hurtado), Roberto Bolzani (USP), Inara Zanuzzi (UFRGS), Andrew Eshleman (University of Portland), Wilson Mendon\u00e7a (UFRJ), Cinara Nahra (UFRN), Denis Coitinho Silveira (UNISINOS), Javier Eche\u00f1ique (PUC \u2013 Chile\/Oxford University), Francisco Bertelloni (Universidad de Buenos Aires), Carlos Ferraz (UFPel). Como resultado, tivemos a publica\u00e7\u00e3o de um livro intitulado <a href=\"http:\/\/nepfil.ufpel.edu.br\/publicacoes\/1-sobre-responsabilidade.pdf\" target=\"_blank\" rel=\"noopener\"><em>Sobre Responsabilidade<\/em><\/a> com as confer\u00eancias e mesas tem\u00e1ticas, bem como a publica\u00e7\u00f5es dos Anais de Comunica\u00e7\u00e3o (link).<\/p>\n<p style=\"text-align: justify;\"><span style=\"font-size: 14pt;\"><strong>4\u00aa Edi\u00e7\u00e3o (2015)<\/strong><\/span><\/p>\n<p style=\"text-align: justify;\">O \u201cIV Congresso Internacional de Filosofia Moral e Pol\u00edtica\u201d teve como tema \u201cNormatividade e Racionalidade Pr\u00e1tica\u201d. Novamente, o evento contou com a participa\u00e7\u00e3o de influentes pesquisadores, cujos trabalhos e considera\u00e7\u00f5es aproximam teorias cl\u00e1ssicas e recentes da Filosofia Moral e Pol\u00edtica de problemas atuais. Nesse sentido, a exemplo do que ocorreu nas edi\u00e7\u00f5es anteriores, o evento contou com confer\u00eancias proferidas por pesquisadores brasileiros e estrangeiros, bem como com minicursos, mesas redondas e comunica\u00e7\u00f5es, atividades que promover\u00e3o a reflex\u00e3o e a discuss\u00e3o especialmente sobre o tema da normatividade e racionalidade pr\u00e1tica. Contamos, nesta oportunidade, com as contribui\u00e7\u00f5es para as confer\u00eancias de Cristoph Horn (Universit\u00e4t Bonn), Roberto Pich (PUCRS), Giuseppe Lorini (Universit\u00e1 degli Studi di Cagliari, It\u00e1lia) e Heiner Klemme (MLU Halle-Wittenberg). As mesas-redondas contaram com a participa\u00e7\u00e3o de Juvenal Savian (UNIFESP), Alfredo Culleton (UNISINOS), Denilson Werle (UFSC), Christian Hamm (UFSM), Robinson dos Santos (UFPel) e Konrad Utz (UFC), al\u00e9m de um mini-curso sobre a concep\u00e7\u00e3o de pessoa nos diferentes contextos normativos ministrado por Walter Valdevino Oliveira Silva (UFRRJ) e comunica\u00e7\u00f5es de professores e alunos de p\u00f3s-gradua\u00e7\u00e3o. O textos das confer\u00eancias e mesas tem\u00e1ticas foram publicados em livro intitulado <a href=\"http:\/\/cifmp.ufpel.edu.br\/arquivos\/livro2.pdf\" target=\"_blank\" rel=\"noopener\"><em>Normatividade e Racionalidade Pr\u00e1tica<\/em><\/a>, assim como as comunica\u00e7\u00f5es disponibilizadas em Anais de Comunica\u00e7\u00e3o (link).<\/p>\n<p><span style=\"font-size: 14pt;\"><strong>5\u00aa Edi\u00e7\u00e3o (2017)<\/strong><\/span><\/p>\n<p style=\"text-align: justify;\">O <strong>V Congresso Internacional de Filosofia Moral e Pol\u00edtica\u00a0<\/strong>teve como tema: <em>Ag\u00eancia, Delibera\u00e7\u00e3o e Motiva\u00e7\u00e3o. <\/em>O evento foi realizado no per\u00edodo de 06 a 09 de novembro de 2017 e contou com a participa\u00e7\u00e3o de Aaron Zimmerman (University of California), Massimo Dell&#8217;Utri (Universit\u00e1 Degli Studi di Sasssari), Ricardo Navia (Universidad de la Rep\u00fablica &#8211; Uruguay), Cl\u00e1udio Costa (UFRN), Marco Aurelio Werle (USP), Erick Calheiros (UNB), Mitieli Seixas (UFSM) e Evandro Barbosa (UFPel).<\/p>\n<p><span style=\"font-size: 14pt;\"><strong>6\u00aa Edi\u00e7\u00e3o (2019)<\/strong><\/span><\/p>\n<p style=\"text-align: justify;\">O <strong>VI<\/strong> <strong>Congresso Internacional de Filosofia Moral e Pol\u00edtica <\/strong>cujo tema foi \u201c<em>From Speech Acts to Social Reality<\/em>\u201d, aconteceu no per\u00edodo de 05 a 07 de Junho de 2019. O evento contou com a presen\u00e7a do Professor Em\u00e9rito John Searle (Berkeley University) e dos Professores Giuseppe Lorini (Universit\u00e0 di Cagliari) e Ricardo Navia (Universidad de la Rep\u00fablica), al\u00e9m de diversos professores e pesquisadores importantes de universidades brasileiras.<\/p>\n<p><span style=\"font-size: 14pt;\"><strong>7\u00aa Edi\u00e7\u00e3o (2022)<\/strong><\/span><\/p>\n<p style=\"text-align: justify;\">O <strong>VII Congresso Internacional de Filosofia Moral e Pol\u00edtica<\/strong> decorreu entre 14 e 17 de mar\u00e7o de 2022 e foi dedicado ao tema <em>\u00c9tica e pol\u00edtica em tempos de pandemia<\/em>, contando com a presen\u00e7a de pesquisadores nacionais e internacionais como Yara Frateschi (UNICAMP), Darlei Dall\u2019Agnol (UFSC), Santiago Castro-G\u00f3mez (Pontif\u00edcia Universidad Javeriana\/Col\u00f4mbia) e Paulo Arantes (USP) Devido \u00e0 pandemia de Covid-19, foi o primeiro congresso realizado na modalidade on-line, contando com 4 confer\u00eancias noturnas, seguidas de debates.<\/p>\n<p><span style=\"font-size: 14pt;\"><strong>8\u00aa Edi\u00e7\u00e3o (2023)<\/strong><\/span><\/p>\n<p style=\"text-align: justify;\">O VIII Congresso Internacional de Filosofia Moral e Pol\u00edtica foi realizado no per\u00edodo de 27 a 30 de novembro de 2023 e foi dedicado ao tema <em>Direitos Humanos, Vulnerabilidade e Meio Ambiente<\/em>. O evento celebrou os 15 anos do Programa de P\u00f3s-Gradua\u00e7\u00e3o em Filosofia e contou com a participa\u00e7\u00e3o de Alexandre Meyer Luz (UFSC), Andrew Chignel (University of Princeton), Charles Feldhaus (UEL), Daniel Loewe (Universidad Alberto Iba\u00f1ez &#8211; Chile), Maxwell J. Simth (Western University), Maria das Gra\u00e7as Pinto de Brito (UFPel), M\u00e1rcia Gon\u00e7alves (UERJ), Nuno Castanheira (UFPel), Patrici Calvo ( Universidad de Jaume I &#8211; Espanha), Roberto Pich (PUCRS) e Roberto Tibaldeo (PUCPR).<\/p>\n<\/blockquote>\n","protected":false},"excerpt":{"rendered":"<p>\u00a0\u00a0\u00a0\u00a0\u00a0\u00a0\u00a0\u00a0\u00a0 \u00bb\u00a0 Edi\u00e7\u00f5es anteriores O Programa de P\u00f3s-Gradua\u00e7\u00e3o em Filosofia da Universidade Federal de Pelotas teve in\u00edcio em mar\u00e7o de 2008 e constatou, ao longo dos anos, a necessidade de estabelecer contatos com professores\/pesquisadores de outras institui\u00e7\u00f5es. Diante disso, surgiu a ideia de organizar bianualmente um evento que possibilitasse este contato com pesquisadores em \u00e9tica [&hellip;]<\/p>\n","protected":false},"author":471,"featured_media":0,"parent":0,"menu_order":0,"comment_status":"closed","ping_status":"closed","template":"","meta":{"footnotes":""},"class_list":["post-64","page","type-page","status-publish","hentry","post"],"publishpress_future_action":{"enabled":false,"date":"2026-04-16 11:39:10","action":"change-status","newStatus":"draft","terms":[],"taxonomy":"","extraData":[]},"publishpress_future_workflow_manual_trigger":{"enabledWorkflows":[]},"_links":{"self":[{"href":"https:\/\/wp.ufpel.edu.br\/cifmp\/wp-json\/wp\/v2\/pages\/64","targetHints":{"allow":["GET"]}}],"collection":[{"href":"https:\/\/wp.ufpel.edu.br\/cifmp\/wp-json\/wp\/v2\/pages"}],"about":[{"href":"https:\/\/wp.ufpel.edu.br\/cifmp\/wp-json\/wp\/v2\/types\/page"}],"author":[{"embeddable":true,"href":"https:\/\/wp.ufpel.edu.br\/cifmp\/wp-json\/wp\/v2\/users\/471"}],"replies":[{"embeddable":true,"href":"https:\/\/wp.ufpel.edu.br\/cifmp\/wp-json\/wp\/v2\/comments?post=64"}],"version-history":[{"count":12,"href":"https:\/\/wp.ufpel.edu.br\/cifmp\/wp-json\/wp\/v2\/pages\/64\/revisions"}],"predecessor-version":[{"id":715,"href":"https:\/\/wp.ufpel.edu.br\/cifmp\/wp-json\/wp\/v2\/pages\/64\/revisions\/715"}],"wp:attachment":[{"href":"https:\/\/wp.ufpel.edu.br\/cifmp\/wp-json\/wp\/v2\/media?parent=64"}],"curies":[{"name":"wp","href":"https:\/\/api.w.org\/{rel}","templated":true}]}}