{"id":206,"date":"2017-07-03T10:49:45","date_gmt":"2017-07-03T13:49:45","guid":{"rendered":"https:\/\/wp.ufpel.edu.br\/cifmp\/?page_id=206"},"modified":"2025-08-26T10:58:56","modified_gmt":"2025-08-26T13:58:56","slug":"inscricoes","status":"publish","type":"page","link":"https:\/\/wp.ufpel.edu.br\/cifmp\/inscricoes\/","title":{"rendered":"Inscri\u00e7\u00f5es \/ Registration"},"content":{"rendered":"<p style=\"text-align: center;\"><span style=\"font-family: georgia, palatino, serif;\"><b>IX Congresso Internacional de Filosofia<\/b><\/span><\/p>\n<p style=\"text-align: center;\"><span style=\"font-family: georgia, palatino, serif;\"><b><i>Natureza, Ecopol\u00edtica, Tecnologia<\/i><\/b><\/span><\/p>\n<p style=\"text-align: center;\"><span style=\"font-family: georgia, palatino, serif;\"><b>PPG Filosofia\/UFPel,\u00a0<\/b><\/span><span style=\"font-family: georgia, palatino, serif;\"><b>03-06 novembro 2025<\/b><\/span><\/p>\n<p>&nbsp;<\/p>\n<p style=\"text-align: justify;\"><span style=\"font-weight: 400;\">O <\/span><b>IX Congresso Internacional de Filosofia<\/b><span style=\"font-weight: 400;\"> \u2013 anteriormente Congresso Internacional de Filosofia Moral e Pol\u00edtica \u2013, promovido pelo <\/span><b>Programa de P\u00f3s-Gradua\u00e7\u00e3o em Filosofia da Universidade Federal de Pelotas<\/b><span style=\"font-weight: 400;\">, decorrer\u00e1 entre <\/span><b>03 e 06 de novembro de 2025 <\/b><span style=\"font-weight: 400;\">e ter\u00e1 como tema aglutinador a rela\u00e7\u00e3o entre <\/span><b>Natureza, Ecopol\u00edtica e Tecnologia<\/b><span style=\"font-weight: 400;\">.\u00a0<\/span><\/p>\n<p style=\"text-align: justify;\"><span style=\"font-weight: 400;\">O <\/span><b>IX Congresso Internacional de Filosofia<\/b><span style=\"font-weight: 400;\"> prop\u00f5e-se promover a reflex\u00e3o sobre duas dimens\u00f5es dessa rela\u00e7\u00e3o: a dimens\u00e3o que diz respeito \u00e0s rela\u00e7\u00f5es entre humanos, focando-se na sociedade, alguns dos seus desenvolvimentos tecnol\u00f3gicos mais recentes, seus pressupostos e implica\u00e7\u00f5es \u00e9ticas, sociais e pol\u00edticas (intelig\u00eancia artificial e ramifica\u00e7\u00f5es \u00e9ticas e pol\u00edticas, privacidade, desgaste da democracia, dos direitos e das institui\u00e7\u00f5es, potencial da tecnologia como ferramenta de controle e de liberta\u00e7\u00e3o, etc.); e a dimens\u00e3o que diz respeito \u00e0s rela\u00e7\u00f5es dos humanos com o seu entorno, avalia\u00e7\u00e3o dos seus pressupostos ontol\u00f3gicos, epist\u00eamicos, \u00e9ticos e pol\u00edticos, dos impactos, desafios e horizonte de a\u00e7\u00e3o, lugar da tecnologia e da biotecnologia).<\/span><\/p>\n<p style=\"text-align: center;\">A <strong>inscri\u00e7\u00e3o<\/strong> dever\u00e1 ser realizada at\u00e9 2 de novembro de 2025, por meio <a href=\"https:\/\/forms.gle\/hHERUqfi7Qixkixz7\"><strong>deste fo<\/strong><strong>r<\/strong><strong>mul\u00e1rio<\/strong><strong>.<\/strong><\/a><\/p>\n<p style=\"text-align: center;\">Inscri\u00e7\u00e3o obrigat\u00f3ria para obten\u00e7\u00e3o de certificado.<\/p>\n<div style=\"text-align: center;\"><strong>Informa\u00e7\u00e3o importante<\/strong><\/div>\n<div style=\"text-align: justify;\">A inscri\u00e7\u00e3o no Congresso \u00e9 gratuita. No entanto, a Comiss\u00e3o\u00a0Organizadora solicita \u00e0s pessoas participantes que fa\u00e7am uma contribui\u00e7\u00e3o solid\u00e1ria no primeiro dia da sua participa\u00e7\u00e3o, consistindo em 1 Kg de alimento n\u00e3o perec\u00edvel por pessoa. Essa contribui\u00e7\u00e3o ser\u00e1 posteriormente distribu\u00edda, por pessoas volunt\u00e1rias, junto das cozinhas solid\u00e1rias da cidade de Pelotas.<\/div>\n<p>&nbsp;<\/p>\n<p style=\"text-align: center;\"><strong>Registration<\/strong><\/p>\n<p style=\"text-align: justify;\"><span style=\"font-weight: 400;\">The <\/span><b>9<\/b><b>th<\/b><b> International Congress of Philosophy<\/b><span style=\"font-weight: 400;\"> \u2013 previously called International Congress of Moral and Political Philosophy \u2013, organized by the <\/span><b>Graduate Program in Philosophy of the Federal University of Pelotas (UFPel)<\/b><span style=\"font-weight: 400;\">, will take place <\/span><b>from<\/b> <b>03 to 06 of November 2025<\/b><span style=\"font-weight: 400;\">,<\/span> <span style=\"font-weight: 400;\">addressing the relation between <\/span><b>Nature, Ecopolitics and Technology<\/b><span style=\"font-weight: 400;\">.\u00a0<\/span><\/p>\n<p style=\"text-align: justify;\"><span style=\"font-weight: 400;\">The <\/span><b>9<\/b><b>th<\/b><b> International Congress of Philosophy<\/b><span style=\"font-weight: 400;\"> seeks to promote reflection on two dimensions of that relation: the one regarding human relations, focusing on society, some of the recent technological developments, their presuppositions and ethical, social, and political implications (artificial intelligence and its ethical and political ramifications, privacy, erosion of democracy, rights and institutions, technological potential for control and liberation, etc.); and the other pertaining to the relation of human beings and their surroundings, the evaluation of its ontological, epistemic, ethical, and political presuppositions, its impacts, challenges and possibilities for action, as well as the place held in it by technology and biotechnology).\u00a0<\/span><\/p>\n<p style=\"text-align: center;\"><strong>Registration<\/strong> is free and must take place until November 2, 2025 using <a href=\"https:\/\/forms.gle\/hHERUqfi7Qixkixz7\"><strong>this form<\/strong>.<\/a><\/p>\n<p style=\"text-align: center;\">Registration is mandatory to obtain a certificate.<\/p>\n<p style=\"text-align: center;\"><strong>Relevant information<\/strong><\/p>\n<p style=\"text-align: justify;\">Registration in the Congress is free of charge. However, the Organizing Committee asks the participants to contribute with 1 Kg of non-perishable foods per person. The contributions will later be delivered, by volunteers, to community kitchens in Pelotas.<\/p>\n","protected":false},"excerpt":{"rendered":"<p>IX Congresso Internacional de Filosofia Natureza, Ecopol\u00edtica, Tecnologia PPG Filosofia\/UFPel,\u00a003-06 novembro 2025 &nbsp; O IX Congresso Internacional de Filosofia \u2013 anteriormente Congresso Internacional de Filosofia Moral e Pol\u00edtica \u2013, promovido pelo Programa de P\u00f3s-Gradua\u00e7\u00e3o em Filosofia da Universidade Federal de Pelotas, decorrer\u00e1 entre 03 e 06 de novembro de 2025 e ter\u00e1 como tema aglutinador [&hellip;]<\/p>\n","protected":false},"author":471,"featured_media":0,"parent":0,"menu_order":0,"comment_status":"closed","ping_status":"closed","template":"","meta":{"footnotes":""},"class_list":["post-206","page","type-page","status-publish","hentry","post"],"publishpress_future_action":{"enabled":false,"date":"2026-05-06 09:21:44","action":"change-status","newStatus":"draft","terms":[],"taxonomy":"","extraData":[]},"publishpress_future_workflow_manual_trigger":{"enabledWorkflows":[]},"_links":{"self":[{"href":"https:\/\/wp.ufpel.edu.br\/cifmp\/wp-json\/wp\/v2\/pages\/206","targetHints":{"allow":["GET"]}}],"collection":[{"href":"https:\/\/wp.ufpel.edu.br\/cifmp\/wp-json\/wp\/v2\/pages"}],"about":[{"href":"https:\/\/wp.ufpel.edu.br\/cifmp\/wp-json\/wp\/v2\/types\/page"}],"author":[{"embeddable":true,"href":"https:\/\/wp.ufpel.edu.br\/cifmp\/wp-json\/wp\/v2\/users\/471"}],"replies":[{"embeddable":true,"href":"https:\/\/wp.ufpel.edu.br\/cifmp\/wp-json\/wp\/v2\/comments?post=206"}],"version-history":[{"count":4,"href":"https:\/\/wp.ufpel.edu.br\/cifmp\/wp-json\/wp\/v2\/pages\/206\/revisions"}],"predecessor-version":[{"id":778,"href":"https:\/\/wp.ufpel.edu.br\/cifmp\/wp-json\/wp\/v2\/pages\/206\/revisions\/778"}],"wp:attachment":[{"href":"https:\/\/wp.ufpel.edu.br\/cifmp\/wp-json\/wp\/v2\/media?parent=206"}],"curies":[{"name":"wp","href":"https:\/\/api.w.org\/{rel}","templated":true}]}}

Inscrições / Registration

<p style="text-align: center;"><span style="font-family: georgia, palatino, serif;"><b>IX Congresso Internacional de Filosofia</b></span></p>
<p style="text-align: center;"><span style="font-family: georgia, palatino, serif;"><b><i>Natureza, Ecopolítica, Tecnologia</i></b></span></p>
<p style="text-align: center;"><span style="font-family: georgia, palatino, serif;"><b>PPG Filosofia/UFPel, </b></span><span style="font-family: georgia, palatino, serif;"><b>03-06 novembro 2025</b></span></p>
<p>&nbsp;</p>
<p style="text-align: justify;"><span style="font-weight: 400;">O </span><b>IX Congresso Internacional de Filosofia</b><span style="font-weight: 400;"> – anteriormente Congresso Internacional de Filosofia Moral e Política –, promovido pelo </span><b>Programa de Pós-Graduação em Filosofia da Universidade Federal de Pelotas</b><span style="font-weight: 400;">, decorrerá entre </span><b>03 e 06 de novembro de 2025 </b><span style="font-weight: 400;">e terá como tema aglutinador a relação entre </span><b>Natureza, Ecopolítica e Tecnologia</b><span style="font-weight: 400;">. </span></p>
<p style="text-align: justify;"><span style="font-weight: 400;">O </span><b>IX Congresso Internacional de Filosofia</b><span style="font-weight: 400;"> propõe-se promover a reflexão sobre duas dimensões dessa relação: a dimensão que diz respeito às relações entre humanos, focando-se na sociedade, alguns dos seus desenvolvimentos tecnológicos mais recentes, seus pressupostos e implicações éticas, sociais e políticas (inteligência artificial e ramificações éticas e políticas, privacidade, desgaste da democracia, dos direitos e das instituições, potencial da tecnologia como ferramenta de controle e de libertação, etc.); e a dimensão que diz respeito às relações dos humanos com o seu entorno, avaliação dos seus pressupostos ontológicos, epistêmicos, éticos e políticos, dos impactos, desafios e horizonte de ação, lugar da tecnologia e da biotecnologia).</span></p>
<p style="text-align: center;">A <strong>inscrição</strong> deverá ser realizada até 2 de novembro de 2025, por meio <a href="https://forms.gle/hHERUqfi7Qixkixz7"><strong>deste fo</strong><strong>r</strong><strong>mulário</strong><strong>.</strong></a></p>
<p style="text-align: center;">Inscrição obrigatória para obtenção de certificado.</p>
<div style="text-align: center;"><strong>Informação importante</strong></div>
<div style="text-align: justify;">A inscrição no Congresso é gratuita. No entanto, a Comissão Organizadora solicita às pessoas participantes que façam uma contribuição solidária no primeiro dia da sua participação, consistindo em 1 Kg de alimento não perecível por pessoa. Essa contribuição será posteriormente distribuída, por pessoas voluntárias, junto das cozinhas solidárias da cidade de Pelotas.</div>
<p>&nbsp;</p>
<p style="text-align: center;"><strong>Registration</strong></p>
<p style="text-align: justify;"><span style="font-weight: 400;">The </span><b>9</b><b>th</b><b> International Congress of Philosophy</b><span style="font-weight: 400;"> – previously called International Congress of Moral and Political Philosophy –, organized by the </span><b>Graduate Program in Philosophy of the Federal University of Pelotas (UFPel)</b><span style="font-weight: 400;">, will take place </span><b>from</b> <b>03 to 06 of November 2025</b><span style="font-weight: 400;">,</span> <span style="font-weight: 400;">addressing the relation between </span><b>Nature, Ecopolitics and Technology</b><span style="font-weight: 400;">. </span></p>
<p style="text-align: justify;"><span style="font-weight: 400;">The </span><b>9</b><b>th</b><b> International Congress of Philosophy</b><span style="font-weight: 400;"> seeks to promote reflection on two dimensions of that relation: the one regarding human relations, focusing on society, some of the recent technological developments, their presuppositions and ethical, social, and political implications (artificial intelligence and its ethical and political ramifications, privacy, erosion of democracy, rights and institutions, technological potential for control and liberation, etc.); and the other pertaining to the relation of human beings and their surroundings, the evaluation of its ontological, epistemic, ethical, and political presuppositions, its impacts, challenges and possibilities for action, as well as the place held in it by technology and biotechnology). </span></p>
<p style="text-align: center;"><strong>Registration</strong> is free and must take place until November 2, 2025 using <a href="https://forms.gle/hHERUqfi7Qixkixz7"><strong>this form</strong>.</a></p>
<p style="text-align: center;">Registration is mandatory to obtain a certificate.</p>
<p style="text-align: center;"><strong>Relevant information</strong></p>
<p style="text-align: justify;">Registration in the Congress is free of charge. However, the Organizing Committee asks the participants to contribute with 1 Kg of non-perishable foods per person. The contributions will later be delivered, by volunteers, to community kitchens in Pelotas.</p>

<p>IX Congresso Internacional de Filosofia Natureza, Ecopolítica, Tecnologia PPG Filosofia/UFPel, 03-06 novembro 2025 &nbsp; O IX Congresso Internacional de Filosofia – anteriormente Congresso Internacional de Filosofia Moral e Política –, promovido pelo Programa de Pós-Graduação em Filosofia da Universidade Federal de Pelotas, decorrerá entre 03 e 06 de novembro de 2025 e terá como tema aglutinador [&hellip;]</p>
