{"id":169,"date":"2017-06-20T23:56:02","date_gmt":"2017-06-21T02:56:02","guid":{"rendered":"https:\/\/wp.ufpel.edu.br\/cifmp\/?page_id=169"},"modified":"2024-10-29T19:56:36","modified_gmt":"2024-10-29T22:56:36","slug":"sobre-pelotas","status":"publish","type":"page","link":"https:\/\/wp.ufpel.edu.br\/cifmp\/sobre-pelotas\/","title":{"rendered":"Sobre Pelotas"},"content":{"rendered":"<div>\n<div class=\"\"><strong>Breve hist\u00f3ria de Pelotas<\/strong><\/div>\n<div><\/div>\n<div class=\"\">\n<div class=\"_1mf _1mj\" style=\"text-align: justify;\">Devemos ao pintor franc\u00eas Jean-Baptiste Debret o retrato, no in\u00edcio do s\u00e9culo XIX, dos \u201cbarcos de couro\u201d do sul do Brasil, conhecidos como \u201cPelotas\u201d. Cidade que tem seus prim\u00f3rdios por volta de 1780, com a funda\u00e7\u00e3o das charqueadas, ela tornou-se rapidamente o maior p\u00f3lo saladeiril sul-riograndense, sendo que, dentre os primeiros charqueadores, destaca-se o nome de Domingos de Almeida, um dos principais articuladores intelectuais da Revolu\u00e7\u00e3o Farroupilha. A opul\u00eancia econ\u00f4mica da cidade fez seu nome n\u00e3o somente figurar no mapa mundi, mas possibilitou a forma\u00e7\u00e3o de diversos de seus habitantes em solo europeu, de onde tamb\u00e9m trouxeram toda a influ\u00eancia cultural e arquitet\u00f4nica \u2012 fixadas em seguida na linguagem coloquial que, naquela \u00e9poca, passou a designar o local como \u201cAtenas do Sul\u201d e \u201cPrincesa do Sul\u201d.<\/div>\n<\/div>\n<div class=\"\"><\/div>\n<div class=\"\"><a href=\"https:\/\/wp.ufpel.edu.br\/cifmp\/?attachment_id=151#main\" rel=\"attachment wp-att-151\"><img loading=\"lazy\" decoding=\"async\" class=\"size-medium wp-image-151 aligncenter\" src=\"https:\/\/wp.ufpel.edu.br\/cifmp\/files\/2017\/06\/capa-1-424x276.jpg\" alt=\"\" width=\"424\" height=\"276\" srcset=\"https:\/\/wp.ufpel.edu.br\/cifmp\/files\/2017\/06\/capa-1-424x276.jpg 424w, https:\/\/wp.ufpel.edu.br\/cifmp\/files\/2017\/06\/capa-1-212x138.jpg 212w, https:\/\/wp.ufpel.edu.br\/cifmp\/files\/2017\/06\/capa-1-461x300.jpg 461w, https:\/\/wp.ufpel.edu.br\/cifmp\/files\/2017\/06\/capa-1.jpg 530w\" sizes=\"auto, (max-width: 424px) 100vw, 424px\" \/><\/a><\/div>\n<p style=\"text-align: center;\"><span style=\"font-size: 10pt;\">Pra\u00e7a Cel Pedro Os\u00f3rio esquina Lobo da Costa, fonte Almanaque do Bicenten\u00e1rio de Pelotas<\/span><\/p>\n<p style=\"text-align: center;\"><a href=\"https:\/\/wp.ufpel.edu.br\/cifmp\/?attachment_id=154#main\" rel=\"attachment wp-att-154\"><img loading=\"lazy\" decoding=\"async\" class=\"size-medium wp-image-154 aligncenter\" src=\"https:\/\/wp.ufpel.edu.br\/cifmp\/files\/2017\/06\/chafariz-424x269.jpg\" alt=\"\" width=\"424\" height=\"269\" srcset=\"https:\/\/wp.ufpel.edu.br\/cifmp\/files\/2017\/06\/chafariz-424x269.jpg 424w, https:\/\/wp.ufpel.edu.br\/cifmp\/files\/2017\/06\/chafariz-212x134.jpg 212w, https:\/\/wp.ufpel.edu.br\/cifmp\/files\/2017\/06\/chafariz-473x300.jpg 473w, https:\/\/wp.ufpel.edu.br\/cifmp\/files\/2017\/06\/chafariz.jpg 530w\" sizes=\"auto, (max-width: 424px) 100vw, 424px\" \/><\/a><span style=\"font-size: 10pt;\">Chafariz da P\u00e7a Cel Pedro Os\u00f3rio em 1940, ao fundo o Grande Hotel<\/span><\/p>\n<p style=\"text-align: justify;\">Cidade que atraiu viajantes e cronistas como Saint-Hilaire e Ars\u00e8ne Isabelle, ela foi elevada \u00e0 condi\u00e7\u00e3o de freguesia em 1812 e, j\u00e1 no final do s\u00e9culo XIX, tinha \u201cpraticamente a mesma popula\u00e7\u00e3o de Porto Alegre e S\u00e3o Paulo\u201d. Economia que construiu o primeiro barco a vapor no Brasil, se, por um lado, ela cresceu baseada na m\u00e3o-de-obra escrava, por outro ela produziu personalidades pol\u00edticas como Ferreira Viana (o autor do projeto de aboli\u00e7\u00e3o da escravatura no Brasil) e \u00c1lvaro Chaves (que reorganizou o Partido Republicano no Rio de Janeiro e fundou o Clube Republicano sul-riograndense). Diga-se, de passagem, que Pelotas \u00e9 a \u00fanica cidade brasileira a erguer um obelisco em favor da Rep\u00fablica em pleno regime mon\u00e1rquico. E \u00e9 ainda o passado escravista da cidade e sua Biblioteca P\u00fablica erguida em 1875 que atra\u00edram para c\u00e1 muito pesquisadores, dentre eles o soci\u00f3logo Fernando Henrique Cardoso, que nela encontrou subs\u00eddios para sua tese <em>Capitalismo e escravid\u00e3o no Brasil Meridional.<\/em><\/p>\n<p style=\"text-align: center;\"><a href=\"https:\/\/wp.ufpel.edu.br\/cifmp\/?attachment_id=155#main\" rel=\"attachment wp-att-155\"><img loading=\"lazy\" decoding=\"async\" class=\"size-medium wp-image-155 aligncenter\" src=\"https:\/\/wp.ufpel.edu.br\/cifmp\/files\/2017\/06\/igreja-395x318.jpg\" alt=\"\" width=\"395\" height=\"318\" srcset=\"https:\/\/wp.ufpel.edu.br\/cifmp\/files\/2017\/06\/igreja-395x318.jpg 395w, https:\/\/wp.ufpel.edu.br\/cifmp\/files\/2017\/06\/igreja-197x159.jpg 197w, https:\/\/wp.ufpel.edu.br\/cifmp\/files\/2017\/06\/igreja-372x300.jpg 372w, https:\/\/wp.ufpel.edu.br\/cifmp\/files\/2017\/06\/igreja.jpg 530w\" sizes=\"auto, (max-width: 395px) 100vw, 395px\" \/><\/a><span style=\"font-size: 10pt;\">Pelotas Igreja Matriz, em 1902<\/span><\/p>\n<p style=\"text-align: center;\"><a href=\"https:\/\/wp.ufpel.edu.br\/cifmp\/?attachment_id=156#main\" rel=\"attachment wp-att-156\"><img loading=\"lazy\" decoding=\"async\" class=\"size-medium wp-image-156 aligncenter\" src=\"https:\/\/wp.ufpel.edu.br\/cifmp\/files\/2017\/06\/banco-277x318.jpg\" alt=\"\" width=\"277\" height=\"318\" srcset=\"https:\/\/wp.ufpel.edu.br\/cifmp\/files\/2017\/06\/banco-277x318.jpg 277w, https:\/\/wp.ufpel.edu.br\/cifmp\/files\/2017\/06\/banco-139x159.jpg 139w, https:\/\/wp.ufpel.edu.br\/cifmp\/files\/2017\/06\/banco-262x300.jpg 262w, https:\/\/wp.ufpel.edu.br\/cifmp\/files\/2017\/06\/banco.jpg 530w\" sizes=\"auto, (max-width: 277px) 100vw, 277px\" \/><\/a><span style=\"font-size: 10pt;\">Sede do Banco Pelotense, atualmente Sede do Banrisul em Pelotas<\/span><\/p>\n<p style=\"text-align: justify;\">O resultado da opul\u00eancia econ\u00f4mica e cultural fez-se sentir n\u00e3o apenas nos chafarizes importados da Fran\u00e7a (verdadeiros cart\u00f5es postais da <em>urbe<\/em> at\u00e9 os dias de hoje), mas, sobretudo, nas letras e nas artes: do poeta Lobo da Costa ao intelectual e escritor urbano Jo\u00e3o Sim\u00f5es Lopes Neto (que comporia os <em>Contos Gauchescos<\/em> e as <em>Lendas do Sul<\/em> \u2012 obras que influenciariam o escritor Guimar\u00e3es Rosa na composi\u00e7\u00e3o de <em>Grande Sert\u00e3o: Veredas<\/em>). \u00c9 daqui tamb\u00e9m que saem o Patrono da imprensa no Brasil (Hip\u00f3lito Jos\u00e9 da Costa) e as primeiras m\u00e9dicas formadas no pa\u00eds. J\u00e1 na pintura destaca-se o nome de Leopoldo Gotuzzo, e na escultura o de Antonio Caringi (um dos maiores escultores ga\u00fachos). Pelotas \u00e9 tamb\u00e9m o ber\u00e7o do Teatro 7 de Abril (um dos mais antigos teatros brasileiros), e do Conservat\u00f3rio de M\u00fasica, a segunda institui\u00e7\u00e3o fundada para o ensino de m\u00fasica no Rio Grande do Sul e a sexta no Brasil, com atividades ininterrupta at\u00e9 os dias de hoje. N\u00e3o \u00e9 ao acaso, portanto, que o cen\u00e1rio musical tenha dado ao cen\u00e1rio musical uma int\u00e9rprete l\u00edrica como a soprano Zola Amaro. \u00c9 aqui tamb\u00e9m que viveu, durante sua inf\u00e2ncia e adolesc\u00eancia, M\u00e1rio Ferreira dos Santos, considerado por muitos como um nome de destaque no cen\u00e1rio filos\u00f3fico brasileiro.<\/p>\n<p style=\"text-align: center;\"><a href=\"https:\/\/wp.ufpel.edu.br\/cifmp\/?attachment_id=157#main\" rel=\"attachment wp-att-157\"><img loading=\"lazy\" decoding=\"async\" class=\"size-medium wp-image-157 aligncenter\" src=\"https:\/\/wp.ufpel.edu.br\/cifmp\/files\/2017\/06\/sete-424x318.jpg\" alt=\"\" width=\"424\" height=\"318\" srcset=\"https:\/\/wp.ufpel.edu.br\/cifmp\/files\/2017\/06\/sete-424x318.jpg 424w, https:\/\/wp.ufpel.edu.br\/cifmp\/files\/2017\/06\/sete-212x159.jpg 212w, https:\/\/wp.ufpel.edu.br\/cifmp\/files\/2017\/06\/sete-399x300.jpg 399w, https:\/\/wp.ufpel.edu.br\/cifmp\/files\/2017\/06\/sete.jpg 530w\" sizes=\"auto, (max-width: 424px) 100vw, 424px\" \/><\/a><span style=\"font-size: 10pt;\">Pelotas, p\u00fablico no interior do Teatro 7 de Abril<\/span><\/p>\n<p style=\"text-align: justify;\" align=\"left\">O Programa de P\u00f3s-Gradua\u00e7\u00e3o em Filosofia, bem como o Departamento de Filosofia, tem assim o prazer de receber seus convidados nesta \u201ccapital cultural\u201d, onde se destaca, no Brasil Meridional, a Universidade Federal de Pelotas com seus 101 cursos de gradua\u00e7\u00e3o, 14 cursos de Doutorado e 39 cursos de Mestrado.<\/p>\n<p style=\"text-align: justify;\" align=\"left\"><em>Prof. Lu\u00eds Rubira<\/em><\/p>\n<p align=\"left\"><span style=\"font-size: 18pt;\"><strong>Mais informa\u00e7\u00f5es:<\/strong><\/span><\/p>\n<p align=\"left\"><a href=\"https:\/\/wp.ufpel.edu.br\/cifmp\/hoteis-em-pelotas\/\">Hot\u00e9is em Pelotas<\/a><\/p>\n<p style=\"text-align: justify;\" align=\"left\">Acesse o site da cidade e encontre mais sobre pontos tur\u00edsticos, cultura, gastronomia e outros em Pelotas.<\/p>\n<p align=\"left\"><a class=\"link11\" href=\"http:\/\/www.pelotas.com.br\/\" target=\"_blank\" rel=\"noopener noreferrer\">www.pelotas.com.br<\/a><\/p>\n<p><a class=\"link11\" href=\"http:\/\/www.pelotasturismo.com.br\/\" target=\"_blank\" rel=\"noopener noreferrer\">www.pelotasturismo.com.br<\/a><\/p>\n<p><a class=\"link11\" href=\"http:\/\/www.almanaquedepelotas.com.br\/apresenta.htm\" target=\"_blank\" rel=\"noopener noreferrer\">www.almanaquedepelotas.com.br<\/a><\/p>\n<\/div>\n","protected":false},"excerpt":{"rendered":"<p>Breve hist\u00f3ria de Pelotas Devemos ao pintor franc\u00eas Jean-Baptiste Debret o retrato, no in\u00edcio do s\u00e9culo XIX, dos \u201cbarcos de couro\u201d do sul do Brasil, conhecidos como \u201cPelotas\u201d. Cidade que tem seus prim\u00f3rdios por volta de 1780, com a funda\u00e7\u00e3o das charqueadas, ela tornou-se rapidamente o maior p\u00f3lo saladeiril sul-riograndense, sendo que, dentre os primeiros [&hellip;]<\/p>\n","protected":false},"author":471,"featured_media":155,"parent":0,"menu_order":0,"comment_status":"closed","ping_status":"closed","template":"","meta":{"footnotes":""},"class_list":["post-169","page","type-page","status-publish","has-post-thumbnail","hentry","post","post-with-thumbnail","post-with-thumbnail-large"],"publishpress_future_action":{"enabled":false,"date":"2026-05-06 12:02:23","action":"change-status","newStatus":"draft","terms":[],"taxonomy":"","extraData":[]},"publishpress_future_workflow_manual_trigger":{"enabledWorkflows":[]},"_links":{"self":[{"href":"https:\/\/wp.ufpel.edu.br\/cifmp\/wp-json\/wp\/v2\/pages\/169","targetHints":{"allow":["GET"]}}],"collection":[{"href":"https:\/\/wp.ufpel.edu.br\/cifmp\/wp-json\/wp\/v2\/pages"}],"about":[{"href":"https:\/\/wp.ufpel.edu.br\/cifmp\/wp-json\/wp\/v2\/types\/page"}],"author":[{"embeddable":true,"href":"https:\/\/wp.ufpel.edu.br\/cifmp\/wp-json\/wp\/v2\/users\/471"}],"replies":[{"embeddable":true,"href":"https:\/\/wp.ufpel.edu.br\/cifmp\/wp-json\/wp\/v2\/comments?post=169"}],"version-history":[{"count":4,"href":"https:\/\/wp.ufpel.edu.br\/cifmp\/wp-json\/wp\/v2\/pages\/169\/revisions"}],"predecessor-version":[{"id":714,"href":"https:\/\/wp.ufpel.edu.br\/cifmp\/wp-json\/wp\/v2\/pages\/169\/revisions\/714"}],"wp:featuredmedia":[{"embeddable":true,"href":"https:\/\/wp.ufpel.edu.br\/cifmp\/wp-json\/wp\/v2\/media\/155"}],"wp:attachment":[{"href":"https:\/\/wp.ufpel.edu.br\/cifmp\/wp-json\/wp\/v2\/media?parent=169"}],"curies":[{"name":"wp","href":"https:\/\/api.w.org\/{rel}","templated":true}]}}

<div>
<div class=""><strong>Breve história de Pelotas</strong></div>
<div></div>
<div class="">
<div class="_1mf _1mj" style="text-align: justify;">Devemos ao pintor francês Jean-Baptiste Debret o retrato, no início do século XIX, dos “barcos de couro” do sul do Brasil, conhecidos como “Pelotas”. Cidade que tem seus primórdios por volta de 1780, com a fundação das charqueadas, ela tornou-se rapidamente o maior pólo saladeiril sul-riograndense, sendo que, dentre os primeiros charqueadores, destaca-se o nome de Domingos de Almeida, um dos principais articuladores intelectuais da Revolução Farroupilha. A opulência econômica da cidade fez seu nome não somente figurar no mapa mundi, mas possibilitou a formação de diversos de seus habitantes em solo europeu, de onde também trouxeram toda a influência cultural e arquitetônica ‒ fixadas em seguida na linguagem coloquial que, naquela época, passou a designar o local como “Atenas do Sul” e “Princesa do Sul”.</div>
</div>
<div class=""></div>
<div class=""><a href="https://wp.ufpel.edu.br/cifmp/?attachment_id=151#main" rel="attachment wp-att-151"><img loading="lazy" decoding="async" class="size-medium wp-image-151 aligncenter" src="https://wp.ufpel.edu.br/cifmp/files/2017/06/capa-1-424x276.jpg" alt="" width="424" height="276" srcset="https://wp.ufpel.edu.br/cifmp/files/2017/06/capa-1-424x276.jpg 424w, https://wp.ufpel.edu.br/cifmp/files/2017/06/capa-1-212x138.jpg 212w, https://wp.ufpel.edu.br/cifmp/files/2017/06/capa-1-461x300.jpg 461w, https://wp.ufpel.edu.br/cifmp/files/2017/06/capa-1.jpg 530w" sizes="auto, (max-width: 424px) 100vw, 424px" /></a></div>
<p style="text-align: center;"><span style="font-size: 10pt;">Praça Cel Pedro Osório esquina Lobo da Costa, fonte Almanaque do Bicentenário de Pelotas</span></p>
<p style="text-align: center;"><a href="https://wp.ufpel.edu.br/cifmp/?attachment_id=154#main" rel="attachment wp-att-154"><img loading="lazy" decoding="async" class="size-medium wp-image-154 aligncenter" src="https://wp.ufpel.edu.br/cifmp/files/2017/06/chafariz-424x269.jpg" alt="" width="424" height="269" srcset="https://wp.ufpel.edu.br/cifmp/files/2017/06/chafariz-424x269.jpg 424w, https://wp.ufpel.edu.br/cifmp/files/2017/06/chafariz-212x134.jpg 212w, https://wp.ufpel.edu.br/cifmp/files/2017/06/chafariz-473x300.jpg 473w, https://wp.ufpel.edu.br/cifmp/files/2017/06/chafariz.jpg 530w" sizes="auto, (max-width: 424px) 100vw, 424px" /></a><span style="font-size: 10pt;">Chafariz da Pça Cel Pedro Osório em 1940, ao fundo o Grande Hotel</span></p>
<p style="text-align: justify;">Cidade que atraiu viajantes e cronistas como Saint-Hilaire e Arsène Isabelle, ela foi elevada à condição de freguesia em 1812 e, já no final do século XIX, tinha “praticamente a mesma população de Porto Alegre e São Paulo”. Economia que construiu o primeiro barco a vapor no Brasil, se, por um lado, ela cresceu baseada na mão-de-obra escrava, por outro ela produziu personalidades políticas como Ferreira Viana (o autor do projeto de abolição da escravatura no Brasil) e Álvaro Chaves (que reorganizou o Partido Republicano no Rio de Janeiro e fundou o Clube Republicano sul-riograndense). Diga-se, de passagem, que Pelotas é a única cidade brasileira a erguer um obelisco em favor da República em pleno regime monárquico. E é ainda o passado escravista da cidade e sua Biblioteca Pública erguida em 1875 que atraíram para cá muito pesquisadores, dentre eles o sociólogo Fernando Henrique Cardoso, que nela encontrou subsídios para sua tese <em>Capitalismo e escravidão no Brasil Meridional.</em></p>
<p style="text-align: center;"><a href="https://wp.ufpel.edu.br/cifmp/?attachment_id=155#main" rel="attachment wp-att-155"><img loading="lazy" decoding="async" class="size-medium wp-image-155 aligncenter" src="https://wp.ufpel.edu.br/cifmp/files/2017/06/igreja-395x318.jpg" alt="" width="395" height="318" srcset="https://wp.ufpel.edu.br/cifmp/files/2017/06/igreja-395x318.jpg 395w, https://wp.ufpel.edu.br/cifmp/files/2017/06/igreja-197x159.jpg 197w, https://wp.ufpel.edu.br/cifmp/files/2017/06/igreja-372x300.jpg 372w, https://wp.ufpel.edu.br/cifmp/files/2017/06/igreja.jpg 530w" sizes="auto, (max-width: 395px) 100vw, 395px" /></a><span style="font-size: 10pt;">Pelotas Igreja Matriz, em 1902</span></p>
<p style="text-align: center;"><a href="https://wp.ufpel.edu.br/cifmp/?attachment_id=156#main" rel="attachment wp-att-156"><img loading="lazy" decoding="async" class="size-medium wp-image-156 aligncenter" src="https://wp.ufpel.edu.br/cifmp/files/2017/06/banco-277x318.jpg" alt="" width="277" height="318" srcset="https://wp.ufpel.edu.br/cifmp/files/2017/06/banco-277x318.jpg 277w, https://wp.ufpel.edu.br/cifmp/files/2017/06/banco-139x159.jpg 139w, https://wp.ufpel.edu.br/cifmp/files/2017/06/banco-262x300.jpg 262w, https://wp.ufpel.edu.br/cifmp/files/2017/06/banco.jpg 530w" sizes="auto, (max-width: 277px) 100vw, 277px" /></a><span style="font-size: 10pt;">Sede do Banco Pelotense, atualmente Sede do Banrisul em Pelotas</span></p>
<p style="text-align: justify;">O resultado da opulência econômica e cultural fez-se sentir não apenas nos chafarizes importados da França (verdadeiros cartões postais da <em>urbe</em> até os dias de hoje), mas, sobretudo, nas letras e nas artes: do poeta Lobo da Costa ao intelectual e escritor urbano João Simões Lopes Neto (que comporia os <em>Contos Gauchescos</em> e as <em>Lendas do Sul</em> ‒ obras que influenciariam o escritor Guimarães Rosa na composição de <em>Grande Sertão: Veredas</em>). É daqui também que saem o Patrono da imprensa no Brasil (Hipólito José da Costa) e as primeiras médicas formadas no país. Já na pintura destaca-se o nome de Leopoldo Gotuzzo, e na escultura o de Antonio Caringi (um dos maiores escultores gaúchos). Pelotas é também o berço do Teatro 7 de Abril (um dos mais antigos teatros brasileiros), e do Conservatório de Música, a segunda instituição fundada para o ensino de música no Rio Grande do Sul e a sexta no Brasil, com atividades ininterrupta até os dias de hoje. Não é ao acaso, portanto, que o cenário musical tenha dado ao cenário musical uma intérprete lírica como a soprano Zola Amaro. É aqui também que viveu, durante sua infância e adolescência, Mário Ferreira dos Santos, considerado por muitos como um nome de destaque no cenário filosófico brasileiro.</p>
<p style="text-align: center;"><a href="https://wp.ufpel.edu.br/cifmp/?attachment_id=157#main" rel="attachment wp-att-157"><img loading="lazy" decoding="async" class="size-medium wp-image-157 aligncenter" src="https://wp.ufpel.edu.br/cifmp/files/2017/06/sete-424x318.jpg" alt="" width="424" height="318" srcset="https://wp.ufpel.edu.br/cifmp/files/2017/06/sete-424x318.jpg 424w, https://wp.ufpel.edu.br/cifmp/files/2017/06/sete-212x159.jpg 212w, https://wp.ufpel.edu.br/cifmp/files/2017/06/sete-399x300.jpg 399w, https://wp.ufpel.edu.br/cifmp/files/2017/06/sete.jpg 530w" sizes="auto, (max-width: 424px) 100vw, 424px" /></a><span style="font-size: 10pt;">Pelotas, público no interior do Teatro 7 de Abril</span></p>
<p style="text-align: justify;" align="left">O Programa de Pós-Graduação em Filosofia, bem como o Departamento de Filosofia, tem assim o prazer de receber seus convidados nesta “capital cultural”, onde se destaca, no Brasil Meridional, a Universidade Federal de Pelotas com seus 101 cursos de graduação, 14 cursos de Doutorado e 39 cursos de Mestrado.</p>
<p style="text-align: justify;" align="left"><em>Prof. Luís Rubira</em></p>
<p align="left"><span style="font-size: 18pt;"><strong>Mais informações:</strong></span></p>
<p align="left"><a href="https://wp.ufpel.edu.br/cifmp/hoteis-em-pelotas/">Hotéis em Pelotas</a></p>
<p style="text-align: justify;" align="left">Acesse o site da cidade e encontre mais sobre pontos turísticos, cultura, gastronomia e outros em Pelotas.</p>
<p align="left"><a class="link11" href="http://www.pelotas.com.br/" target="_blank" rel="noopener noreferrer">www.pelotas.com.br</a></p>
<p><a class="link11" href="http://www.pelotasturismo.com.br/" target="_blank" rel="noopener noreferrer">www.pelotasturismo.com.br</a></p>
<p><a class="link11" href="http://www.almanaquedepelotas.com.br/apresenta.htm" target="_blank" rel="noopener noreferrer">www.almanaquedepelotas.com.br</a></p>
</div>

<p>Breve história de Pelotas Devemos ao pintor francês Jean-Baptiste Debret o retrato, no início do século XIX, dos “barcos de couro” do sul do Brasil, conhecidos como “Pelotas”. Cidade que tem seus primórdios por volta de 1780, com a fundação das charqueadas, ela tornou-se rapidamente o maior pólo saladeiril sul-riograndense, sendo que, dentre os primeiros [&hellip;]</p>
