{"id":42,"date":"2010-05-04T09:32:12","date_gmt":"2010-05-04T12:32:12","guid":{"rendered":"https:\/\/wp.ufpel.edu.br\/cienciassociais\/?page_id=42"},"modified":"2017-08-23T14:31:33","modified_gmt":"2017-08-23T17:31:33","slug":"sobre-o-curso","status":"publish","type":"page","link":"https:\/\/wp.ufpel.edu.br\/cienciassociais\/sobre-o-curso\/","title":{"rendered":"Sobre o Curso"},"content":{"rendered":"<p>O <strong>Curso de Ci\u00eancias Sociais<\/strong> com habilita\u00e7\u00f5es em <strong>Bacharelado<\/strong> e <strong>Licenciatura<\/strong>\u00a0est\u00e1 lotado no Instituto de Filosofia, Sociologia e Pol\u00edtica da Universidade Federal de Pelotas.<\/p>\n<p>O <strong>Curso de Ci\u00eancias Sociais Bacharelado<\/strong> foi\u00a0criado pela Portaria n\u00ba 08, de 20 de julho de 1990, do Conselho Universit\u00e1rio,\u00a0tendo sido\u00a0reconhecido atrav\u00e9s da portaria n\u00ba 212 de 11 de fevereiro de 1999, do Minist\u00e9rio da Educa\u00e7\u00e3o.<br \/>\n<strong>Turno de funcionamento: <\/strong>Noturno<br \/>\n<strong>Dura\u00e7\u00e3o do Curso: <\/strong>M\u00ednimo de oito (8)\u00a0e m\u00e1ximo de doze (12) semestres.<br \/>\n<strong>\u00a0\u00a0\u00a0\u00a0\u00a0\u00a0\u00a0\u00a0\u00a0\u00a0\u00a0\u00a0\u00a0\u00a0 \u00a0N\u00ba de vagas no ingresso:<\/strong> 40<\/p>\n<p>O <strong>Curso de Ci\u00eancias Sociais Bacharelado <\/strong>visa \u00e0 forma\u00e7\u00e3o de pesquisadores que poder\u00e3o atuar tanto na \u00e1rea acad\u00eamica (na doc\u00eancia e no desenvolvimento de projetos de pesquisa social) como no setor p\u00fablico ou privado, na elabora\u00e7\u00e3o, planejamento, supervis\u00e3o, implanta\u00e7\u00e3o, execu\u00e7\u00e3o, acompanhamento e\/ou avalia\u00e7\u00e3o de projetos de pesquisa ou de interven\u00e7\u00e3o na \u00e1rea social. Neste sentido, atrav\u00e9s da mobiliza\u00e7\u00e3o de suas habilidades e compet\u00eancias te\u00f3ricas e metodol\u00f3gicas, o profissional das ci\u00eancias sociais (Sociologia, Ci\u00eancia Pol\u00edtica e Antropologia) contribui para a compreens\u00e3o e interpreta\u00e7\u00e3o da realidade social, para o debate te\u00f3rico e o di\u00e1logo intra e interdisciplinar, bem como para a reflex\u00e3o e o debate p\u00fablico a respeito dos problemas sociais.<br \/>\nA Profiss\u00e3o de Soci\u00f3logo e as condi\u00e7\u00f5es necess\u00e1rias ao seu exerc\u00edcio, habilita\u00e7\u00e3o e compet\u00eancias s\u00e3o previstos e regulamentados pela Lei n\u00ba 6.888, de 10 de dezembro de 1980, e pelo Decreto n\u00ba 89.531, de 05 de abril de 1984.<\/p>\n<p>O <strong><strong>Curso de Ci\u00eancias Sociais Licenciatura<\/strong><\/strong>\u00a0foi criado pela Portaria n\u00ba 008, de 05 de julho de 1995, do Conselho Universit\u00e1rio, tendo sido reconhecido pelo Minist\u00e9rio da Educa\u00e7\u00e3o atrav\u00e9s da Portaria n\u00ba 52 de 26 de maio de 2006.<br \/>\n<strong>\u00a0\u00a0\u00a0\u00a0\u00a0\u00a0\u00a0\u00a0\u00a0\u00a0\u00a0\u00a0\u00a0\u00a0 Turno de funcionamento<\/strong>: Noturno<br \/>\n<strong>\u00a0\u00a0\u00a0\u00a0\u00a0\u00a0\u00a0\u00a0\u00a0\u00a0\u00a0\u00a0\u00a0\u00a0 Dura\u00e7\u00e3o do Curso: <\/strong>M\u00ednimo de oito (8)\u00a0e m\u00e1ximo de doze (12) semestres.<br \/>\n<strong>\u00a0\u00a0\u00a0\u00a0\u00a0\u00a0\u00a0\u00a0\u00a0\u00a0\u00a0\u00a0\u00a0\u00a0 N\u00ba de vagas no ingresso:<\/strong> 40<\/p>\n<p>O <strong>Curso de Ci\u00eancias Sociais Licenciatura <\/strong>visa \u00e0 forma\u00e7\u00e3o de professores da educa\u00e7\u00e3o b\u00e1sica e de pesquisadores na \u00e1rea de ci\u00eancias sociais (Sociologia, Ci\u00eancia Pol\u00edtica e Antropologia) capacitados a produzir, refletir, criticar, transmitir e debater os conhecimentos, temas e problemas referentes a este campo disciplinar. Neste sentido, atrav\u00e9s da mobiliza\u00e7\u00e3o de suas habilidades e compet\u00eancias te\u00f3ricas e metodol\u00f3gicas, os professores e pesquisadores das ci\u00eancias sociais contribuem para a compreens\u00e3o e interpreta\u00e7\u00e3o da realidade social, para o debate te\u00f3rico e o di\u00e1logo intra e interdisciplinar, bem como para a reflex\u00e3o e o debate p\u00fablico a respeito dos problemas sociais. O campo privilegiado de atua\u00e7\u00e3o profissional dos licenciados em ci\u00eancias sociais s\u00e3o as escolas da rede p\u00fablica e privada de ensino b\u00e1sico e todas aquelas institui\u00e7\u00f5es ligadas \u00e0s atividades educacionais.<\/p>\n","protected":false},"excerpt":{"rendered":"<p>O Curso de Ci\u00eancias Sociais com habilita\u00e7\u00f5es em Bacharelado e Licenciatura\u00a0est\u00e1 lotado no Instituto de Filosofia, Sociologia e Pol\u00edtica da Universidade Federal de Pelotas. O Curso de Ci\u00eancias Sociais Bacharelado foi\u00a0criado pela Portaria n\u00ba 08, de 20 de julho de 1990, do Conselho Universit\u00e1rio,\u00a0tendo sido\u00a0reconhecido atrav\u00e9s da portaria n\u00ba 212 de 11 de fevereiro de [&hellip;]<\/p>\n","protected":false},"author":56,"featured_media":0,"parent":0,"menu_order":1,"comment_status":"closed","ping_status":"closed","template":"","meta":{"footnotes":""},"class_list":["post-42","page","type-page","status-publish","hentry"],"_links":{"self":[{"href":"https:\/\/wp.ufpel.edu.br\/cienciassociais\/wp-json\/wp\/v2\/pages\/42","targetHints":{"allow":["GET"]}}],"collection":[{"href":"https:\/\/wp.ufpel.edu.br\/cienciassociais\/wp-json\/wp\/v2\/pages"}],"about":[{"href":"https:\/\/wp.ufpel.edu.br\/cienciassociais\/wp-json\/wp\/v2\/types\/page"}],"author":[{"embeddable":true,"href":"https:\/\/wp.ufpel.edu.br\/cienciassociais\/wp-json\/wp\/v2\/users\/56"}],"replies":[{"embeddable":true,"href":"https:\/\/wp.ufpel.edu.br\/cienciassociais\/wp-json\/wp\/v2\/comments?post=42"}],"version-history":[{"count":9,"href":"https:\/\/wp.ufpel.edu.br\/cienciassociais\/wp-json\/wp\/v2\/pages\/42\/revisions"}],"predecessor-version":[{"id":939,"href":"https:\/\/wp.ufpel.edu.br\/cienciassociais\/wp-json\/wp\/v2\/pages\/42\/revisions\/939"}],"wp:attachment":[{"href":"https:\/\/wp.ufpel.edu.br\/cienciassociais\/wp-json\/wp\/v2\/media?parent=42"}],"curies":[{"name":"wp","href":"https:\/\/api.w.org\/{rel}","templated":true}]}}