{"id":283,"date":"2011-04-18T19:19:52","date_gmt":"2011-04-18T22:19:52","guid":{"rendered":"https:\/\/wp.ufpel.edu.br\/cienciassociais\/"},"modified":"2017-08-22T17:16:34","modified_gmt":"2017-08-22T20:16:34","slug":"reforma-ppp-e-curriculo","status":"publish","type":"page","link":"https:\/\/wp.ufpel.edu.br\/cienciassociais\/projetos-pedagogicos\/reforma-ppp-e-curriculo\/","title":{"rendered":"Reforma Curricular"},"content":{"rendered":"<p>Atrav\u00e9s desta p\u00e1gina, est\u00e3o dispon\u00edveis diversos documentos necess\u00e1rios para subsidiar o debate sobre a reforma do projeto pol\u00edtico-pedag\u00f3gico e do curr\u00edculo dos Cursos de Ci\u00eancias Sociais, bacharelado e licenciatura.<\/p>\n<p><strong>Link para o diagn\u00f3stico preliminar dos Cursos:<\/strong><\/p>\n<p><a href='https:\/\/wp.ufpel.edu.br\/cienciassociais\/files\/2011\/04\/Diagn\u00f3stico-Preliminar-Cursos-de-Ci\u00eancias-Sociais1.pdf'>Diagn\u00f3stico Preliminar Cursos de Ci\u00eancias Sociais<\/a><\/p>\n<p><strong>Links para documentos legais:<\/strong><\/p>\n<p><a href='https:\/\/wp.ufpel.edu.br\/cienciassociais\/files\/2011\/04\/resolu\u00e7\u00e3o-492-2001.pdf'>Parecer CNE_CES 492 2001<\/a><\/p>\n<p><a href='https:\/\/wp.ufpel.edu.br\/cienciassociais\/files\/2011\/04\/Resolu\u00e7\u00e3o-CNE_CES-n\u00ba-17_2002.pdf'>Resolu\u00e7\u00e3o CNE_CES n\u00ba 17_2002<\/a><\/p>\n<p><a href='https:\/\/wp.ufpel.edu.br\/cienciassociais\/files\/2011\/04\/Resolu\u00e7\u00e3o-CNE_CES-02_2007-Bacharelado.pdf'>Resolu\u00e7\u00e3o CNE_CES 02_2007<\/a><\/p>\n<p><a href='https:\/\/wp.ufpel.edu.br\/cienciassociais\/files\/2011\/04\/Resolu\u00e7\u00e3o-CNE_CP-01_2002-Licenciatura.pdf'>Resolu\u00e7\u00e3o CNE_CP 01_2002<\/a><\/p>\n<p><a href='https:\/\/wp.ufpel.edu.br\/cienciassociais\/files\/2011\/04\/Resolu\u00e7\u00e3o-CNE_CP-02_2002-Licenciatura.pdf'>Resolu\u00e7\u00e3o CNE_CP 02_2002<\/a><\/p>\n<p><strong>Links para outros projetos pedag\u00f3gicos:<\/strong><\/p>\n<p><a href='https:\/\/wp.ufpel.edu.br\/cienciassociais\/files\/2011\/04\/Projeto-Pedag\u00f3gico_ciencsociais-UFSCar.pdf'>Projeto Pedag\u00f3gico UFSCar<\/a><\/p>\n<p><a href='https:\/\/wp.ufpel.edu.br\/cienciassociais\/files\/2011\/04\/PPP-Ci\u00eancias-Sociais-UFSC.pdf'>Projeto Pedag\u00f3gico UFSC<\/a><\/p>\n<p><strong>Relat\u00f3rio ENADE 2008<\/strong><\/p>\n<p><a href='https:\/\/wp.ufpel.edu.br\/cienciassociais\/files\/2011\/04\/Relatorio-Ci\u00eancias-Sociais-UFPel-ENADE-2008.pdf'>Relatorio Ci\u00eancias Sociais UFPel ENADE 2008<\/a><\/p>\n","protected":false},"excerpt":{"rendered":"<p>Atrav\u00e9s desta p\u00e1gina, est\u00e3o dispon\u00edveis diversos documentos necess\u00e1rios para subsidiar o debate sobre a reforma do projeto pol\u00edtico-pedag\u00f3gico e do curr\u00edculo dos Cursos de Ci\u00eancias Sociais, bacharelado e licenciatura. Link para o diagn\u00f3stico preliminar dos Cursos: Diagn\u00f3stico Preliminar Cursos de Ci\u00eancias Sociais Links para documentos legais: Parecer CNE_CES 492 2001 Resolu\u00e7\u00e3o CNE_CES n\u00ba 17_2002 Resolu\u00e7\u00e3o [&hellip;]<\/p>\n","protected":false},"author":56,"featured_media":0,"parent":931,"menu_order":0,"comment_status":"closed","ping_status":"closed","template":"","meta":{"footnotes":""},"class_list":["post-283","page","type-page","status-publish","hentry"],"_links":{"self":[{"href":"https:\/\/wp.ufpel.edu.br\/cienciassociais\/wp-json\/wp\/v2\/pages\/283","targetHints":{"allow":["GET"]}}],"collection":[{"href":"https:\/\/wp.ufpel.edu.br\/cienciassociais\/wp-json\/wp\/v2\/pages"}],"about":[{"href":"https:\/\/wp.ufpel.edu.br\/cienciassociais\/wp-json\/wp\/v2\/types\/page"}],"author":[{"embeddable":true,"href":"https:\/\/wp.ufpel.edu.br\/cienciassociais\/wp-json\/wp\/v2\/users\/56"}],"replies":[{"embeddable":true,"href":"https:\/\/wp.ufpel.edu.br\/cienciassociais\/wp-json\/wp\/v2\/comments?post=283"}],"version-history":[{"count":14,"href":"https:\/\/wp.ufpel.edu.br\/cienciassociais\/wp-json\/wp\/v2\/pages\/283\/revisions"}],"predecessor-version":[{"id":936,"href":"https:\/\/wp.ufpel.edu.br\/cienciassociais\/wp-json\/wp\/v2\/pages\/283\/revisions\/936"}],"up":[{"embeddable":true,"href":"https:\/\/wp.ufpel.edu.br\/cienciassociais\/wp-json\/wp\/v2\/pages\/931"}],"wp:attachment":[{"href":"https:\/\/wp.ufpel.edu.br\/cienciassociais\/wp-json\/wp\/v2\/media?parent=283"}],"curies":[{"name":"wp","href":"https:\/\/api.w.org\/{rel}","templated":true}]}}