{"id":1436,"date":"2024-03-12T16:18:41","date_gmt":"2024-03-12T19:18:41","guid":{"rendered":"https:\/\/wp.ufpel.edu.br\/cienciassociais\/?page_id=1436"},"modified":"2025-04-18T10:54:50","modified_gmt":"2025-04-18T13:54:50","slug":"fluxograma","status":"publish","type":"page","link":"https:\/\/wp.ufpel.edu.br\/cienciassociais\/fluxograma\/","title":{"rendered":"Fluxograma &#8211; Licenciatura"},"content":{"rendered":"<p>CS &#8211; Licenciatura Projeto Pedag\u00f3gico &#8211; <strong>2024<\/strong><\/p>\n<p>Elementos estruturais da organiza\u00e7\u00e3o do Curso<\/p>\n<p><a href=\"https:\/\/wp.ufpel.edu.br\/cienciassociais\/files\/2025\/04\/Representacao-Grafica-do-Perfil-de-Formacao-extraida-do-Projeto-Pedagogico-de-Curso-LICENCIATURA.pdf\">Representa\u00e7\u00e3o Gr\u00e1fica do Perfil de Forma\u00e7\u00e3o extra\u00edda do Projeto Pedag\u00f3gico de Curso &#8211; LICENCIATURA<\/a><\/p>\n<p>&nbsp;<\/p>\n<p>&nbsp;<\/p>\n<p>CS &#8211; Licenciatura Projeto Pedag\u00f3gico &#8211; <strong>2016<\/strong><\/p>\n<p><a href=\"https:\/\/wp.ufpel.edu.br\/cienciassociais\/files\/2025\/04\/Fluxograma-LIC-2016.pdf\">Fluxograma LIC 2016<\/a><\/p>\n","protected":false},"excerpt":{"rendered":"<p>CS &#8211; Licenciatura Projeto Pedag\u00f3gico &#8211; 2024 Elementos estruturais da organiza\u00e7\u00e3o do Curso Representa\u00e7\u00e3o Gr\u00e1fica do Perfil de Forma\u00e7\u00e3o extra\u00edda do Projeto Pedag\u00f3gico de Curso &#8211; LICENCIATURA &nbsp; &nbsp; CS &#8211; Licenciatura Projeto Pedag\u00f3gico &#8211; 2016 Fluxograma LIC 2016<\/p>\n","protected":false},"author":56,"featured_media":0,"parent":0,"menu_order":0,"comment_status":"closed","ping_status":"closed","template":"","meta":{"footnotes":""},"class_list":["post-1436","page","type-page","status-publish","hentry"],"_links":{"self":[{"href":"https:\/\/wp.ufpel.edu.br\/cienciassociais\/wp-json\/wp\/v2\/pages\/1436","targetHints":{"allow":["GET"]}}],"collection":[{"href":"https:\/\/wp.ufpel.edu.br\/cienciassociais\/wp-json\/wp\/v2\/pages"}],"about":[{"href":"https:\/\/wp.ufpel.edu.br\/cienciassociais\/wp-json\/wp\/v2\/types\/page"}],"author":[{"embeddable":true,"href":"https:\/\/wp.ufpel.edu.br\/cienciassociais\/wp-json\/wp\/v2\/users\/56"}],"replies":[{"embeddable":true,"href":"https:\/\/wp.ufpel.edu.br\/cienciassociais\/wp-json\/wp\/v2\/comments?post=1436"}],"version-history":[{"count":5,"href":"https:\/\/wp.ufpel.edu.br\/cienciassociais\/wp-json\/wp\/v2\/pages\/1436\/revisions"}],"predecessor-version":[{"id":1665,"href":"https:\/\/wp.ufpel.edu.br\/cienciassociais\/wp-json\/wp\/v2\/pages\/1436\/revisions\/1665"}],"wp:attachment":[{"href":"https:\/\/wp.ufpel.edu.br\/cienciassociais\/wp-json\/wp\/v2\/media?parent=1436"}],"curies":[{"name":"wp","href":"https:\/\/api.w.org\/{rel}","templated":true}]}}

<p>CS &#8211; Licenciatura Projeto Pedagógico &#8211; <strong>2024</strong></p>
<p>Elementos estruturais da organização do Curso</p>
<p><a href="https://wp.ufpel.edu.br/cienciassociais/files/2025/04/Representacao-Grafica-do-Perfil-de-Formacao-extraida-do-Projeto-Pedagogico-de-Curso-LICENCIATURA.pdf">Representação Gráfica do Perfil de Formação extraída do Projeto Pedagógico de Curso &#8211; LICENCIATURA</a></p>
<p>&nbsp;</p>
<p>&nbsp;</p>
<p>CS &#8211; Licenciatura Projeto Pedagógico &#8211; <strong>2016</strong></p>
<p><a href="https://wp.ufpel.edu.br/cienciassociais/files/2025/04/Fluxograma-LIC-2016.pdf">Fluxograma LIC 2016</a></p>

<p>CS &#8211; Licenciatura Projeto Pedagógico &#8211; 2024 Elementos estruturais da organização do Curso Representação Gráfica do Perfil de Formação extraída do Projeto Pedagógico de Curso &#8211; LICENCIATURA &nbsp; &nbsp; CS &#8211; Licenciatura Projeto Pedagógico &#8211; 2016 Fluxograma LIC 2016</p>
