{"id":667,"date":"2024-10-17T13:47:39","date_gmt":"2024-10-17T16:47:39","guid":{"rendered":"https:\/\/wp.ufpel.edu.br\/cienciasbiologicas\/?page_id=667"},"modified":"2024-10-17T14:00:42","modified_gmt":"2024-10-17T17:00:42","slug":"avaliacao","status":"publish","type":"page","link":"https:\/\/wp.ufpel.edu.br\/cienciasbiologicas\/avaliacao\/","title":{"rendered":"Avalia\u00e7\u00e3o"},"content":{"rendered":"<p><strong>Link para o question\u00e1rio:<\/strong><\/p>\n<p><a href=\"https:\/\/docs.google.com\/forms\/d\/e\/1FAIpQLSc55kJZP47udYl1fwqe47PAKaN9QzngbB0GJxtEqeDWSN7hhw\/viewform\">https:\/\/docs.google.com\/forms\/d\/e\/1FAIpQLSc55kJZP47udYl1fwqe47PAKaN9QzngbB0GJxtEqeDWSN7hhw\/viewform<\/a><\/p>\n","protected":false},"excerpt":{"rendered":"<p>Link para o question\u00e1rio: https:\/\/docs.google.com\/forms\/d\/e\/1FAIpQLSc55kJZP47udYl1fwqe47PAKaN9QzngbB0GJxtEqeDWSN7hhw\/viewform<\/p>\n","protected":false},"author":1233,"featured_media":0,"parent":0,"menu_order":0,"comment_status":"closed","ping_status":"closed","template":"","meta":{"footnotes":""},"class_list":["post-667","page","type-page","status-publish","hentry"],"_links":{"self":[{"href":"https:\/\/wp.ufpel.edu.br\/cienciasbiologicas\/wp-json\/wp\/v2\/pages\/667","targetHints":{"allow":["GET"]}}],"collection":[{"href":"https:\/\/wp.ufpel.edu.br\/cienciasbiologicas\/wp-json\/wp\/v2\/pages"}],"about":[{"href":"https:\/\/wp.ufpel.edu.br\/cienciasbiologicas\/wp-json\/wp\/v2\/types\/page"}],"author":[{"embeddable":true,"href":"https:\/\/wp.ufpel.edu.br\/cienciasbiologicas\/wp-json\/wp\/v2\/users\/1233"}],"replies":[{"embeddable":true,"href":"https:\/\/wp.ufpel.edu.br\/cienciasbiologicas\/wp-json\/wp\/v2\/comments?post=667"}],"version-history":[{"count":4,"href":"https:\/\/wp.ufpel.edu.br\/cienciasbiologicas\/wp-json\/wp\/v2\/pages\/667\/revisions"}],"predecessor-version":[{"id":677,"href":"https:\/\/wp.ufpel.edu.br\/cienciasbiologicas\/wp-json\/wp\/v2\/pages\/667\/revisions\/677"}],"wp:attachment":[{"href":"https:\/\/wp.ufpel.edu.br\/cienciasbiologicas\/wp-json\/wp\/v2\/media?parent=667"}],"curies":[{"name":"wp","href":"https:\/\/api.w.org\/{rel}","templated":true}]}}