{"id":109,"date":"2022-05-09T10:58:16","date_gmt":"2022-05-09T13:58:16","guid":{"rendered":"https:\/\/wp.ufpel.edu.br\/cidadesirmas\/?page_id=109"},"modified":"2024-08-07T16:51:53","modified_gmt":"2024-08-07T19:51:53","slug":"institucional","status":"publish","type":"page","link":"https:\/\/wp.ufpel.edu.br\/cidadesirmas\/institucional\/","title":{"rendered":"Institucional"},"content":{"rendered":"<p style=\"text-align: justify;\"><span style=\"font-weight: 400;\">O projeto de extens\u00e3o cidades-irm\u00e3s, cadastrado na Pr\u00f3-Reitoria de Extens\u00e3o e Cultura da Universidade Federal de Pelotas (sob o c\u00f3digo 4650), teve in\u00edcio no segundo semestre de 2021.<\/span><span style=\"font-weight: 400;\"> O projeto surgiu de um desejo de conhecer e sistematizar informa\u00e7\u00f5es sobre os arranjos internacionais firmados via processos de irmanamento entre o munic\u00edpio de Pelotas (RS) e outras cidades do exterior. As a\u00e7\u00f5es desenvolvidas procuram resgatar\u00a0 documentos, sistematizar o conjunto de evid\u00eancias, bem como, analisar e difundir informa\u00e7\u00f5es sobre as cidades-irm\u00e3s. As cidades-irm\u00e3s do munic\u00edpio de Pelotas s\u00e3o: Suzu no Jap\u00e3o, Aveiro em Portugal e Col\u00f4nia do Sacramento no Uruguai.\u00a0<\/span><\/p>\n<p style=\"text-align: justify;\"><span style=\"font-weight: 400;\">Nosso objetivo principal se d\u00e1 no resgate e sistematiza\u00e7\u00e3o de informa\u00e7\u00f5es e na\u00a0 promo\u00e7\u00e3o das cidades-irm\u00e3s de Pelotas no Rio Grande do Sul, sob a \u00f3tica das Rela\u00e7\u00f5es Internacionais. O projeto se baseia em um dos m\u00faltiplos campos de atua\u00e7\u00e3o que permeiam as Rela\u00e7\u00f5es Internacionais, a Paradiplomacia. A Paradiplomacia, ou a diplomacia de entes subnacionais, trata da promo\u00e7\u00e3o e gest\u00e3o das rela\u00e7\u00f5es internacionais entre<\/span><span style=\"font-weight: 400;\"> governos n\u00e3o centrais<\/span><span style=\"font-weight: 400;\">.<\/span><\/p>\n<p style=\"text-align: justify;\"><span style=\"font-weight: 400;\">Somos um grupo formado por estudantes da Universidade Federal de Pelotas, que conta com a colabora\u00e7\u00e3o e parceria de outros profissionais e entusiastas das a\u00e7\u00f5es internacionais, sob a coordena\u00e7\u00e3o da Profa. <\/span><span style=\"font-weight: 400;\">Dra. Silvana Schimanski<\/span><span style=\"font-weight: 400;\">. Estamos comprometidos em promover, fomentar e reanimar a coopera\u00e7\u00e3o entre a cidade de Pelotas com suas irm\u00e3s internacionais, bem como pesquisar, analisar e recontar a trajet\u00f3ria da diplomacia do munic\u00edpio para a popula\u00e7\u00e3o.<\/span><\/p>\n<p>&nbsp;<\/p>\n<p style=\"text-align: center;\"><a href=\"https:\/\/wp.ufpel.edu.br\/cidadesirmas\/files\/2023\/05\/2022-CONCEPT-NOTE-CIDADES-IRMAS.pdf\">NOTA CONCEITUAL CIDADES-IRMAS<\/a><\/p>\n<p style=\"text-align: center;\"><a href=\"https:\/\/wp.ufpel.edu.br\/cidadesirmas\/files\/2023\/05\/2022-CONCEPT-NOTE-CIDADES-IRMAS-ingles.pdf\">CONCEPT NOTE CIDADES-IRMAS (English version)<\/a><\/p>\n<p>&nbsp;<\/p>\n<pre><span style=\"font-weight: 400;\">Para maiores informa\u00e7\u00f5es:<\/span>\r\n<a href=\"mailto:cidadesirmas@ufpel.edu.br\"><span style=\"font-weight: 400;\">cidadesirmas@ufpel.edu.br<\/span><\/a><\/pre>\n","protected":false},"excerpt":{"rendered":"<p>O projeto de extens\u00e3o cidades-irm\u00e3s, cadastrado na Pr\u00f3-Reitoria de Extens\u00e3o e Cultura da Universidade Federal de Pelotas (sob o c\u00f3digo 4650), teve in\u00edcio no segundo semestre de 2021. O projeto surgiu de um desejo de conhecer e sistematizar informa\u00e7\u00f5es sobre os arranjos internacionais firmados via processos de irmanamento entre o munic\u00edpio de Pelotas (RS) e &hellip; <\/p>\n<p><a class=\"more-link btn\" href=\"https:\/\/wp.ufpel.edu.br\/cidadesirmas\/institucional\/\">Continue lendo<\/a><\/p>\n","protected":false},"author":1164,"featured_media":0,"parent":0,"menu_order":0,"comment_status":"closed","ping_status":"closed","template":"","meta":{"footnotes":""},"class_list":["post-109","page","type-page","status-publish","hentry","nodate","item-wrap"],"jetpack_sharing_enabled":true,"_links":{"self":[{"href":"https:\/\/wp.ufpel.edu.br\/cidadesirmas\/wp-json\/wp\/v2\/pages\/109","targetHints":{"allow":["GET"]}}],"collection":[{"href":"https:\/\/wp.ufpel.edu.br\/cidadesirmas\/wp-json\/wp\/v2\/pages"}],"about":[{"href":"https:\/\/wp.ufpel.edu.br\/cidadesirmas\/wp-json\/wp\/v2\/types\/page"}],"author":[{"embeddable":true,"href":"https:\/\/wp.ufpel.edu.br\/cidadesirmas\/wp-json\/wp\/v2\/users\/1164"}],"replies":[{"embeddable":true,"href":"https:\/\/wp.ufpel.edu.br\/cidadesirmas\/wp-json\/wp\/v2\/comments?post=109"}],"version-history":[{"count":13,"href":"https:\/\/wp.ufpel.edu.br\/cidadesirmas\/wp-json\/wp\/v2\/pages\/109\/revisions"}],"predecessor-version":[{"id":483,"href":"https:\/\/wp.ufpel.edu.br\/cidadesirmas\/wp-json\/wp\/v2\/pages\/109\/revisions\/483"}],"wp:attachment":[{"href":"https:\/\/wp.ufpel.edu.br\/cidadesirmas\/wp-json\/wp\/v2\/media?parent=109"}],"curies":[{"name":"wp","href":"https:\/\/api.w.org\/{rel}","templated":true}]}}