{"id":138,"date":"2015-07-10T15:10:35","date_gmt":"2015-07-10T18:10:35","guid":{"rendered":"https:\/\/wp.ufpel.edu.br\/cidadeecidadania\/?page_id=138"},"modified":"2020-05-22T16:18:32","modified_gmt":"2020-05-22T19:18:32","slug":"equipe","status":"publish","type":"page","link":"https:\/\/wp.ufpel.edu.br\/cidadeecidadania\/equipe\/","title":{"rendered":"Quem Somos"},"content":{"rendered":"<h2 style=\"text-align: center\">Projeto COVID-19\/Estudos Geogr\u00e1ficos\/LEUR<\/h2>\n<p style=\"text-align: justify\">O <strong>Laborat\u00f3rio de Estudos Urbanos e Regionais<\/strong> (LEUR) do Instituto de Ci\u00eancias Humanas (ICH) da Universidade Federal de Pelotas (UFPEL) criou esta p\u00e1gina com o intuito de divulgar informa\u00e7\u00f5es, not\u00edcias, estudos, pesquisas e an\u00e1lises acerca do Novo Coronav\u00edrus (COVID-19), com enfoque geogr\u00e1fico.<\/p>\n<p style=\"text-align: justify\">O LEUR criou o Grupo de Estudos <strong>&#8220;COVID-19\/Estudos Geogr\u00e1ficos\/LEUR&#8221;<\/strong> com a participa\u00e7\u00e3o de professores do Departamento de Geografia\/UFPEL, alunos dos cursos de Licenciatura, Bacharelado e Mestrado em Geografia e colaboradores vinculados ao laborat\u00f3rio.<\/p>\n<h3 style=\"text-align: justify\">Coordenadores do Projeto LEUR\/COVID-19\/RS:<\/h3>\n<p>Dr. Tiaraju Salini Duarte<br \/>\nDr. Sidney Gon\u00e7alves Vieira<\/p>\n<h3>Participantes do Projeto LEUR\/COVID-19\/RS<\/h3>\n<p>Dra. Erika Collischonn<\/p>\n<p>Dr. Mauricio Meurer<\/p>\n<p>Me. Mateus Marzullo<\/p>\n<p>Mestrando. Adriel Costa da Silva<\/p>\n<p>Graduando. Eduardo Schumann<\/p>\n<p>Mestrando Ant\u00f4nio Louren\u00e7o Kila de Queiroz<\/p>\n<p>&nbsp;<\/p>\n<h2 style=\"text-align: center\">Contato<\/h2>\n<h3 style=\"text-align: center\"><strong>LABORAT\u00d3RIO DE ESTUDOS URBANOS E REGIONAIS<\/strong><\/h3>\n<h3 style=\"text-align: center\"><strong>INSTITUTO DE CI\u00caNCIAS HUMANAS<\/strong><\/h3>\n<h3 style=\"text-align: center\"><strong>UNIVERSIDADE FEDERAL DE PELOTAS<\/strong><\/h3>\n<h3 style=\"text-align: center\"><strong>Rua Almirante Barroso, 1202 \u2013 Sala 212<\/strong><\/h3>\n<h3 style=\"text-align: center\">96010-210 PELOTAS \u2013 RS<\/h3>\n<h3 style=\"text-align: center\"><\/h3>\n<h3 style=\"text-align: center\">leur.ufpel@gmail.com<\/h3>\n<p style=\"text-align: center\">\n","protected":false},"excerpt":{"rendered":"<p>Projeto COVID-19\/Estudos Geogr\u00e1ficos\/LEUR O Laborat\u00f3rio de Estudos Urbanos e Regionais (LEUR) do Instituto de Ci\u00eancias Humanas (ICH) da Universidade Federal de Pelotas (UFPEL) criou esta p\u00e1gina com o intuito de divulgar informa\u00e7\u00f5es, not\u00edcias, estudos, pesquisas e an\u00e1lises acerca do Novo Coronav\u00edrus (COVID-19), com enfoque geogr\u00e1fico. O LEUR criou o Grupo de Estudos &#8220;COVID-19\/Estudos Geogr\u00e1ficos\/LEUR&#8221; com &hellip; <a href=\"https:\/\/wp.ufpel.edu.br\/cidadeecidadania\/equipe\/\" class=\"more-link\">Continue lendo <span class=\"screen-reader-text\">Quem Somos<\/span> <span class=\"meta-nav\">&rarr;<\/span><\/a><\/p>\n","protected":false},"author":486,"featured_media":0,"parent":0,"menu_order":0,"comment_status":"closed","ping_status":"closed","template":"","meta":{"jetpack_post_was_ever_published":false,"footnotes":""},"class_list":["post-138","page","type-page","status-publish","hentry"],"jetpack_sharing_enabled":true,"jetpack_shortlink":"https:\/\/wp.me\/P6seGU-2e","_links":{"self":[{"href":"https:\/\/wp.ufpel.edu.br\/cidadeecidadania\/wp-json\/wp\/v2\/pages\/138","targetHints":{"allow":["GET"]}}],"collection":[{"href":"https:\/\/wp.ufpel.edu.br\/cidadeecidadania\/wp-json\/wp\/v2\/pages"}],"about":[{"href":"https:\/\/wp.ufpel.edu.br\/cidadeecidadania\/wp-json\/wp\/v2\/types\/page"}],"author":[{"embeddable":true,"href":"https:\/\/wp.ufpel.edu.br\/cidadeecidadania\/wp-json\/wp\/v2\/users\/486"}],"replies":[{"embeddable":true,"href":"https:\/\/wp.ufpel.edu.br\/cidadeecidadania\/wp-json\/wp\/v2\/comments?post=138"}],"version-history":[{"count":11,"href":"https:\/\/wp.ufpel.edu.br\/cidadeecidadania\/wp-json\/wp\/v2\/pages\/138\/revisions"}],"predecessor-version":[{"id":408,"href":"https:\/\/wp.ufpel.edu.br\/cidadeecidadania\/wp-json\/wp\/v2\/pages\/138\/revisions\/408"}],"wp:attachment":[{"href":"https:\/\/wp.ufpel.edu.br\/cidadeecidadania\/wp-json\/wp\/v2\/media?parent=138"}],"curies":[{"name":"wp","href":"https:\/\/api.w.org\/{rel}","templated":true}]}}