{"id":130,"date":"2015-07-10T15:09:35","date_gmt":"2015-07-10T18:09:35","guid":{"rendered":"https:\/\/wp.ufpel.edu.br\/cidadeecidadania\/?page_id=130"},"modified":"2020-04-08T16:29:34","modified_gmt":"2020-04-08T19:29:34","slug":"mapas","status":"publish","type":"page","link":"https:\/\/wp.ufpel.edu.br\/cidadeecidadania\/mapas\/","title":{"rendered":"Relat\u00f3rios Atualizados"},"content":{"rendered":"<div class=\"hdr-meta\">\n<h1 class=\"mat-tit\">5 sites para visualizar dados em tempo real sobre o novo coronav\u00edrus<\/h1>\n<div class=\"mat-meta\"><span class=\"meta-item meta-aut\">Victor Pinheiro, editado por Liliane Nakagawa<\/span> <span class=\"meta-item meta-pub-d\">23\/03\/2020<\/span> <span class=\"meta-item meta-pub-h\">21h35<\/span><\/div>\n<\/div>\n<p><span style=\"font-size: 10pt\">Fonte: https:\/\/olhardigital.com.br\/coronavirus\/noticia\/5-sites-para-visualizar-dados-em-tempo-real-sobre-o-novo-coronavirus\/98441<\/span><\/p>\n<p>A ferramenta re\u00fane dados de relat\u00f3rios de \u00f3rg\u00e3os oficiais dos pa\u00edses e regi\u00f5es afetados pela doen\u00e7a e serve como uma fonte de informa\u00e7\u00e3o acess\u00edvel para a popula\u00e7\u00e3o, especialistas, autoridades de sa\u00fade e jornalistas. Assim como outros sites da categoria, ela oferece subs\u00eddios tanto para cientistas estudarem\u00a0<a href=\"https:\/\/olhardigital.com.br\/coronavirus\/noticia\/curva-de-contagio-do-coronavirus-no-brasil-repete-a-de-paises-europeus\/98375\" target=\"_blank\" rel=\"noopener noreferrer\">curvas de cont\u00e1gio<\/a>, quanto para cidad\u00e3os se informarem sobre a situa\u00e7\u00e3o de seu pr\u00f3prio pa\u00eds ou de uma na\u00e7\u00e3o vizinha.<\/p>\n<p>Uma reportagem da BBC News Brasil separou cinco exemplos de plataformas que disponibilizam o acompanhamento de dados da pandemia do coronav\u00edrus.<\/p>\n<p>\u00c9 importante ressaltar, no entanto, que todas elas enfrentam limita\u00e7\u00f5es. Em primeiro lugar, os sites podem apresentar informa\u00e7\u00f5es diferentes, uma vez que s\u00e3o alimentados com bases de dados distintas. Al\u00e9m disso, n\u00e3o se recomenda us\u00e1-los para comparar o avan\u00e7o da doen\u00e7a entre pa\u00edses, j\u00e1 que os pa\u00edses adotam diferentes pol\u00edticas de certifica\u00e7\u00e3o.<\/p>\n<h2>Universidade de Johns Hopkins<\/h2>\n<p>A <a href=\"https:\/\/coronavirus.jhu.edu\/map.html\" target=\"_blank\" rel=\"noopener noreferrer\">ferramenta da institui\u00e7\u00e3o<\/a> de ensino americana apresenta um mapa com os casos registrados, \u00f3bitos e n\u00fameros de infectados. As informa\u00e7\u00f5es podem ser filtradas por pa\u00eds ou territ\u00f3rio. No caso dos Estados Unidos, h\u00e1 tamb\u00e9m a op\u00e7\u00e3o de segmentar por estados.<\/p>\n<h2>Organiza\u00e7\u00e3o Mundial da Sa\u00fade<\/h2>\n<p>A <a href=\"https:\/\/who.sprinklr.com\/\" target=\"_blank\" rel=\"noopener noreferrer\">ferramenta da OMS <\/a>\u00e9 bem semelhante a anterior. Informa n\u00famero de infectados, mortos e localidades afetadas. Se por um lado n\u00e3o apresenta a quantidade de pacientes recuperados, de outro permite visualizar a curva de cont\u00e1gio de cada pa\u00eds ou territ\u00f3rio. A atualiza\u00e7\u00e3o dos dados, no entanto, tende a ser mais lenta que a plataforma da Johns Hopkins.<\/p>\n<h2>Universidade de Washington<\/h2>\n<p>O diferencial <a href=\"https:\/\/hgis.uw.edu\/virus\/\" target=\"_blank\" rel=\"noopener noreferrer\">desta plataforma<\/a> \u00e9 um mapa de calor que classifica os n\u00edveis de infec\u00e7\u00e3o nos \u00faltimos 20 dias. \u00c9 poss\u00edvel visualizar n\u00e3o s\u00f3 curvas de cont\u00e1gio, mas tamb\u00e9m de \u00f3bitos e pacientes recuperados. Trata-se de uma plataforma ideal para estudar cada pa\u00eds caso a caso.<\/p>\n<h2>Worldometer<\/h2>\n<p>O site da\u00a0<a href=\"https:\/\/www.worldometers.info\/coronavirus\/\" target=\"_blank\" rel=\"noopener noreferrer\">Worldometer<\/a>\u00a0se destaca pelo volume de informa\u00e7\u00f5es. A plataforma indica o n\u00famero de \u201cnovas mortes\u201d &#8211; desde a \u00faltima atualiza\u00e7\u00e3o di\u00e1ria; a quantidade de pacientes de situa\u00e7\u00e3o grave; o total de casos por milh\u00e3o de habitantes; e ainda separa o n\u00famero de infectados em pacientes ativos e pacientes j\u00e1 recuperados.<\/p>\n<h2>Nextstrain<\/h2>\n<p>A\u00a0<a href=\"https:\/\/nextstrain.org\/ncov\" target=\"_blank\" rel=\"noopener noreferrer\">Nextstrain<\/a>\u00a0apresenta o mapeamento gen\u00e9tico do v\u00edrus de acordo com an\u00e1lises ao redor do mundo. A plataforma \u00e9 alimentada pela comunidade cient\u00edfica e visa ajudar na identifica\u00e7\u00e3o de padr\u00f5es de dissemina\u00e7\u00e3o da doen\u00e7a.<\/p>\n","protected":false},"excerpt":{"rendered":"<p>5 sites para visualizar dados em tempo real sobre o novo coronav\u00edrus Victor Pinheiro, editado por Liliane Nakagawa 23\/03\/2020 21h35 Fonte: https:\/\/olhardigital.com.br\/coronavirus\/noticia\/5-sites-para-visualizar-dados-em-tempo-real-sobre-o-novo-coronavirus\/98441 A ferramenta re\u00fane dados de relat\u00f3rios de \u00f3rg\u00e3os oficiais dos pa\u00edses e regi\u00f5es afetados pela doen\u00e7a e serve como uma fonte de informa\u00e7\u00e3o acess\u00edvel para a popula\u00e7\u00e3o, especialistas, autoridades de sa\u00fade e jornalistas. &hellip; <a href=\"https:\/\/wp.ufpel.edu.br\/cidadeecidadania\/mapas\/\" class=\"more-link\">Continue lendo <span class=\"screen-reader-text\">Relat\u00f3rios Atualizados<\/span> <span class=\"meta-nav\">&rarr;<\/span><\/a><\/p>\n","protected":false},"author":486,"featured_media":0,"parent":0,"menu_order":0,"comment_status":"closed","ping_status":"closed","template":"","meta":{"jetpack_post_was_ever_published":false,"footnotes":""},"class_list":["post-130","page","type-page","status-publish","hentry"],"jetpack_sharing_enabled":true,"jetpack_shortlink":"https:\/\/wp.me\/P6seGU-26","_links":{"self":[{"href":"https:\/\/wp.ufpel.edu.br\/cidadeecidadania\/wp-json\/wp\/v2\/pages\/130","targetHints":{"allow":["GET"]}}],"collection":[{"href":"https:\/\/wp.ufpel.edu.br\/cidadeecidadania\/wp-json\/wp\/v2\/pages"}],"about":[{"href":"https:\/\/wp.ufpel.edu.br\/cidadeecidadania\/wp-json\/wp\/v2\/types\/page"}],"author":[{"embeddable":true,"href":"https:\/\/wp.ufpel.edu.br\/cidadeecidadania\/wp-json\/wp\/v2\/users\/486"}],"replies":[{"embeddable":true,"href":"https:\/\/wp.ufpel.edu.br\/cidadeecidadania\/wp-json\/wp\/v2\/comments?post=130"}],"version-history":[{"count":6,"href":"https:\/\/wp.ufpel.edu.br\/cidadeecidadania\/wp-json\/wp\/v2\/pages\/130\/revisions"}],"predecessor-version":[{"id":309,"href":"https:\/\/wp.ufpel.edu.br\/cidadeecidadania\/wp-json\/wp\/v2\/pages\/130\/revisions\/309"}],"wp:attachment":[{"href":"https:\/\/wp.ufpel.edu.br\/cidadeecidadania\/wp-json\/wp\/v2\/media?parent=130"}],"curies":[{"name":"wp","href":"https:\/\/api.w.org\/{rel}","templated":true}]}}