{"id":19,"date":"2017-06-19T07:24:17","date_gmt":"2017-06-19T10:24:17","guid":{"rendered":"https:\/\/wp.ufpel.edu.br\/cid\/?page_id=19"},"modified":"2019-11-11T16:33:50","modified_gmt":"2019-11-11T19:33:50","slug":"nai","status":"publish","type":"page","link":"https:\/\/wp.ufpel.edu.br\/cid\/nai\/","title":{"rendered":"N A I"},"content":{"rendered":"<p><span style=\"color: #000000\"><strong><span style=\"font-family: arial, helvetica, sans-serif\"><a href=\"https:\/\/wp.ufpel.edu.br\/nai\" target=\"_blank\" rel=\"noopener noreferrer\">N\u00facleo de Acessibilidade e Inclus\u00e3o<\/a><\/span><\/strong><\/span><\/p>\n<p><img class=\"aligncenter wp-image-111\" src=\"https:\/\/wp.ufpel.edu.br\/cid\/files\/2017\/06\/marca-NAI-400x249.png\" alt=\"Marca do NAI\" width=\"294\" height=\"183\" srcset=\"https:\/\/wp.ufpel.edu.br\/cid\/files\/2017\/06\/marca-NAI-400x249.png 400w, https:\/\/wp.ufpel.edu.br\/cid\/files\/2017\/06\/marca-NAI-768x477.png 768w, https:\/\/wp.ufpel.edu.br\/cid\/files\/2017\/06\/marca-NAI-1024x636.png 1024w, https:\/\/wp.ufpel.edu.br\/cid\/files\/2017\/06\/marca-NAI.png 1363w\" sizes=\"(max-width: 294px) 100vw, 294px\" \/><\/p>\n<p>&nbsp;<\/p>\n<p style=\"text-align: left\"><span style=\"font-family: arial, helvetica, sans-serif;color: #000000\"><strong>NAI<\/strong> \u2013 O N\u00facleo de Acessibilidade e Inclus\u00e3o, inaugurado em 15 de agosto de 2008, a partir do projeto \u201cIncluir\u201d do Minist\u00e9rio da Educa\u00e7\u00e3o, atua promovendo pol\u00edticas e a\u00e7\u00f5es que efetivem a inclus\u00e3o no Ensino Superior, atrav\u00e9s da busca conceitual, pol\u00edtica e pr\u00e1tica pelo acesso, perman\u00eancia e qualidade em todos os n\u00edveis, espa\u00e7os e cotidianos da Universidade. O NAI apresenta como princ\u00edpios norteadores, a concretiza\u00e7\u00e3o o Plano de Acessibilidade e Inclus\u00e3o da UFPEL, aprovado pelo CONSUN em mar\u00e7o de 2016 e a efetiva\u00e7\u00e3o da Lei 13.409\/2016, que disp\u00f5e sobre as cotas para pessoas com defici\u00eancia no Ensino Superior, al\u00e9m das demais legisla\u00e7\u00f5es vigentes, por onde suas a\u00e7\u00f5es s\u00e3o encaminhadas, a fim de possibilitar a inclus\u00e3o qualificada de todos e todas na Universidade, n\u00e3o s\u00f3 como presen\u00e7a f\u00edsica, mas principalmente como potencializadoras de emancipa\u00e7\u00e3o, autonomia e pertencimento.<\/span><\/p>\n<p style=\"text-align: left\"><span style=\"font-family: arial, helvetica, sans-serif;color: #000000\">Aliando conceitos e pr\u00e1ticas, o n\u00facleo promove a\u00e7\u00f5es de conscientiza\u00e7\u00e3o, discuss\u00e3o, forma\u00e7\u00e3o compartilhada de coordenadores, t\u00e9cnicos, professores, monitores, tutores e comunidade em geral, al\u00e9m da oferta dos servi\u00e7os especializados aos alunos dos diversos cursos de gradua\u00e7\u00e3o, do encaminhamento de int\u00e9rpretes para as aulas, eventos e atividades relacionadas e, ainda, da cria\u00e7\u00e3o, organiza\u00e7\u00e3o e acervo de recursos did\u00e1ticos adaptados que possibilitem avan\u00e7os nos processos de aprendizagem e inclus\u00e3o. A partir da reestrutura\u00e7\u00e3o proposta pela Reitoria em 2017 e da cria\u00e7\u00e3o da CID (Coordenadoria de Inclus\u00e3o e Diversidade), onde est\u00e1 inserido, o NAI \u00e9 composto por uma Chefia e uma T\u00e9cnica em Assuntos Educacionais, respons\u00e1veis pela gest\u00e3o e pelas se\u00e7\u00f5es: Se\u00e7\u00e3o de Int\u00e9rpretes (09 Tradutores Int\u00e9rpretes de Libras) e a Se\u00e7\u00e3o de Atendimento Educacional Especializado (com educadoras especiais, neuropsicopedagoga, entre outros). Conta, ainda, com Comiss\u00e3o de apoio, constitu\u00edda por 10 docentes vinculados \u00e0s tem\u00e1ticas da Inclus\u00e3o e dos movimentos que as comp\u00f5em, com o prop\u00f3sito de debater e assessorar a constru\u00e7\u00e3o das pol\u00edticas e pr\u00e1ticas pretendidas.<\/span><\/p>\n<p><img class=\"size-full wp-image-690 alignleft\" src=\"https:\/\/wp.ufpel.edu.br\/cid\/files\/2019\/10\/72879424_405062473503457_1111290519750705152_n.png\" alt=\"\" width=\"30\" height=\"30\" \/><\/p>\n<p><span style=\"font-family: arial, helvetica, sans-serif\"><a href=\"https:\/\/drive.google.com\/file\/d\/1VX8DmqzBZsJoWVJ8cWYE1j124ieXcHBB\/view?usp=sharing\">Texto em Libras \u2013 Clique Aqui<\/a><\/span><\/p>\n<p>&nbsp;<\/p>\n<p><span style=\"font-family: arial, helvetica, sans-serif;font-size: 14pt\">Localiza\u00e7\u00e3o:\u00a0<\/span><span style=\"font-family: arial, helvetica, sans-serif;font-size: 14pt\">Rua Almirante Barroso, 1734, T\u00e9rreo<\/span><\/p>\n<p>&nbsp;<\/p>\n","protected":false},"excerpt":{"rendered":"<p>N\u00facleo de Acessibilidade e Inclus\u00e3o &nbsp; NAI \u2013 O N\u00facleo de Acessibilidade e Inclus\u00e3o, inaugurado em 15 de agosto de 2008, a partir do projeto \u201cIncluir\u201d do Minist\u00e9rio da Educa\u00e7\u00e3o, atua promovendo pol\u00edticas e a\u00e7\u00f5es que efetivem a inclus\u00e3o no Ensino Superior, atrav\u00e9s da busca conceitual, pol\u00edtica e pr\u00e1tica pelo acesso, perman\u00eancia e qualidade em [&hellip;]<\/p>\n","protected":false},"author":766,"featured_media":0,"parent":0,"menu_order":0,"comment_status":"closed","ping_status":"closed","template":"","meta":{"footnotes":""},"class_list":["post-19","page","type-page","status-publish","hentry"],"_links":{"self":[{"href":"https:\/\/wp.ufpel.edu.br\/cid\/wp-json\/wp\/v2\/pages\/19","targetHints":{"allow":["GET"]}}],"collection":[{"href":"https:\/\/wp.ufpel.edu.br\/cid\/wp-json\/wp\/v2\/pages"}],"about":[{"href":"https:\/\/wp.ufpel.edu.br\/cid\/wp-json\/wp\/v2\/types\/page"}],"author":[{"embeddable":true,"href":"https:\/\/wp.ufpel.edu.br\/cid\/wp-json\/wp\/v2\/users\/766"}],"replies":[{"embeddable":true,"href":"https:\/\/wp.ufpel.edu.br\/cid\/wp-json\/wp\/v2\/comments?post=19"}],"version-history":[{"count":16,"href":"https:\/\/wp.ufpel.edu.br\/cid\/wp-json\/wp\/v2\/pages\/19\/revisions"}],"predecessor-version":[{"id":706,"href":"https:\/\/wp.ufpel.edu.br\/cid\/wp-json\/wp\/v2\/pages\/19\/revisions\/706"}],"wp:attachment":[{"href":"https:\/\/wp.ufpel.edu.br\/cid\/wp-json\/wp\/v2\/media?parent=19"}],"curies":[{"name":"wp","href":"https:\/\/api.w.org\/{rel}","templated":true}]}}