{"id":172,"date":"2016-02-17T13:25:32","date_gmt":"2016-02-17T15:25:32","guid":{"rendered":"https:\/\/wp.ufpel.edu.br\/ciceronachtigall\/?page_id=172"},"modified":"2016-02-17T13:29:23","modified_gmt":"2016-02-17T15:29:23","slug":"introducao-a-algebra","status":"publish","type":"page","link":"https:\/\/wp.ufpel.edu.br\/ciceronachtigall\/disciplinas\/2016_1\/introducao-a-algebra\/","title":{"rendered":"Introdu\u00e7\u00e3o \u00e0 \u00c1lgebra"},"content":{"rendered":"<p>Nesta p\u00e1gina voc\u00ea encontra informa\u00e7\u00f5es importantes sobre a disciplina de Introdu\u00e7\u00e3o \u00e0 \u00c1lgebra (0100232), turma M2, oferecida pelo Departamento de Matem\u00e1tica e Estat\u00edstica ao Curso de Licenciatura em Matem\u00e1tica \u2013 Noturno em 2016\/1.<\/p>\n<p><strong><a href=\"https:\/\/wp.ufpel.edu.br\/ciceronachtigall\/files\/2016\/02\/Plano_de_Ensino_Introducao_a_Algebra_2016_1.pdf\">Plano de Ensino.<\/a><\/strong><\/p>\n<p><strong>Hor\u00e1rios das aulas:<\/strong> Segunda-feira (das 19:00 as 20:30), quarta-feira (das 20:30 as 22:20) e sexta-feira (das 19:00 as 20:30).<\/p>\n<p><strong>Local das aulas:<\/strong> Campus Porto, sala 316.<\/p>\n<p><strong>Professor Respons\u00e1vel:<\/strong> C\u00edcero Nachtigall.<\/p>\n<p><strong>Ementa:\u00a0<\/strong>Conjuntos e Rela\u00e7\u00f5es. No\u00e7\u00f5es b\u00e1sicas sobre grupos. Grupo quociente. Teorema do Isomorfismo para Grupos. An\u00e9is. Suban\u00e9is. Homomorfismos e Ideais.<\/p>\n<p><strong>Datas das Provas:<\/strong><\/p>\n<p>Prova 01: 20\/04\/16<\/p>\n<p>Prova 02: 30\/05\/16<\/p>\n<p>Prova 03: 08\/07\/16<\/p>\n<p>Exame<strong>: <\/strong>13\/07\/16<\/p>\n","protected":false},"excerpt":{"rendered":"<p>Nesta p\u00e1gina voc\u00ea encontra informa\u00e7\u00f5es importantes sobre a disciplina de Introdu\u00e7\u00e3o \u00e0 \u00c1lgebra (0100232), turma M2, oferecida pelo Departamento de Matem\u00e1tica e Estat\u00edstica ao Curso de Licenciatura em Matem\u00e1tica \u2013 Noturno em 2016\/1. Plano de Ensino. Hor\u00e1rios das aulas: Segunda-feira (das 19:00 as 20:30), quarta-feira (das 20:30 as 22:20) e sexta-feira (das 19:00 as 20:30). [&hellip;]<\/p>\n","protected":false},"author":483,"featured_media":0,"parent":160,"menu_order":0,"comment_status":"closed","ping_status":"closed","template":"","meta":{"footnotes":""},"class_list":["post-172","page","type-page","status-publish","hentry"],"_links":{"self":[{"href":"https:\/\/wp.ufpel.edu.br\/ciceronachtigall\/wp-json\/wp\/v2\/pages\/172","targetHints":{"allow":["GET"]}}],"collection":[{"href":"https:\/\/wp.ufpel.edu.br\/ciceronachtigall\/wp-json\/wp\/v2\/pages"}],"about":[{"href":"https:\/\/wp.ufpel.edu.br\/ciceronachtigall\/wp-json\/wp\/v2\/types\/page"}],"author":[{"embeddable":true,"href":"https:\/\/wp.ufpel.edu.br\/ciceronachtigall\/wp-json\/wp\/v2\/users\/483"}],"replies":[{"embeddable":true,"href":"https:\/\/wp.ufpel.edu.br\/ciceronachtigall\/wp-json\/wp\/v2\/comments?post=172"}],"version-history":[{"count":5,"href":"https:\/\/wp.ufpel.edu.br\/ciceronachtigall\/wp-json\/wp\/v2\/pages\/172\/revisions"}],"predecessor-version":[{"id":179,"href":"https:\/\/wp.ufpel.edu.br\/ciceronachtigall\/wp-json\/wp\/v2\/pages\/172\/revisions\/179"}],"up":[{"embeddable":true,"href":"https:\/\/wp.ufpel.edu.br\/ciceronachtigall\/wp-json\/wp\/v2\/pages\/160"}],"wp:attachment":[{"href":"https:\/\/wp.ufpel.edu.br\/ciceronachtigall\/wp-json\/wp\/v2\/media?parent=172"}],"curies":[{"name":"wp","href":"https:\/\/api.w.org\/{rel}","templated":true}]}}