{"id":151,"date":"2015-08-06T14:06:58","date_gmt":"2015-08-06T17:06:58","guid":{"rendered":"https:\/\/wp.ufpel.edu.br\/ciceronachtigall\/?page_id=151"},"modified":"2015-08-06T14:21:36","modified_gmt":"2015-08-06T17:21:36","slug":"calculo-ii","status":"publish","type":"page","link":"https:\/\/wp.ufpel.edu.br\/ciceronachtigall\/disciplinas\/20152-2\/calculo-ii\/","title":{"rendered":"C\u00e1lculo II"},"content":{"rendered":"<p>Nesta p\u00e1gina voc\u00ea encontra informa\u00e7\u00f5es importantes sobre a disciplina de C\u00e1lculo II (0100017), turma M2, oferecida pelo Departamento de Matem\u00e1tica e Estat\u00edstica ao Curso de Licenciatura em Matem\u00e1tica \u2013 Noturno em 2015\/2.<\/p>\n<p><span style=\"color: #0000ff\"><a style=\"color: #0000ff\" href=\"https:\/\/wp.ufpel.edu.br\/ciceronachtigall\/files\/2015\/08\/Plano_de_C\u00e1lculo_II_2015_2.pdf\"><strong>Plano de Ensino.<\/strong><\/a><\/span><\/p>\n<p><strong>Hor\u00e1rios das aulas:<\/strong> Segunda-feira (das 19:00 as 20:30), quarta-feira\u00a0(das 20:30 as 22:20) e sexta-feira (das das 19:00 as 20:30).<\/p>\n<p><strong>Local das aulas:<\/strong> Campus Porto, sala 316.<\/p>\n<p><strong>Professor Respons\u00e1vel:<\/strong> C\u00edcero Nachtigall.<\/p>\n<p><strong>Ementa:\u00a0<\/strong>Integral indefinida e t\u00e9cnicas de integra\u00e7\u00e3o. Integral definida: propriedades principais, m\u00e9todos de integra\u00e7\u00e3o, teorema fundamental de c\u00e1lculo, aplica\u00e7\u00f5es. Integral impr\u00f3pria. Seq\u00fc\u00eancias e s\u00e9ries num\u00e9ricas e de fun\u00e7\u00f5es. S\u00e9rie de Taylor.<\/p>\n<p>&nbsp;<\/p>\n<p><strong>Previs\u00e3o de datas das provas:\u00a0\u00a0\u00a0\u00a0 <\/strong><\/p>\n<p>Prova 01: 14\/09\/15<\/p>\n<p>Prova 02: 21\/10\/15<\/p>\n<p>Prova 03: 04\/12\/15<\/p>\n<p>Exame<strong>: <\/strong>11\/12\/15<\/p>\n<p>&nbsp;<\/p>\n","protected":false},"excerpt":{"rendered":"<p>Nesta p\u00e1gina voc\u00ea encontra informa\u00e7\u00f5es importantes sobre a disciplina de C\u00e1lculo II (0100017), turma M2, oferecida pelo Departamento de Matem\u00e1tica e Estat\u00edstica ao Curso de Licenciatura em Matem\u00e1tica \u2013 Noturno em 2015\/2. Plano de Ensino. Hor\u00e1rios das aulas: Segunda-feira (das 19:00 as 20:30), quarta-feira\u00a0(das 20:30 as 22:20) e sexta-feira (das das 19:00 as 20:30). Local [&hellip;]<\/p>\n","protected":false},"author":483,"featured_media":0,"parent":141,"menu_order":0,"comment_status":"closed","ping_status":"closed","template":"","meta":{"footnotes":""},"class_list":["post-151","page","type-page","status-publish","hentry"],"_links":{"self":[{"href":"https:\/\/wp.ufpel.edu.br\/ciceronachtigall\/wp-json\/wp\/v2\/pages\/151","targetHints":{"allow":["GET"]}}],"collection":[{"href":"https:\/\/wp.ufpel.edu.br\/ciceronachtigall\/wp-json\/wp\/v2\/pages"}],"about":[{"href":"https:\/\/wp.ufpel.edu.br\/ciceronachtigall\/wp-json\/wp\/v2\/types\/page"}],"author":[{"embeddable":true,"href":"https:\/\/wp.ufpel.edu.br\/ciceronachtigall\/wp-json\/wp\/v2\/users\/483"}],"replies":[{"embeddable":true,"href":"https:\/\/wp.ufpel.edu.br\/ciceronachtigall\/wp-json\/wp\/v2\/comments?post=151"}],"version-history":[{"count":5,"href":"https:\/\/wp.ufpel.edu.br\/ciceronachtigall\/wp-json\/wp\/v2\/pages\/151\/revisions"}],"predecessor-version":[{"id":157,"href":"https:\/\/wp.ufpel.edu.br\/ciceronachtigall\/wp-json\/wp\/v2\/pages\/151\/revisions\/157"}],"up":[{"embeddable":true,"href":"https:\/\/wp.ufpel.edu.br\/ciceronachtigall\/wp-json\/wp\/v2\/pages\/141"}],"wp:attachment":[{"href":"https:\/\/wp.ufpel.edu.br\/ciceronachtigall\/wp-json\/wp\/v2\/media?parent=151"}],"curies":[{"name":"wp","href":"https:\/\/api.w.org\/{rel}","templated":true}]}}