{"id":93,"date":"2022-03-03T17:42:19","date_gmt":"2022-03-03T20:42:19","guid":{"rendered":"https:\/\/wp.ufpel.edu.br\/ciceroescobar\/?page_id=93"},"modified":"2025-06-22T17:44:53","modified_gmt":"2025-06-22T20:44:53","slug":"resolucao-dos-exercicios","status":"publish","type":"page","link":"https:\/\/wp.ufpel.edu.br\/ciceroescobar\/mecanica-dos-fluidos\/resolucao-dos-exercicios\/","title":{"rendered":"Resolu\u00e7\u00e3o dos exerc\u00edcios"},"content":{"rendered":"","protected":true},"excerpt":{"rendered":"","protected":true},"author":1197,"featured_media":0,"parent":80,"menu_order":0,"comment_status":"closed","ping_status":"closed","template":"","meta":{"footnotes":""},"class_list":["post-93","page","type-page","status-publish","post-password-required","hentry"],"_links":{"self":[{"href":"https:\/\/wp.ufpel.edu.br\/ciceroescobar\/wp-json\/wp\/v2\/pages\/93","targetHints":{"allow":["GET"]}}],"collection":[{"href":"https:\/\/wp.ufpel.edu.br\/ciceroescobar\/wp-json\/wp\/v2\/pages"}],"about":[{"href":"https:\/\/wp.ufpel.edu.br\/ciceroescobar\/wp-json\/wp\/v2\/types\/page"}],"author":[{"embeddable":true,"href":"https:\/\/wp.ufpel.edu.br\/ciceroescobar\/wp-json\/wp\/v2\/users\/1197"}],"replies":[{"embeddable":true,"href":"https:\/\/wp.ufpel.edu.br\/ciceroescobar\/wp-json\/wp\/v2\/comments?post=93"}],"version-history":[{"count":36,"href":"https:\/\/wp.ufpel.edu.br\/ciceroescobar\/wp-json\/wp\/v2\/pages\/93\/revisions"}],"predecessor-version":[{"id":870,"href":"https:\/\/wp.ufpel.edu.br\/ciceroescobar\/wp-json\/wp\/v2\/pages\/93\/revisions\/870"}],"up":[{"embeddable":true,"href":"https:\/\/wp.ufpel.edu.br\/ciceroescobar\/wp-json\/wp\/v2\/pages\/80"}],"wp:attachment":[{"href":"https:\/\/wp.ufpel.edu.br\/ciceroescobar\/wp-json\/wp\/v2\/media?parent=93"}],"curies":[{"name":"wp","href":"https:\/\/api.w.org\/{rel}","templated":true}]}}