{"id":1066,"date":"2024-05-03T09:43:02","date_gmt":"2024-05-03T12:43:02","guid":{"rendered":"https:\/\/wp.ufpel.edu.br\/cic\/?page_id=1066"},"modified":"2024-11-28T21:24:35","modified_gmt":"2024-11-29T00:24:35","slug":"xxxii-cic-2023","status":"publish","type":"page","link":"https:\/\/wp.ufpel.edu.br\/cic\/edicoes-anteriores\/xxxii-cic-2023\/","title":{"rendered":"XXXII CIC (2023)"},"content":{"rendered":"<p style=\"text-align: center;\"><a href=\"https:\/\/wp.ufpel.edu.br\/cic\/files\/2023\/03\/CIC_2023.png\"><img loading=\"lazy\" decoding=\"async\" class=\"alignnone size-large wp-image-992\" src=\"https:\/\/wp.ufpel.edu.br\/cic\/files\/2023\/03\/CIC_2023-984x220.png\" alt=\"\" width=\"604\" height=\"135\" \/><\/a><br \/>\n<strong>DE 20 A 24 DE NOVEMBRO DE 2023<\/strong><\/p>\n<ul>\n<li><a href=\"https:\/\/wp.ufpel.edu.br\/cic\/anais\/anais-2023\/\">Anais<\/a><\/li>\n<li><a href=\"https:\/\/wp.ufpel.edu.br\/cic\/category\/noticias\/2023\/\">Not\u00edcias<\/a><\/li>\n<\/ul>\n<p>&nbsp;<\/p>\n<h3>Comit\u00ea Executivo XXXII CIC<\/h3>\n<ul>\n<li>Marcos Britto Corr\u00eaa<\/li>\n<li>Cristina Rotta Assis<\/li>\n<li>J\u00falia de Oliveira Islab\u00e3o<\/li>\n<li>Rafael Pachon Elias<\/li>\n<\/ul>\n","protected":false},"excerpt":{"rendered":"<p>DE 20 A 24 DE NOVEMBRO DE 2023 Anais Not\u00edcias &nbsp; Comit\u00ea Executivo XXXII CIC Marcos Britto Corr\u00eaa Cristina Rotta Assis J\u00falia de Oliveira Islab\u00e3o Rafael Pachon Elias<\/p>\n","protected":false},"author":20,"featured_media":0,"parent":446,"menu_order":0,"comment_status":"closed","ping_status":"closed","template":"","meta":{"jetpack_post_was_ever_published":false,"footnotes":"","_links_to":"","_links_to_target":""},"class_list":["post-1066","page","type-page","status-publish","hentry"],"jetpack_sharing_enabled":true,"_links":{"self":[{"href":"https:\/\/wp.ufpel.edu.br\/cic\/wp-json\/wp\/v2\/pages\/1066","targetHints":{"allow":["GET"]}}],"collection":[{"href":"https:\/\/wp.ufpel.edu.br\/cic\/wp-json\/wp\/v2\/pages"}],"about":[{"href":"https:\/\/wp.ufpel.edu.br\/cic\/wp-json\/wp\/v2\/types\/page"}],"author":[{"embeddable":true,"href":"https:\/\/wp.ufpel.edu.br\/cic\/wp-json\/wp\/v2\/users\/20"}],"replies":[{"embeddable":true,"href":"https:\/\/wp.ufpel.edu.br\/cic\/wp-json\/wp\/v2\/comments?post=1066"}],"version-history":[{"count":2,"href":"https:\/\/wp.ufpel.edu.br\/cic\/wp-json\/wp\/v2\/pages\/1066\/revisions"}],"predecessor-version":[{"id":1138,"href":"https:\/\/wp.ufpel.edu.br\/cic\/wp-json\/wp\/v2\/pages\/1066\/revisions\/1138"}],"up":[{"embeddable":true,"href":"https:\/\/wp.ufpel.edu.br\/cic\/wp-json\/wp\/v2\/pages\/446"}],"wp:attachment":[{"href":"https:\/\/wp.ufpel.edu.br\/cic\/wp-json\/wp\/v2\/media?parent=1066"}],"curies":[{"name":"wp","href":"https:\/\/api.w.org\/{rel}","templated":true}]}}