{"id":74,"date":"2021-04-27T12:04:46","date_gmt":"2021-04-27T15:04:46","guid":{"rendered":"https:\/\/wp.ufpel.edu.br\/cia\/?page_id=74"},"modified":"2022-01-31T18:36:17","modified_gmt":"2022-01-31T21:36:17","slug":"inicio","status":"publish","type":"page","link":"https:\/\/wp.ufpel.edu.br\/cia\/","title":{"rendered":"In\u00edcio"},"content":{"rendered":"<ul>\n<li style=\"text-align: justify\"><span style=\"font-family: tahoma, arial, helvetica, sans-serif\"><span style=\"color: #000000\">O<\/span> <span style=\"color: #ff6600\"><span style=\"font-size: 14pt\"><strong>1\u00b0 Congresso de Inova\u00e7\u00e3o em Alimentos<\/strong><\/span> <strong><span style=\"font-size: 14pt\">(CIA)<\/span><\/strong><\/span> <span style=\"color: #000000\">\u00e9 promovido pelo Programa de P\u00f3s-gradua\u00e7\u00e3o em Ci\u00eancia e Tecnologia de Alimentos (PPGCTA) da Universidade Federal de Pelotas (UFPel) e ocorrer\u00e1 no per\u00edodo de <strong><span style=\"font-size: 14pt\">27 a 30 de setembro<\/span><\/strong> de 2021.<\/span><\/span><\/li>\n<li style=\"text-align: justify\"><span style=\"font-family: tahoma, arial, helvetica, sans-serif\"><span style=\"color: #000000\">Nesta primeira edi\u00e7\u00e3o o evento ter\u00e1 a tem\u00e1tica \u201c<\/span><span style=\"color: #99cc00\"><strong><span style=\"font-size: 14pt\">Ampliando Horizontes<\/span><\/strong><\/span><span style=\"color: #000000\">\u201d e contar\u00e1 com palestras de pesquisadores nacionais abordando variados temas relacionados a inova\u00e7\u00f5es em alimentos.<\/span><\/span><\/li>\n<li style=\"text-align: justify\"><span style=\"font-family: tahoma, arial, helvetica, sans-serif;color: #000000\">O p\u00fablico-alvo s\u00e3o alunos e professores de gradua\u00e7\u00e3o, p\u00f3s-gradua\u00e7\u00e3o, profissionais e pesquisadores da \u00e1rea de Ci\u00eancia e Tecnologia de Alimentos, e \u00e1reas afins.<\/span><\/li>\n<\/ul>\n<p><span style=\"font-family: tahoma, arial, helvetica, sans-serif;color: #000000\">Siga-nos no Instagram: <span style=\"color: #003366\"><a style=\"color: #003366\" href=\"https:\/\/www.instagram.com\/ciacongressoppgcta\/\">@ciacongressoppgcta<\/a><\/span><\/span><\/p>\n<p>&nbsp;<\/p>\n<p><img loading=\"lazy\" decoding=\"async\" class=\"alignnone wp-image-401\" src=\"https:\/\/wp.ufpel.edu.br\/cia\/files\/2021\/05\/UFPEL-ESCUDO-2013-200x200.png\" alt=\"UFPel\" width=\"115\" height=\"115\" srcset=\"https:\/\/wp.ufpel.edu.br\/cia\/files\/2021\/05\/UFPEL-ESCUDO-2013-200x200.png 200w, https:\/\/wp.ufpel.edu.br\/cia\/files\/2021\/05\/UFPEL-ESCUDO-2013-400x400.png 400w, https:\/\/wp.ufpel.edu.br\/cia\/files\/2021\/05\/UFPEL-ESCUDO-2013-100x100.png 100w, https:\/\/wp.ufpel.edu.br\/cia\/files\/2021\/05\/UFPEL-ESCUDO-2013.png 595w\" sizes=\"auto, (max-width: 115px) 100vw, 115px\" \/> <img loading=\"lazy\" decoding=\"async\" class=\"alignnone wp-image-402\" src=\"https:\/\/wp.ufpel.edu.br\/cia\/files\/2021\/05\/tim.png\" alt=\"PPGCTA UFPel\" width=\"181\" height=\"110\" \/><\/p>\n<p>&nbsp;<\/p>\n<p><span style=\"font-size: 8pt;color: #000000\">P\u00e1gina atualizada em 31 de janeiro de 2021 \u00e0s 18h35min por Elder Pacheco da Cruz.<\/span><\/p>\n","protected":false},"excerpt":{"rendered":"<p>O 1\u00b0 Congresso de Inova\u00e7\u00e3o em Alimentos (CIA) \u00e9 promovido pelo Programa de P\u00f3s-gradua\u00e7\u00e3o em Ci\u00eancia e Tecnologia de Alimentos (PPGCTA) da Universidade Federal de Pelotas (UFPel) e ocorrer\u00e1 no per\u00edodo de 27 a 30 de setembro de 2021. Nesta primeira edi\u00e7\u00e3o o evento ter\u00e1 a tem\u00e1tica \u201cAmpliando Horizontes\u201d e contar\u00e1 com palestras de pesquisadores &hellip; <\/p>\n<p class=\"link-more\"><a href=\"https:\/\/wp.ufpel.edu.br\/cia\/\" class=\"more-link\">Continue lendo<span class=\"screen-reader-text\"> &#8220;In\u00edcio&#8221;<\/span><\/a><\/p>\n","protected":false},"author":1141,"featured_media":0,"parent":0,"menu_order":0,"comment_status":"closed","ping_status":"closed","template":"","meta":{"footnotes":""},"class_list":["post-74","page","type-page","status-publish","hentry"],"_links":{"self":[{"href":"https:\/\/wp.ufpel.edu.br\/cia\/wp-json\/wp\/v2\/pages\/74","targetHints":{"allow":["GET"]}}],"collection":[{"href":"https:\/\/wp.ufpel.edu.br\/cia\/wp-json\/wp\/v2\/pages"}],"about":[{"href":"https:\/\/wp.ufpel.edu.br\/cia\/wp-json\/wp\/v2\/types\/page"}],"author":[{"embeddable":true,"href":"https:\/\/wp.ufpel.edu.br\/cia\/wp-json\/wp\/v2\/users\/1141"}],"replies":[{"embeddable":true,"href":"https:\/\/wp.ufpel.edu.br\/cia\/wp-json\/wp\/v2\/comments?post=74"}],"version-history":[{"count":16,"href":"https:\/\/wp.ufpel.edu.br\/cia\/wp-json\/wp\/v2\/pages\/74\/revisions"}],"predecessor-version":[{"id":459,"href":"https:\/\/wp.ufpel.edu.br\/cia\/wp-json\/wp\/v2\/pages\/74\/revisions\/459"}],"wp:attachment":[{"href":"https:\/\/wp.ufpel.edu.br\/cia\/wp-json\/wp\/v2\/media?parent=74"}],"curies":[{"name":"wp","href":"https:\/\/api.w.org\/{rel}","templated":true}]}}