{"id":456,"date":"2021-10-22T09:39:54","date_gmt":"2021-10-22T12:39:54","guid":{"rendered":"https:\/\/wp.ufpel.edu.br\/choropelotas\/?page_id=456"},"modified":"2021-11-29T15:15:35","modified_gmt":"2021-11-29T18:15:35","slug":"festival-paulinho-martins","status":"publish","type":"page","link":"https:\/\/wp.ufpel.edu.br\/choropelotas\/festival-paulinho-martins\/","title":{"rendered":"Concurso Paulinho Martins"},"content":{"rendered":"<p><span style=\"font-size: 14pt\">O Concurso \u201cPaulinho Martins de Composi\u00e7\u00e3o\u201d aconteceu junto as demais atividades do I Festival de Choro de Pelotas. Ao todo foram enviados 18 v\u00eddeos com composi\u00e7\u00f5es in\u00e9ditas ao p\u00fablico. Duas musicas foram eleitas vencedoras pelo J\u00fari do Festival e uma pelo voto popular.<\/span><\/p>\n<p><span style=\"font-size: 14pt\">O resultado narrado pelo compositor homenageado no concurso pode ser conferido no v\u00eddeo abaixo:<\/span><\/p>\n<p><iframe loading=\"lazy\" title=\"Resultados Premia\u00e7\u00e3o - I Concurso Paulinho Martins de Composi\u00e7\u00e3o\" width=\"676\" height=\"380\" src=\"https:\/\/www.youtube.com\/embed\/ABnZ3lHGfKs?feature=oembed\" frameborder=\"0\" allow=\"accelerometer; autoplay; clipboard-write; encrypted-media; gyroscope; picture-in-picture\" allowfullscreen><\/iframe><\/p>\n<h1><\/h1>\n<h1>1\u00b0 Lugar<\/h1>\n<h1 class=\"title style-scope ytd-video-primary-info-renderer\">Um Clarinete bem Chorado (Henrique Machado) &#8211; Rio de Janeiro\/RJ<\/h1>\n<p><iframe loading=\"lazy\" title=\"Um Clarinete bem Chorado (Henrique Machado) - Rio de Janeiro\/RJ - I Concurso Paulinho Martins\" width=\"676\" height=\"380\" src=\"https:\/\/www.youtube.com\/embed\/Xla-61wz_7U?feature=oembed\" frameborder=\"0\" allow=\"accelerometer; autoplay; clipboard-write; encrypted-media; gyroscope; picture-in-picture\" allowfullscreen><\/iframe><\/p>\n<p>&nbsp;<\/p>\n<h1>2\u00b0Lugar<\/h1>\n<h1 class=\"title style-scope ytd-video-primary-info-renderer\">Anjo Bo\u00eamio (Samuel Rocha e Luiz Morais) &#8211; Fortaleza\/CE<\/h1>\n<p><iframe loading=\"lazy\" title=\"Anjo Bo\u00eamio (Samuel Rocha e Luiz Morais) - Fortaleza\/CE - I Concurso Paulinho Martins\" width=\"676\" height=\"380\" src=\"https:\/\/www.youtube.com\/embed\/40yHZ_Z-DuY?feature=oembed\" frameborder=\"0\" allow=\"accelerometer; autoplay; clipboard-write; encrypted-media; gyroscope; picture-in-picture\" allowfullscreen><\/iframe><\/p>\n<p>&nbsp;<\/p>\n<h1>3\u00b0Lugar<\/h1>\n<h1 class=\"title style-scope ytd-video-primary-info-renderer\">Cigana (Rafael Cunha) &#8211; Rio de Janeiro\/RJ<\/h1>\n<p><iframe loading=\"lazy\" title=\"Cigana (Rafael Cunha) - Rio de Janeiro\/RJ - I Concurso Paulinho Martins\" width=\"676\" height=\"380\" src=\"https:\/\/www.youtube.com\/embed\/YMx3bxpVGxE?feature=oembed\" frameborder=\"0\" allow=\"accelerometer; autoplay; clipboard-write; encrypted-media; gyroscope; picture-in-picture\" allowfullscreen><\/iframe><\/p>\n<p>&nbsp;<\/p>\n<p>&nbsp;<\/p>\n<p><span style=\"font-size: 14pt\">As 18 musicas podem ser conferidas na <em>playlist<\/em>\u00a0no canal do<em>\u00a0YouTube<\/em>\u00a0do Clube do Choro de Pelotas\u00a0<a href=\"https:\/\/youtube.com\/playlist?list=PLX67vL6QUJgO74LgnjXtomsYihxMSZs0K\">CLICANDO AQUI<\/a>\u00a0ou na integra abaixo.<\/span><\/p>\n<p><iframe loading=\"lazy\" title=\"I Concurso de Composi\u00e7\u00e3o Paulinho Martins\" width=\"676\" height=\"380\" src=\"https:\/\/www.youtube.com\/embed\/videoseries?list=PLX67vL6QUJgO74LgnjXtomsYihxMSZs0K\" frameborder=\"0\" allow=\"accelerometer; autoplay; clipboard-write; encrypted-media; gyroscope; picture-in-picture\" allowfullscreen><\/iframe><\/p>\n","protected":false},"excerpt":{"rendered":"<p>O Concurso \u201cPaulinho Martins de Composi\u00e7\u00e3o\u201d aconteceu junto as demais atividades do I Festival de Choro de Pelotas. Ao todo foram enviados 18 v\u00eddeos com composi\u00e7\u00f5es in\u00e9ditas ao p\u00fablico. Duas musicas foram eleitas vencedoras pelo J\u00fari do Festival e uma&#8230; <a class=\"more-link\" href=\"https:\/\/wp.ufpel.edu.br\/choropelotas\/festival-paulinho-martins\/\">Continue lendo &rarr;<\/a><\/p>\n","protected":false},"author":1045,"featured_media":0,"parent":0,"menu_order":0,"comment_status":"closed","ping_status":"closed","template":"","meta":{"jetpack_post_was_ever_published":false,"footnotes":""},"class_list":["post-456","page","type-page","status-publish","hentry"],"jetpack_sharing_enabled":true,"jetpack_likes_enabled":true,"jetpack-related-posts":[],"_links":{"self":[{"href":"https:\/\/wp.ufpel.edu.br\/choropelotas\/wp-json\/wp\/v2\/pages\/456","targetHints":{"allow":["GET"]}}],"collection":[{"href":"https:\/\/wp.ufpel.edu.br\/choropelotas\/wp-json\/wp\/v2\/pages"}],"about":[{"href":"https:\/\/wp.ufpel.edu.br\/choropelotas\/wp-json\/wp\/v2\/types\/page"}],"author":[{"embeddable":true,"href":"https:\/\/wp.ufpel.edu.br\/choropelotas\/wp-json\/wp\/v2\/users\/1045"}],"replies":[{"embeddable":true,"href":"https:\/\/wp.ufpel.edu.br\/choropelotas\/wp-json\/wp\/v2\/comments?post=456"}],"version-history":[{"count":5,"href":"https:\/\/wp.ufpel.edu.br\/choropelotas\/wp-json\/wp\/v2\/pages\/456\/revisions"}],"predecessor-version":[{"id":609,"href":"https:\/\/wp.ufpel.edu.br\/choropelotas\/wp-json\/wp\/v2\/pages\/456\/revisions\/609"}],"wp:attachment":[{"href":"https:\/\/wp.ufpel.edu.br\/choropelotas\/wp-json\/wp\/v2\/media?parent=456"}],"curies":[{"name":"wp","href":"https:\/\/api.w.org\/{rel}","templated":true}]}}