{"id":945,"date":"2018-07-16T20:17:40","date_gmt":"2018-07-16T23:17:40","guid":{"rendered":"https:\/\/wp.ufpel.edu.br\/chipinthepampa2018\/?page_id=945"},"modified":"2018-08-21T09:30:39","modified_gmt":"2018-08-21T12:30:39","slug":"program-at-a-glance","status":"publish","type":"page","link":"https:\/\/wp.ufpel.edu.br\/chipinthepampa2018\/home-2\/program-at-a-glance\/","title":{"rendered":"Program at a Glance"},"content":{"rendered":"<h2 style=\"text-align: center\">Program at a Glance<\/h2>\n<p style=\"text-align: justify\"><span style=\"font-size: 18pt\">This is the Program at a Glance of Chip in the Pampa 2018.<\/span>\u200b<\/p>\n<table border=\"0\">\n<tbody>\n<tr>\n<td>\u00a0<a href=\"https:\/\/wp.ufpel.edu.br\/chipinthepampa2018\/files\/2018\/08\/Chip_in_the_Pampa_at_a_Glance-1.pdf\"><img data-recalc-dims=\"1\" decoding=\"async\" data-attachment-id=\"1572\" data-permalink=\"https:\/\/wp.ufpel.edu.br\/chipinthepampa2018\/home-2\/program-at-a-glance\/chip_in_the_pampa_2018_at_a_glance-2\/\" data-orig-file=\"https:\/\/i0.wp.com\/wp.ufpel.edu.br\/chipinthepampa2018\/files\/2018\/08\/Chip_in_the_Pampa_2018_at_a_Glance-1.png?fit=1217%2C756&amp;ssl=1\" data-orig-size=\"1217,756\" data-comments-opened=\"0\" data-image-meta=\"{&quot;aperture&quot;:&quot;0&quot;,&quot;credit&quot;:&quot;&quot;,&quot;camera&quot;:&quot;&quot;,&quot;caption&quot;:&quot;&quot;,&quot;created_timestamp&quot;:&quot;0&quot;,&quot;copyright&quot;:&quot;&quot;,&quot;focal_length&quot;:&quot;0&quot;,&quot;iso&quot;:&quot;0&quot;,&quot;shutter_speed&quot;:&quot;0&quot;,&quot;title&quot;:&quot;&quot;,&quot;orientation&quot;:&quot;0&quot;}\" data-image-title=\"Chip_in_the_Pampa_2018_at_a_Glance\" data-image-description=\"\" data-image-caption=\"\" data-medium-file=\"https:\/\/i0.wp.com\/wp.ufpel.edu.br\/chipinthepampa2018\/files\/2018\/08\/Chip_in_the_Pampa_2018_at_a_Glance-1.png?fit=400%2C248&amp;ssl=1\" data-large-file=\"https:\/\/i0.wp.com\/wp.ufpel.edu.br\/chipinthepampa2018\/files\/2018\/08\/Chip_in_the_Pampa_2018_at_a_Glance-1.png?fit=1024%2C636&amp;ssl=1\" class=\"size-full wp-image-1572 aligncenter\" src=\"https:\/\/i0.wp.com\/wp.ufpel.edu.br\/chipinthepampa2018\/files\/2018\/08\/Chip_in_the_Pampa_2018_at_a_Glance-1.png?ssl=1\" alt=\"\"   srcset=\"https:\/\/i0.wp.com\/wp.ufpel.edu.br\/chipinthepampa2018\/files\/2018\/08\/Chip_in_the_Pampa_2018_at_a_Glance-1.png?w=1217&amp;ssl=1 1217w, https:\/\/i0.wp.com\/wp.ufpel.edu.br\/chipinthepampa2018\/files\/2018\/08\/Chip_in_the_Pampa_2018_at_a_Glance-1.png?resize=400%2C248&amp;ssl=1 400w, https:\/\/i0.wp.com\/wp.ufpel.edu.br\/chipinthepampa2018\/files\/2018\/08\/Chip_in_the_Pampa_2018_at_a_Glance-1.png?resize=768%2C477&amp;ssl=1 768w, https:\/\/i0.wp.com\/wp.ufpel.edu.br\/chipinthepampa2018\/files\/2018\/08\/Chip_in_the_Pampa_2018_at_a_Glance-1.png?resize=1024%2C636&amp;ssl=1 1024w\" sizes=\"(max-width: 1000px) 100vw, 1000px\" \/><\/a><\/td>\n<\/tr>\n<\/tbody>\n<\/table>\n<p>&nbsp;<\/p>\n<p>&nbsp;<\/p>\n","protected":false},"excerpt":{"rendered":"<p>Program at a Glance This is the Program at a Glance of Chip in the Pampa 2018.\u200b \u00a0 &nbsp; &nbsp;<\/p>\n","protected":false},"author":685,"featured_media":0,"parent":180,"menu_order":0,"comment_status":"closed","ping_status":"closed","template":"","meta":{"jetpack_post_was_ever_published":false,"footnotes":""},"class_list":["post-945","page","type-page","status-publish","hentry"],"jetpack_sharing_enabled":false,"jetpack_shortlink":"https:\/\/wp.me\/P9e0OP-ff","jetpack_likes_enabled":false,"jetpack-related-posts":[{"id":1295,"url":"https:\/\/wp.ufpel.edu.br\/chipinthepampa2018\/social-program-2\/","url_meta":{"origin":945,"position":0},"title":"Social Program","author":"agostini","date":"10\/08\/2018","format":false,"excerpt":"Chip in the Pampa 2018 Social Program Welcome Reception The Welcome Reception will be held on the Dall\u00b4Onder Grande Hotel and will provide a relaxed moment to fraternize with the event participants.\u00a0The reception includes foods, beers, and the Brazilian Caipirinhas with the awarded Casa Bucco cacha\u00e7a from Bento Gon\u00e7alves. \u00a0The\u2026","rel":"","context":"Post similar","block_context":{"text":"Post similar","link":""},"img":{"alt_text":"","src":"https:\/\/i0.wp.com\/wp.ufpel.edu.br\/chipinthepampa2018\/files\/2018\/08\/show2-400x267.jpg?resize=350%2C200&ssl=1","width":350,"height":200},"classes":[]},{"id":1415,"url":"https:\/\/wp.ufpel.edu.br\/chipinthepampa2018\/chip-in-the-pampa-2018-main-panel-in-portuguese\/","url_meta":{"origin":945,"position":1},"title":"Chip in the Pampa 2018 Panel (in Portuguese)","author":"agostini","date":"19\/08\/2018","format":false,"excerpt":"Chip in the Pampa 2018 Panel The panel will be in Portuguese Thursday, Aug. 30 16:20h Malbec BC Avalia\u00e7\u00e3o e Perspectivas da Pol\u00edtica de Incentivos ao Desenvolvimento de Empreendimentos de TIC e Microeletr\u00f4nica Jos\u00e9 Gontijo (MCTIC) Ricardo Rivera (BNDES) Rogerio Nunes (ABISEMI\/ABINEE) Antonio Carlos Porto\u00a0 (P&D Brasil) to be confirmed\u2026","rel":"","context":"Post similar","block_context":{"text":"Post similar","link":""},"img":{"alt_text":"","src":"","width":0,"height":0},"classes":[]},{"id":1177,"url":"https:\/\/wp.ufpel.edu.br\/chipinthepampa2018\/exhibition-fair\/","url_meta":{"origin":945,"position":2},"title":"Exhibition Fair","author":"agostini","date":"09\/08\/2018","format":false,"excerpt":"Exhibition Fair From Aug. 28 to Aug. 31 Chip in the Pampa 2018 counts with an Exhibition Fair that aims at bringing together industry and academy in the field of Microelectronics. The Exhibition Fair is the place to meet some of the main companies in the country and in the\u2026","rel":"","context":"Post similar","block_context":{"text":"Post similar","link":""},"img":{"alt_text":"","src":"https:\/\/i0.wp.com\/wp.ufpel.edu.br\/chipinthepampa2018\/files\/2018\/08\/NAMITEC.jpg?resize=350%2C200&ssl=1","width":350,"height":200,"srcset":"https:\/\/i0.wp.com\/wp.ufpel.edu.br\/chipinthepampa2018\/files\/2018\/08\/NAMITEC.jpg?resize=350%2C200&ssl=1 1x, https:\/\/i0.wp.com\/wp.ufpel.edu.br\/chipinthepampa2018\/files\/2018\/08\/NAMITEC.jpg?resize=525%2C300&ssl=1 1.5x, https:\/\/i0.wp.com\/wp.ufpel.edu.br\/chipinthepampa2018\/files\/2018\/08\/NAMITEC.jpg?resize=700%2C400&ssl=1 2x, https:\/\/i0.wp.com\/wp.ufpel.edu.br\/chipinthepampa2018\/files\/2018\/08\/NAMITEC.jpg?resize=1050%2C600&ssl=1 3x, https:\/\/i0.wp.com\/wp.ufpel.edu.br\/chipinthepampa2018\/files\/2018\/08\/NAMITEC.jpg?resize=1400%2C800&ssl=1 4x"},"classes":[]},{"id":180,"url":"https:\/\/wp.ufpel.edu.br\/chipinthepampa2018\/","url_meta":{"origin":945,"position":3},"title":"Chip in the Pampa 2018\u2026","author":"agostini","date":"14\/10\/2017","format":false,"excerpt":"Chip in the Pampa 2018 Bento Gon\u00e7alves, Rio Grande do Sul, Brazil August 27 to 31, 2018 Keynote Speakers Jason Cong Joan Morante Nikil Dutt Presentation The Chip in is a series of events that started in 2000 with the Chip in the Jungle, in the State of Amazon, Brazil.\u2026","rel":"","context":"Post similar","block_context":{"text":"Post similar","link":""},"img":{"alt_text":"","src":"https:\/\/i0.wp.com\/wp.ufpel.edu.br\/chipinthepampa2018\/files\/2018\/08\/g1_12_178_1032_1107_240718.jpg?resize=350%2C200&ssl=1","width":350,"height":200,"srcset":"https:\/\/i0.wp.com\/wp.ufpel.edu.br\/chipinthepampa2018\/files\/2018\/08\/g1_12_178_1032_1107_240718.jpg?resize=350%2C200&ssl=1 1x, https:\/\/i0.wp.com\/wp.ufpel.edu.br\/chipinthepampa2018\/files\/2018\/08\/g1_12_178_1032_1107_240718.jpg?resize=525%2C300&ssl=1 1.5x, https:\/\/i0.wp.com\/wp.ufpel.edu.br\/chipinthepampa2018\/files\/2018\/08\/g1_12_178_1032_1107_240718.jpg?resize=700%2C400&ssl=1 2x"},"classes":[]},{"id":503,"url":"https:\/\/wp.ufpel.edu.br\/chipinthepampa2018\/about-bento-goncalves\/venue\/","url_meta":{"origin":945,"position":4},"title":"Venue","author":"agostini","date":"08\/03\/2018","format":false,"excerpt":"The conference venue will be the\u00a0Dall\u2019Onder Grande Hotel. \u00a0 Hotel rooms used for the Chip in the Pampa 2018 activities. To access the hotel website click HERE","rel":"","context":"Post similar","block_context":{"text":"Post similar","link":""},"img":{"alt_text":"","src":"https:\/\/i0.wp.com\/wp.ufpel.edu.br\/chipinthepampa2018\/files\/2018\/08\/malbec_textos.png?resize=350%2C200&ssl=1","width":350,"height":200,"srcset":"https:\/\/i0.wp.com\/wp.ufpel.edu.br\/chipinthepampa2018\/files\/2018\/08\/malbec_textos.png?resize=350%2C200&ssl=1 1x, https:\/\/i0.wp.com\/wp.ufpel.edu.br\/chipinthepampa2018\/files\/2018\/08\/malbec_textos.png?resize=525%2C300&ssl=1 1.5x, https:\/\/i0.wp.com\/wp.ufpel.edu.br\/chipinthepampa2018\/files\/2018\/08\/malbec_textos.png?resize=700%2C400&ssl=1 2x"},"classes":[]},{"id":1161,"url":"https:\/\/wp.ufpel.edu.br\/chipinthepampa2018\/feec-technical-program-in-portuguese\/","url_meta":{"origin":945,"position":5},"title":"FEEC 2018 Technical Program (in Portuguese)","author":"agostini","date":"08\/08\/2018","format":false,"excerpt":"FEEC 2018 Final Technical Program All activities will be in Portuguese. Tuesday, Aug. 28 13:40h Pinot A\u00a0 An\u00e1lise de Microprocessadores: Did\u00e1ticos a Comerciais Paulo Matheus Vinhas 14:05h\u00a0Pinot A\u00a0 As rela\u00e7\u00f5es entre Computador e Computa\u00e7\u00e3o Daltro Nunes\u00a0 (UFRGS) 14:55h Pinot A\u00a0\u2013 Painel Desafios no Ensino de Engenharia da Computa\u00e7\u00e3o na Era\u2026","rel":"","context":"Post similar","block_context":{"text":"Post similar","link":""},"img":{"alt_text":"","src":"","width":0,"height":0},"classes":[]}],"_links":{"self":[{"href":"https:\/\/wp.ufpel.edu.br\/chipinthepampa2018\/wp-json\/wp\/v2\/pages\/945","targetHints":{"allow":["GET"]}}],"collection":[{"href":"https:\/\/wp.ufpel.edu.br\/chipinthepampa2018\/wp-json\/wp\/v2\/pages"}],"about":[{"href":"https:\/\/wp.ufpel.edu.br\/chipinthepampa2018\/wp-json\/wp\/v2\/types\/page"}],"author":[{"embeddable":true,"href":"https:\/\/wp.ufpel.edu.br\/chipinthepampa2018\/wp-json\/wp\/v2\/users\/685"}],"replies":[{"embeddable":true,"href":"https:\/\/wp.ufpel.edu.br\/chipinthepampa2018\/wp-json\/wp\/v2\/comments?post=945"}],"version-history":[{"count":29,"href":"https:\/\/wp.ufpel.edu.br\/chipinthepampa2018\/wp-json\/wp\/v2\/pages\/945\/revisions"}],"predecessor-version":[{"id":1573,"href":"https:\/\/wp.ufpel.edu.br\/chipinthepampa2018\/wp-json\/wp\/v2\/pages\/945\/revisions\/1573"}],"up":[{"embeddable":true,"href":"https:\/\/wp.ufpel.edu.br\/chipinthepampa2018\/wp-json\/wp\/v2\/pages\/180"}],"wp:attachment":[{"href":"https:\/\/wp.ufpel.edu.br\/chipinthepampa2018\/wp-json\/wp\/v2\/media?parent=945"}],"curies":[{"name":"wp","href":"https:\/\/api.w.org\/{rel}","templated":true}]}}