{"id":503,"date":"2018-03-08T10:14:14","date_gmt":"2018-03-08T13:14:14","guid":{"rendered":"https:\/\/wp.ufpel.edu.br\/chipinthepampa2018\/?page_id=503"},"modified":"2018-08-20T20:16:10","modified_gmt":"2018-08-20T23:16:10","slug":"venue","status":"publish","type":"page","link":"https:\/\/wp.ufpel.edu.br\/chipinthepampa2018\/about-bento-goncalves\/venue\/","title":{"rendered":"Venue"},"content":{"rendered":"<p style=\"text-align: center\" align=\"justify\"><span style=\"color: #000000\"><strong><span style=\"font-size: 24pt\"><span lang=\"en-US\">The conference venue will be the\u00a0Dall\u2019Onder Grande Hotel.<\/span><\/span><\/strong><\/span><\/p>\n<div class=\"mceTemp\"><\/div>\n<table class=\"aligncenter\" style=\"height: 50%;width: 50%;border-collapse: collapse\" border=\"0\">\n<tbody>\n<tr>\n<td style=\"width: 50%\">\n<img data-recalc-dims=\"1\" decoding=\"async\" data-attachment-id=\"544\" data-permalink=\"https:\/\/wp.ufpel.edu.br\/chipinthepampa2018\/about-bento-goncalves\/venue\/dallonder\/\" data-orig-file=\"https:\/\/i0.wp.com\/wp.ufpel.edu.br\/chipinthepampa2018\/files\/2018\/03\/dallOnder.jpg?fit=1000%2C667&amp;ssl=1\" data-orig-size=\"1000,667\" data-comments-opened=\"0\" data-image-meta=\"{&quot;aperture&quot;:&quot;0&quot;,&quot;credit&quot;:&quot;&quot;,&quot;camera&quot;:&quot;&quot;,&quot;caption&quot;:&quot;&quot;,&quot;created_timestamp&quot;:&quot;0&quot;,&quot;copyright&quot;:&quot;&quot;,&quot;focal_length&quot;:&quot;0&quot;,&quot;iso&quot;:&quot;0&quot;,&quot;shutter_speed&quot;:&quot;0&quot;,&quot;title&quot;:&quot;&quot;,&quot;orientation&quot;:&quot;0&quot;}\" data-image-title=\"Dall&amp;#8217;Onder\" data-image-description=\"\" data-image-caption=\"&lt;p&gt;Dall&amp;#8217;Onder Grande Hotel &amp;#8211; Bento Gon\u00e7alves&lt;\/p&gt;\n\" data-medium-file=\"https:\/\/i0.wp.com\/wp.ufpel.edu.br\/chipinthepampa2018\/files\/2018\/03\/dallOnder.jpg?fit=400%2C267&amp;ssl=1\" data-large-file=\"https:\/\/i0.wp.com\/wp.ufpel.edu.br\/chipinthepampa2018\/files\/2018\/03\/dallOnder.jpg?fit=1000%2C667&amp;ssl=1\" class=\" wp-image-544\" src=\"https:\/\/i0.wp.com\/wp.ufpel.edu.br\/chipinthepampa2018\/files\/2018\/03\/dallOnder.jpg?ssl=1\" alt=\"\"   srcset=\"https:\/\/i0.wp.com\/wp.ufpel.edu.br\/chipinthepampa2018\/files\/2018\/03\/dallOnder.jpg?w=1000&amp;ssl=1 1000w, https:\/\/i0.wp.com\/wp.ufpel.edu.br\/chipinthepampa2018\/files\/2018\/03\/dallOnder.jpg?resize=400%2C267&amp;ssl=1 400w, https:\/\/i0.wp.com\/wp.ufpel.edu.br\/chipinthepampa2018\/files\/2018\/03\/dallOnder.jpg?resize=768%2C512&amp;ssl=1 768w\" sizes=\"(max-width: 1000px) 100vw, 1000px\" \/> <\/td>\n<\/tr>\n<\/tbody>\n<\/table>\n<p>&nbsp;<\/p>\n<p><span style=\"color: #000000\"><span style=\"font-size: 24px\">Hotel rooms used for the Chip in the Pampa 2018 activities.<\/span><\/span><\/p>\n<table class=\"aligncenter\" style=\"height: 100%;width: 100%;border-collapse: collapse\" border=\"0\">\n<tbody>\n<tr>\n<td style=\"width: 25%\"><a href=\"https:\/\/i0.wp.com\/wp.ufpel.edu.br\/chipinthepampa2018\/files\/2018\/08\/carmenere_textos.png?ssl=1\"><img data-recalc-dims=\"1\" loading=\"lazy\" decoding=\"async\" data-attachment-id=\"1555\" data-permalink=\"https:\/\/wp.ufpel.edu.br\/chipinthepampa2018\/about-bento-goncalves\/venue\/carmenere_textos\/\" data-orig-file=\"https:\/\/i0.wp.com\/wp.ufpel.edu.br\/chipinthepampa2018\/files\/2018\/08\/carmenere_textos.png?fit=751%2C781&amp;ssl=1\" data-orig-size=\"751,781\" data-comments-opened=\"0\" data-image-meta=\"{&quot;aperture&quot;:&quot;0&quot;,&quot;credit&quot;:&quot;&quot;,&quot;camera&quot;:&quot;&quot;,&quot;caption&quot;:&quot;&quot;,&quot;created_timestamp&quot;:&quot;0&quot;,&quot;copyright&quot;:&quot;&quot;,&quot;focal_length&quot;:&quot;0&quot;,&quot;iso&quot;:&quot;0&quot;,&quot;shutter_speed&quot;:&quot;0&quot;,&quot;title&quot;:&quot;&quot;,&quot;orientation&quot;:&quot;0&quot;}\" data-image-title=\"carmenere_textos\" data-image-description=\"\" data-image-caption=\"\" data-medium-file=\"https:\/\/i0.wp.com\/wp.ufpel.edu.br\/chipinthepampa2018\/files\/2018\/08\/carmenere_textos.png?fit=385%2C400&amp;ssl=1\" data-large-file=\"https:\/\/i0.wp.com\/wp.ufpel.edu.br\/chipinthepampa2018\/files\/2018\/08\/carmenere_textos.png?fit=751%2C781&amp;ssl=1\" class=\"size-full wp-image-1555 aligncenter\" src=\"https:\/\/i0.wp.com\/wp.ufpel.edu.br\/chipinthepampa2018\/files\/2018\/08\/carmenere_textos.png?resize=751%2C781&#038;ssl=1\" alt=\"\" width=\"751\" height=\"781\" srcset=\"https:\/\/i0.wp.com\/wp.ufpel.edu.br\/chipinthepampa2018\/files\/2018\/08\/carmenere_textos.png?w=751&amp;ssl=1 751w, https:\/\/i0.wp.com\/wp.ufpel.edu.br\/chipinthepampa2018\/files\/2018\/08\/carmenere_textos.png?resize=385%2C400&amp;ssl=1 385w\" sizes=\"auto, (max-width: 751px) 100vw, 751px\" \/><\/a><\/td>\n<td style=\"width: 29.2883%\"><a href=\"https:\/\/i0.wp.com\/wp.ufpel.edu.br\/chipinthepampa2018\/files\/2018\/08\/malbec_textos.png?ssl=1\"><img data-recalc-dims=\"1\" loading=\"lazy\" decoding=\"async\" data-attachment-id=\"1556\" data-permalink=\"https:\/\/wp.ufpel.edu.br\/chipinthepampa2018\/about-bento-goncalves\/venue\/malbec_textos\/\" data-orig-file=\"https:\/\/i0.wp.com\/wp.ufpel.edu.br\/chipinthepampa2018\/files\/2018\/08\/malbec_textos.png?fit=989%2C818&amp;ssl=1\" data-orig-size=\"989,818\" data-comments-opened=\"0\" data-image-meta=\"{&quot;aperture&quot;:&quot;0&quot;,&quot;credit&quot;:&quot;&quot;,&quot;camera&quot;:&quot;&quot;,&quot;caption&quot;:&quot;&quot;,&quot;created_timestamp&quot;:&quot;0&quot;,&quot;copyright&quot;:&quot;&quot;,&quot;focal_length&quot;:&quot;0&quot;,&quot;iso&quot;:&quot;0&quot;,&quot;shutter_speed&quot;:&quot;0&quot;,&quot;title&quot;:&quot;&quot;,&quot;orientation&quot;:&quot;0&quot;}\" data-image-title=\"malbec_textos\" data-image-description=\"\" data-image-caption=\"\" data-medium-file=\"https:\/\/i0.wp.com\/wp.ufpel.edu.br\/chipinthepampa2018\/files\/2018\/08\/malbec_textos.png?fit=400%2C331&amp;ssl=1\" data-large-file=\"https:\/\/i0.wp.com\/wp.ufpel.edu.br\/chipinthepampa2018\/files\/2018\/08\/malbec_textos.png?fit=989%2C818&amp;ssl=1\" class=\"size-full wp-image-1556 aligncenter\" src=\"https:\/\/i0.wp.com\/wp.ufpel.edu.br\/chipinthepampa2018\/files\/2018\/08\/malbec_textos.png?resize=989%2C818&#038;ssl=1\" alt=\"\" width=\"989\" height=\"818\" srcset=\"https:\/\/i0.wp.com\/wp.ufpel.edu.br\/chipinthepampa2018\/files\/2018\/08\/malbec_textos.png?w=989&amp;ssl=1 989w, https:\/\/i0.wp.com\/wp.ufpel.edu.br\/chipinthepampa2018\/files\/2018\/08\/malbec_textos.png?resize=400%2C331&amp;ssl=1 400w, https:\/\/i0.wp.com\/wp.ufpel.edu.br\/chipinthepampa2018\/files\/2018\/08\/malbec_textos.png?resize=768%2C635&amp;ssl=1 768w\" sizes=\"auto, (max-width: 989px) 100vw, 989px\" \/><\/a><\/td>\n<td style=\"width: 20.7117%\"><a href=\"https:\/\/i0.wp.com\/wp.ufpel.edu.br\/chipinthepampa2018\/files\/2018\/08\/pinot_textos.png?ssl=1\"><img data-recalc-dims=\"1\" loading=\"lazy\" decoding=\"async\" data-attachment-id=\"1554\" data-permalink=\"https:\/\/wp.ufpel.edu.br\/chipinthepampa2018\/about-bento-goncalves\/venue\/pinot_textos\/\" data-orig-file=\"https:\/\/i0.wp.com\/wp.ufpel.edu.br\/chipinthepampa2018\/files\/2018\/08\/pinot_textos.png?fit=427%2C820&amp;ssl=1\" data-orig-size=\"427,820\" data-comments-opened=\"0\" data-image-meta=\"{&quot;aperture&quot;:&quot;0&quot;,&quot;credit&quot;:&quot;&quot;,&quot;camera&quot;:&quot;&quot;,&quot;caption&quot;:&quot;&quot;,&quot;created_timestamp&quot;:&quot;0&quot;,&quot;copyright&quot;:&quot;&quot;,&quot;focal_length&quot;:&quot;0&quot;,&quot;iso&quot;:&quot;0&quot;,&quot;shutter_speed&quot;:&quot;0&quot;,&quot;title&quot;:&quot;&quot;,&quot;orientation&quot;:&quot;0&quot;}\" data-image-title=\"pinot_textos\" data-image-description=\"\" data-image-caption=\"\" data-medium-file=\"https:\/\/i0.wp.com\/wp.ufpel.edu.br\/chipinthepampa2018\/files\/2018\/08\/pinot_textos.png?fit=208%2C400&amp;ssl=1\" data-large-file=\"https:\/\/i0.wp.com\/wp.ufpel.edu.br\/chipinthepampa2018\/files\/2018\/08\/pinot_textos.png?fit=427%2C820&amp;ssl=1\" class=\"wp-image-1554 aligncenter\" src=\"https:\/\/i0.wp.com\/wp.ufpel.edu.br\/chipinthepampa2018\/files\/2018\/08\/pinot_textos.png?resize=293%2C563&#038;ssl=1\" alt=\"\" width=\"293\" height=\"563\" srcset=\"https:\/\/i0.wp.com\/wp.ufpel.edu.br\/chipinthepampa2018\/files\/2018\/08\/pinot_textos.png?w=427&amp;ssl=1 427w, https:\/\/i0.wp.com\/wp.ufpel.edu.br\/chipinthepampa2018\/files\/2018\/08\/pinot_textos.png?resize=208%2C400&amp;ssl=1 208w\" sizes=\"auto, (max-width: 293px) 100vw, 293px\" \/><\/a><\/td>\n<td style=\"width: 25%\"><a href=\"https:\/\/i0.wp.com\/wp.ufpel.edu.br\/chipinthepampa2018\/files\/2018\/08\/sauvignon_textos.png?ssl=1\"><img data-recalc-dims=\"1\" loading=\"lazy\" decoding=\"async\" data-attachment-id=\"1553\" data-permalink=\"https:\/\/wp.ufpel.edu.br\/chipinthepampa2018\/about-bento-goncalves\/venue\/sauvignon_textos\/\" data-orig-file=\"https:\/\/i0.wp.com\/wp.ufpel.edu.br\/chipinthepampa2018\/files\/2018\/08\/sauvignon_textos.png?fit=709%2C578&amp;ssl=1\" data-orig-size=\"709,578\" data-comments-opened=\"0\" data-image-meta=\"{&quot;aperture&quot;:&quot;0&quot;,&quot;credit&quot;:&quot;&quot;,&quot;camera&quot;:&quot;&quot;,&quot;caption&quot;:&quot;&quot;,&quot;created_timestamp&quot;:&quot;0&quot;,&quot;copyright&quot;:&quot;&quot;,&quot;focal_length&quot;:&quot;0&quot;,&quot;iso&quot;:&quot;0&quot;,&quot;shutter_speed&quot;:&quot;0&quot;,&quot;title&quot;:&quot;&quot;,&quot;orientation&quot;:&quot;0&quot;}\" data-image-title=\"sauvignon_textos\" data-image-description=\"\" data-image-caption=\"\" data-medium-file=\"https:\/\/i0.wp.com\/wp.ufpel.edu.br\/chipinthepampa2018\/files\/2018\/08\/sauvignon_textos.png?fit=400%2C326&amp;ssl=1\" data-large-file=\"https:\/\/i0.wp.com\/wp.ufpel.edu.br\/chipinthepampa2018\/files\/2018\/08\/sauvignon_textos.png?fit=709%2C578&amp;ssl=1\" class=\"alignleft size-full wp-image-1553\" src=\"https:\/\/i0.wp.com\/wp.ufpel.edu.br\/chipinthepampa2018\/files\/2018\/08\/sauvignon_textos.png?resize=709%2C578&#038;ssl=1\" alt=\"\" width=\"709\" height=\"578\" srcset=\"https:\/\/i0.wp.com\/wp.ufpel.edu.br\/chipinthepampa2018\/files\/2018\/08\/sauvignon_textos.png?w=709&amp;ssl=1 709w, https:\/\/i0.wp.com\/wp.ufpel.edu.br\/chipinthepampa2018\/files\/2018\/08\/sauvignon_textos.png?resize=400%2C326&amp;ssl=1 400w\" sizes=\"auto, (max-width: 709px) 100vw, 709px\" \/><\/a><\/td>\n<\/tr>\n<\/tbody>\n<\/table>\n<p style=\"text-align: left\" align=\"justify\"><span style=\"color: #222222\"><span lang=\"en-US\"><span style=\"font-size: 18pt\"><span style=\"color: #000000\">To access the hotel website click <a href=\"http:\/\/www.dallonder.com.br\/\">HERE<\/a><\/span><\/span><\/span><\/span><\/p>\n<div class=\"googlemaps\">\n\t\t\t\t<iframe loading=\"lazy\" width=\"600\" height=\"450\" frameborder=\"0\" scrolling=\"no\" marginheight=\"0\" marginwidth=\"0\"  src=\"https:\/\/www.google.com\/maps\/embed?pb=!1m14!1m8!1m3!1d6967.828306944497!2d-51.5095162!3d-29.1672019!3m2!1i1024!2i768!4f13.1!3m3!1m2!1s0x951c234f614d670d:0x6c88be4e1f3bc0c2!2sDall&#039;Onder%20Grande%20Hotel!5e0!3m2!1spt-BR!2sbr!4v1520526852147\"><\/iframe>\n\t\t\t<\/div>\n","protected":false},"excerpt":{"rendered":"<p>The conference venue will be the\u00a0Dall\u2019Onder Grande Hotel. &nbsp; Hotel rooms used for the Chip in the Pampa 2018 activities. To access the hotel website click HERE<\/p>\n","protected":false},"author":685,"featured_media":0,"parent":24,"menu_order":0,"comment_status":"closed","ping_status":"closed","template":"page-templates\/child-menu.php","meta":{"jetpack_post_was_ever_published":false,"footnotes":""},"class_list":["post-503","page","type-page","status-publish","hentry"],"jetpack_sharing_enabled":true,"jetpack_shortlink":"https:\/\/wp.me\/P9e0OP-87","jetpack_likes_enabled":false,"jetpack-related-posts":[{"id":492,"url":"https:\/\/wp.ufpel.edu.br\/chipinthepampa2018\/hotel-reservation\/","url_meta":{"origin":503,"position":0},"title":"Hotel Reservation","author":"agostini","date":"08\/03\/2018","format":false,"excerpt":"Hotel Reservation The Dall'Onder Grande Hotel is the official hotel of the conference. Hotel Website. -- Reservations can be done by call or email -- comercial3@dallonder.com.br +55 (54) 3455-3580 \u00a0 Rate for attendes of the Chip in the Pampa, including breakfast.\u00a0 3 days minimum reservation. CATEGORY SIGLE DOUBLE TRIPLE QUADRUPLE\u2026","rel":"","context":"Post similar","block_context":{"text":"Post similar","link":""},"img":{"alt_text":"","src":"","width":0,"height":0},"classes":[]},{"id":1295,"url":"https:\/\/wp.ufpel.edu.br\/chipinthepampa2018\/social-program-2\/","url_meta":{"origin":503,"position":1},"title":"Social Program","author":"agostini","date":"10\/08\/2018","format":false,"excerpt":"Chip in the Pampa 2018 Social Program Welcome Reception The Welcome Reception will be held on the Dall\u00b4Onder Grande Hotel and will provide a relaxed moment to fraternize with the event participants.\u00a0The reception includes foods, beers, and the Brazilian Caipirinhas with the awarded Casa Bucco cacha\u00e7a from Bento Gon\u00e7alves. \u00a0The\u2026","rel":"","context":"Post similar","block_context":{"text":"Post similar","link":""},"img":{"alt_text":"","src":"https:\/\/i0.wp.com\/wp.ufpel.edu.br\/chipinthepampa2018\/files\/2018\/08\/show2-400x267.jpg?resize=350%2C200&ssl=1","width":350,"height":200},"classes":[]},{"id":180,"url":"https:\/\/wp.ufpel.edu.br\/chipinthepampa2018\/","url_meta":{"origin":503,"position":2},"title":"Chip in the Pampa 2018\u2026","author":"agostini","date":"14\/10\/2017","format":false,"excerpt":"Chip in the Pampa 2018 Bento Gon\u00e7alves, Rio Grande do Sul, Brazil August 27 to 31, 2018 Keynote Speakers Jason Cong Joan Morante Nikil Dutt Presentation The Chip in is a series of events that started in 2000 with the Chip in the Jungle, in the State of Amazon, Brazil.\u2026","rel":"","context":"Post similar","block_context":{"text":"Post similar","link":""},"img":{"alt_text":"","src":"https:\/\/i0.wp.com\/wp.ufpel.edu.br\/chipinthepampa2018\/files\/2018\/08\/g1_12_178_1032_1107_240718.jpg?resize=350%2C200&ssl=1","width":350,"height":200,"srcset":"https:\/\/i0.wp.com\/wp.ufpel.edu.br\/chipinthepampa2018\/files\/2018\/08\/g1_12_178_1032_1107_240718.jpg?resize=350%2C200&ssl=1 1x, https:\/\/i0.wp.com\/wp.ufpel.edu.br\/chipinthepampa2018\/files\/2018\/08\/g1_12_178_1032_1107_240718.jpg?resize=525%2C300&ssl=1 1.5x, https:\/\/i0.wp.com\/wp.ufpel.edu.br\/chipinthepampa2018\/files\/2018\/08\/g1_12_178_1032_1107_240718.jpg?resize=700%2C400&ssl=1 2x"},"classes":[]},{"id":1415,"url":"https:\/\/wp.ufpel.edu.br\/chipinthepampa2018\/chip-in-the-pampa-2018-main-panel-in-portuguese\/","url_meta":{"origin":503,"position":3},"title":"Chip in the Pampa 2018 Panel (in Portuguese)","author":"agostini","date":"19\/08\/2018","format":false,"excerpt":"Chip in the Pampa 2018 Panel The panel will be in Portuguese Thursday, Aug. 30 16:20h Malbec BC Avalia\u00e7\u00e3o e Perspectivas da Pol\u00edtica de Incentivos ao Desenvolvimento de Empreendimentos de TIC e Microeletr\u00f4nica Jos\u00e9 Gontijo (MCTIC) Ricardo Rivera (BNDES) Rogerio Nunes (ABISEMI\/ABINEE) Antonio Carlos Porto\u00a0 (P&D Brasil) to be confirmed\u2026","rel":"","context":"Post similar","block_context":{"text":"Post similar","link":""},"img":{"alt_text":"","src":"","width":0,"height":0},"classes":[]},{"id":1177,"url":"https:\/\/wp.ufpel.edu.br\/chipinthepampa2018\/exhibition-fair\/","url_meta":{"origin":503,"position":4},"title":"Exhibition Fair","author":"agostini","date":"09\/08\/2018","format":false,"excerpt":"Exhibition Fair From Aug. 28 to Aug. 31 Chip in the Pampa 2018 counts with an Exhibition Fair that aims at bringing together industry and academy in the field of Microelectronics. The Exhibition Fair is the place to meet some of the main companies in the country and in the\u2026","rel":"","context":"Post similar","block_context":{"text":"Post similar","link":""},"img":{"alt_text":"","src":"https:\/\/i0.wp.com\/wp.ufpel.edu.br\/chipinthepampa2018\/files\/2018\/08\/NAMITEC.jpg?resize=350%2C200&ssl=1","width":350,"height":200,"srcset":"https:\/\/i0.wp.com\/wp.ufpel.edu.br\/chipinthepampa2018\/files\/2018\/08\/NAMITEC.jpg?resize=350%2C200&ssl=1 1x, https:\/\/i0.wp.com\/wp.ufpel.edu.br\/chipinthepampa2018\/files\/2018\/08\/NAMITEC.jpg?resize=525%2C300&ssl=1 1.5x, https:\/\/i0.wp.com\/wp.ufpel.edu.br\/chipinthepampa2018\/files\/2018\/08\/NAMITEC.jpg?resize=700%2C400&ssl=1 2x, https:\/\/i0.wp.com\/wp.ufpel.edu.br\/chipinthepampa2018\/files\/2018\/08\/NAMITEC.jpg?resize=1050%2C600&ssl=1 3x, https:\/\/i0.wp.com\/wp.ufpel.edu.br\/chipinthepampa2018\/files\/2018\/08\/NAMITEC.jpg?resize=1400%2C800&ssl=1 4x"},"classes":[]},{"id":945,"url":"https:\/\/wp.ufpel.edu.br\/chipinthepampa2018\/home-2\/program-at-a-glance\/","url_meta":{"origin":503,"position":5},"title":"Program at a Glance","author":"agostini","date":"16\/07\/2018","format":false,"excerpt":"Program at a Glance This is the Program at a Glance of Chip in the Pampa 2018.\u200b \u00a0 \u00a0 \u00a0","rel":"","context":"Post similar","block_context":{"text":"Post similar","link":""},"img":{"alt_text":"","src":"https:\/\/i0.wp.com\/wp.ufpel.edu.br\/chipinthepampa2018\/files\/2018\/08\/Chip_in_the_Pampa_2018_at_a_Glance-1.png?resize=350%2C200&ssl=1","width":350,"height":200,"srcset":"https:\/\/i0.wp.com\/wp.ufpel.edu.br\/chipinthepampa2018\/files\/2018\/08\/Chip_in_the_Pampa_2018_at_a_Glance-1.png?resize=350%2C200&ssl=1 1x, https:\/\/i0.wp.com\/wp.ufpel.edu.br\/chipinthepampa2018\/files\/2018\/08\/Chip_in_the_Pampa_2018_at_a_Glance-1.png?resize=525%2C300&ssl=1 1.5x, https:\/\/i0.wp.com\/wp.ufpel.edu.br\/chipinthepampa2018\/files\/2018\/08\/Chip_in_the_Pampa_2018_at_a_Glance-1.png?resize=700%2C400&ssl=1 2x, https:\/\/i0.wp.com\/wp.ufpel.edu.br\/chipinthepampa2018\/files\/2018\/08\/Chip_in_the_Pampa_2018_at_a_Glance-1.png?resize=1050%2C600&ssl=1 3x"},"classes":[]}],"_links":{"self":[{"href":"https:\/\/wp.ufpel.edu.br\/chipinthepampa2018\/wp-json\/wp\/v2\/pages\/503","targetHints":{"allow":["GET"]}}],"collection":[{"href":"https:\/\/wp.ufpel.edu.br\/chipinthepampa2018\/wp-json\/wp\/v2\/pages"}],"about":[{"href":"https:\/\/wp.ufpel.edu.br\/chipinthepampa2018\/wp-json\/wp\/v2\/types\/page"}],"author":[{"embeddable":true,"href":"https:\/\/wp.ufpel.edu.br\/chipinthepampa2018\/wp-json\/wp\/v2\/users\/685"}],"replies":[{"embeddable":true,"href":"https:\/\/wp.ufpel.edu.br\/chipinthepampa2018\/wp-json\/wp\/v2\/comments?post=503"}],"version-history":[{"count":29,"href":"https:\/\/wp.ufpel.edu.br\/chipinthepampa2018\/wp-json\/wp\/v2\/pages\/503\/revisions"}],"predecessor-version":[{"id":1564,"href":"https:\/\/wp.ufpel.edu.br\/chipinthepampa2018\/wp-json\/wp\/v2\/pages\/503\/revisions\/1564"}],"up":[{"embeddable":true,"href":"https:\/\/wp.ufpel.edu.br\/chipinthepampa2018\/wp-json\/wp\/v2\/pages\/24"}],"wp:attachment":[{"href":"https:\/\/wp.ufpel.edu.br\/chipinthepampa2018\/wp-json\/wp\/v2\/media?parent=503"}],"curies":[{"name":"wp","href":"https:\/\/api.w.org\/{rel}","templated":true}]}}