{"id":1613,"date":"2018-09-01T09:43:22","date_gmt":"2018-09-01T12:43:22","guid":{"rendered":"https:\/\/wp.ufpel.edu.br\/chipinthepampa2018\/?page_id=1613"},"modified":"2018-09-03T14:34:00","modified_gmt":"2018-09-03T17:34:00","slug":"best-papers","status":"publish","type":"page","link":"https:\/\/wp.ufpel.edu.br\/chipinthepampa2018\/best-papers\/","title":{"rendered":"Best Papers"},"content":{"rendered":"<p><strong><span style=\"font-size: 24pt\">SBCCI 2018<\/span><\/strong><\/p>\n<p style=\"padding-left: 30px\"><span style=\"font-size: 14pt\"><strong>Best Paper Award<br \/>\n<\/strong><\/span>Improving Energy Efficiency on Partially Reversible Pipelined QCA Circuits<br \/>\n<em>Marco Ribeiro, Iago Carvalho, Jeferson Chaves and Omar Vilela Neto<\/em><\/p>\n<p style=\"padding-left: 30px\"><span style=\"font-size: 14pt\"><strong>Honorable Mention<br \/>\n<\/strong><\/span>3D-HEVC DMM-1 Parallelism Exploration Targeting Multicore Systems<br \/>\n<em>Gustavo Sanchez, Luciano Agostini, Leonel Sousa and C\u00e9sar Marcon<\/em><\/p>\n<p style=\"padding-left: 30px\"><span style=\"font-size: 14pt\"><strong>Honorable Mention<br \/>\n<\/strong><\/span>Exact Multi-Level Benchmark Circuit Generation for Logic Synthesis Evaluation<br \/>\nWalter Lau Neto, Vinicius Neves Possani, Felipe Marranghello, Jody Maick Matos, Andre Reis and Renato Ribas<\/p>\n<p>&nbsp;<\/p>\n<p><strong><span style=\"font-size: 24pt\">SBMicro 2018<\/span><\/strong><\/p>\n<p style=\"padding-left: 30px\"><span style=\"font-size: 14pt\"><strong>Best Paper Award<br \/>\n<\/strong><span style=\"font-size: 12pt\">Asymmetric Self-Cascode Current-Voltage Constructing Algorithm for Analog Figures-of-Merit Extraction <\/span><br \/>\n<em><span style=\"font-size: 12pt\">L\u00edgia Martins d&#8217;Oliveira, Valeriya Kilchytska, Denis Flandre and Michelly de Souza<\/span><\/em><\/span><\/p>\n<p style=\"padding-left: 30px\"><span style=\"font-size: 14pt\"><strong>Honorable Mention<br \/>\n<\/strong><span style=\"font-size: 12pt\">Ground Plane Impact on the Threshold Voltage of Relaxed Ge pFinFETs<br \/>\n<em>Guilherme Vieira Gon\u00e7alves, Alberto Oliveira, Paula Agopian, Jo\u00e3o Martino, Liesbeth Witters, Jerome Mitard, Nadine Colaert, Cor Claeys and Eddy Simoen<\/em><\/span><br \/>\n<\/span><\/p>\n<p style=\"padding-left: 30px\"><span style=\"font-size: 14pt\"><strong>Honorable Mention<br \/>\n<\/strong><span style=\"font-size: 12pt\">Experimental Analysis of Self-Heating Effects Using the Pulsed IV Method in Junctionless Nanowire Transistors <\/span><br \/>\n<em><span style=\"font-size: 12pt\">Fl\u00e1vio Bergamaschi, Genaro Mariniello, Sylvain Barraud and Marcelo Pavanello<\/span><\/em><br \/>\n<\/span><\/p>\n<p>&nbsp;<\/p>\n<p><strong><span style=\"font-size: 24pt\">INSCIT 2018<\/span><\/strong><\/p>\n<p style=\"padding-left: 30px\"><span style=\"font-size: 14pt\"><strong>Best Paper Award<br \/>\n<\/strong><\/span>A Fully Passive UHF RFID Soil Moisture Time-Domain Transmissometry Based Sensor<br \/>\n<em>Newton Fons\u00eaca, Raimundo Freire, Smail Tedjini, Glauco Fontgalland and Bruno Arruda<\/em><\/p>\n<p style=\"padding-left: 30px\"><span style=\"font-size: 14pt\"><strong>Best Paper Award<br \/>\n<\/strong><\/span>Finite Element Modelling design and optimization of Love Wave mesoporous tranducers for biochemical detection in liquid medium<br \/>\n<em>Ollivier Tamarin, Maxence Rube, C\u00e9dric Boissiere, Jean Luc Lachaud, Hamida Hallil, Corinne Dejous and Dominique Rebiere<br \/>\n<\/em><\/p>\n<p>&nbsp;<\/p>\n<p><strong><span style=\"font-size: 24pt\">WCAS 2018<\/span><\/strong><\/p>\n<p style=\"padding-left: 30px\"><span style=\"font-size: 14pt\"><strong>Best Paper Award<br \/>\n<\/strong><\/span>Wake-Up Receivers Survey: Design Trends and Challenges<br \/>\n<em>Nelson Andrade, Sergio Bampi and Hamilton Klimach<\/em><\/p>\n<p>&nbsp;<\/p>\n<p><strong><span style=\"font-size: 24pt\">SForum 2018<\/span><\/strong><\/p>\n<p style=\"padding-left: 30px\"><span style=\"font-size: 14pt\"><strong>Best Paper Award<br \/>\n<\/strong><\/span>Energy-Aware HEVC Transrating based on Frame Partitioning Inheritance<br \/>\n<em>Thiago Bubolz, Ruhan Avila Concei\u00e7\u00e3o, Mateus Grellert, Bruno Zatt, Luciano Agostini and Guilherme Corr\u00eaa<\/em><\/p>\n<p style=\"padding-left: 30px\"><span style=\"font-size: 14pt\"><strong>Best Paper Award<br \/>\n<\/strong><\/span>Microcontroller-based lock-in amplifier: A comparative study<br \/>\n<em>Diogo Rikio Miyazaki, Marlio Jose Couto Bonfim, Eduardo Parente Ribeiro, Rafael da Silva Ferraz and Raiff Sales da Fonseca Mariano<\/em><\/p>\n","protected":false},"excerpt":{"rendered":"<p>SBCCI 2018 Best Paper Award Improving Energy Efficiency on Partially Reversible Pipelined QCA Circuits Marco Ribeiro, Iago Carvalho, Jeferson Chaves and Omar Vilela Neto Honorable Mention 3D-HEVC DMM-1 Parallelism Exploration Targeting Multicore Systems Gustavo&#46;&#46;&#46;<\/p>\n","protected":false},"author":685,"featured_media":0,"parent":0,"menu_order":0,"comment_status":"closed","ping_status":"closed","template":"","meta":{"jetpack_post_was_ever_published":false,"footnotes":""},"class_list":["post-1613","page","type-page","status-publish","hentry"],"jetpack_sharing_enabled":true,"jetpack_shortlink":"https:\/\/wp.me\/P9e0OP-q1","jetpack_likes_enabled":false,"jetpack-related-posts":[{"id":1039,"url":"https:\/\/wp.ufpel.edu.br\/chipinthepampa2018\/sbcci-2018-technical-program\/","url_meta":{"origin":1613,"position":0},"title":"SBCCI 2018 Technical Program","author":"agostini","date":"19\/07\/2018","format":false,"excerpt":"SBCCI 2018 Final Technical Program Papers assigned with an asterisk are the SBCCI2018 Best Paper Candidates. Tuesday, Aug. 28 9:00h Malbec B \u2013 Tutorial Integrated switched-capacitor DC-DC converters for high-density capacitive energy storage Filip Tavernier (KU Leuven \u2013 Belgium) 10:20h Carmen\u00e8re - Coffee-Break 10:40h Malbec A \u2013 Tutorial DC and\u2026","rel":"","context":"Post similar","block_context":{"text":"Post similar","link":""},"img":{"alt_text":"","src":"","width":0,"height":0},"classes":[]},{"id":525,"url":"https:\/\/wp.ufpel.edu.br\/chipinthepampa2018\/sbcci-2018-tutorial\/","url_meta":{"origin":1613,"position":1},"title":"Tutorial: Mohammad Al Faruque","author":"agostini","date":"08\/03\/2018","format":false,"excerpt":"Mohammad Al Faruque University of California, Irvine - USA Tuesday, Aug. 28 - 10:40h -\u00a0Malbec B TUTORIAL: Design for Security -\u00a0Cross-Domain Cyber-Physical System Security: Applications in Automotive and Additive Manufacturing Systems \u00a0A Cyber-Physical System (CPS) is a cross-domain system integrating sub-systems from multiple domains connected through communication networks. Today, CPSs\u2026","rel":"","context":"Post similar","block_context":{"text":"Post similar","link":""},"img":{"alt_text":"","src":"https:\/\/i0.wp.com\/wp.ufpel.edu.br\/chipinthepampa2018\/files\/2018\/03\/Al-Faruque-400x380.jpg?resize=350%2C200&ssl=1","width":350,"height":200},"classes":[]},{"id":248,"url":"https:\/\/wp.ufpel.edu.br\/chipinthepampa2018\/events\/inscit-2018\/","url_meta":{"origin":1613,"position":2},"title":"INSCIT 2018","author":"agostini","date":"03\/11\/2017","format":false,"excerpt":"INSCIT 2018 3rd International Symposium on Instrumentation Systems, Circuits and Transducers Bento Gon\u00e7alves - Rio Grande do Sul - Brazil - August 27 to 31, 2018 The International Symposium on Instrumentation Systems, Circuits and Transducers - INSCIT is a forum dedicated to the presentation and discussion of research and development\u2026","rel":"","context":"Post similar","block_context":{"text":"Post similar","link":""},"img":{"alt_text":"","src":"","width":0,"height":0},"classes":[]},{"id":709,"url":"https:\/\/wp.ufpel.edu.br\/chipinthepampa2018\/jason-cong\/","url_meta":{"origin":1613,"position":3},"title":"Keynote: Jason Cong","author":"agostini","date":"27\/04\/2018","format":false,"excerpt":"Jason Cong University of California, Los Angeles - USA Wednesday, Aug. 29 - 9:00h - Malbec B KEYNOTE: Automatic Customizable Computing: From DSLs to FPGAs for Deep Learning and Beyond In SOCC\u20192006, my group presented an invited paper on xPilot \u2013 the high-level synthesis (HLS) tool developed at UCLA for\u2026","rel":"","context":"Post similar","block_context":{"text":"Post similar","link":""},"img":{"alt_text":"","src":"https:\/\/i0.wp.com\/wp.ufpel.edu.br\/chipinthepampa2018\/files\/2018\/04\/Jason_Cong.jpg?resize=350%2C200&ssl=1","width":350,"height":200},"classes":[]},{"id":1049,"url":"https:\/\/wp.ufpel.edu.br\/chipinthepampa2018\/inscit-2018-technical-program\/","url_meta":{"origin":1613,"position":4},"title":"INSCIT 2018 Technical Program","author":"agostini","date":"19\/07\/2018","format":false,"excerpt":"INSCIT 2018 Final Technical Program Tuesday, Aug. 28 SBCCI\/SBMicro Tutorials \u00a0 Wednesday, Aug. 29 9:00h Malbec B \u2013 Keynote Automatic Customizable Computing: From DSLs to FPGAs for Deep Learning and Beyond Jason Cong (UCLA - USA) 10:20h Carmen\u00e8re \u2013 Coffee-Break 10:40h Pinot A\u00a0\u2013 INSCIT Invited Talk Acoustic wave sensors for\u2026","rel":"","context":"Post similar","block_context":{"text":"Post similar","link":""},"img":{"alt_text":"","src":"","width":0,"height":0},"classes":[]},{"id":696,"url":"https:\/\/wp.ufpel.edu.br\/chipinthepampa2018\/nikil-dutt\/","url_meta":{"origin":1613,"position":5},"title":"Keynote: Nikil Dutt","author":"agostini","date":"27\/04\/2018","format":false,"excerpt":"Nikil Dutt University of California, Irvine - USA Friday, Aug. 31 - 9:00h - Malbec B KEYNOTE: IoCT-CARE: Internet of Cognitive Things for Personalized Healthcare Healthcare spending accounts for a significant fraction of the GDP of many countries, with relatively little measurable impact on improved health outcomes. Towards this end,\u2026","rel":"","context":"Post similar","block_context":{"text":"Post similar","link":""},"img":{"alt_text":"","src":"https:\/\/i0.wp.com\/wp.ufpel.edu.br\/chipinthepampa2018\/files\/2018\/04\/Dutt-portrait-2007-original-320x400.jpg?resize=350%2C200&ssl=1","width":350,"height":200},"classes":[]}],"_links":{"self":[{"href":"https:\/\/wp.ufpel.edu.br\/chipinthepampa2018\/wp-json\/wp\/v2\/pages\/1613","targetHints":{"allow":["GET"]}}],"collection":[{"href":"https:\/\/wp.ufpel.edu.br\/chipinthepampa2018\/wp-json\/wp\/v2\/pages"}],"about":[{"href":"https:\/\/wp.ufpel.edu.br\/chipinthepampa2018\/wp-json\/wp\/v2\/types\/page"}],"author":[{"embeddable":true,"href":"https:\/\/wp.ufpel.edu.br\/chipinthepampa2018\/wp-json\/wp\/v2\/users\/685"}],"replies":[{"embeddable":true,"href":"https:\/\/wp.ufpel.edu.br\/chipinthepampa2018\/wp-json\/wp\/v2\/comments?post=1613"}],"version-history":[{"count":2,"href":"https:\/\/wp.ufpel.edu.br\/chipinthepampa2018\/wp-json\/wp\/v2\/pages\/1613\/revisions"}],"predecessor-version":[{"id":1618,"href":"https:\/\/wp.ufpel.edu.br\/chipinthepampa2018\/wp-json\/wp\/v2\/pages\/1613\/revisions\/1618"}],"wp:attachment":[{"href":"https:\/\/wp.ufpel.edu.br\/chipinthepampa2018\/wp-json\/wp\/v2\/media?parent=1613"}],"curies":[{"name":"wp","href":"https:\/\/api.w.org\/{rel}","templated":true}]}}