{"id":1415,"date":"2018-08-19T14:11:01","date_gmt":"2018-08-19T17:11:01","guid":{"rendered":"https:\/\/wp.ufpel.edu.br\/chipinthepampa2018\/?page_id=1415"},"modified":"2018-08-27T15:54:48","modified_gmt":"2018-08-27T18:54:48","slug":"chip-in-the-pampa-2018-main-panel-in-portuguese","status":"publish","type":"page","link":"https:\/\/wp.ufpel.edu.br\/chipinthepampa2018\/chip-in-the-pampa-2018-main-panel-in-portuguese\/","title":{"rendered":"Chip in the Pampa 2018 Panel (in Portuguese)"},"content":{"rendered":"<p><span style=\"font-size: 24pt\"><strong>Chip in the Pampa 2018 Panel<\/strong><\/span><\/p>\n<p><span style=\"font-size: 14pt\"><strong><em>The panel will be in Portuguese<\/em><\/strong><\/span><\/p>\n<p><span style=\"font-size: 18pt\"><strong>Thursday, Aug. 30<\/strong><\/span><\/p>\n<p><strong>16:20h Malbec BC<\/strong><\/p>\n<p><span style=\"font-size: 18pt\"><strong><em>Avalia\u00e7\u00e3o e Perspectivas da Pol\u00edtica de Incentivos ao Desenvolvimento de Empreendimentos de TIC e Microeletr\u00f4nica<\/em><\/strong><\/span><\/p>\n<table style=\"height: 100%;width: 100%;border-collapse: collapse\" border=\"0\">\n<tbody>\n<tr>\n<td style=\"width: 33%\"><img data-recalc-dims=\"1\" decoding=\"async\" src=\"https:\/\/i0.wp.com\/wp.ufpel.edu.br\/chipinthepampa2018\/files\/2018\/08\/Gontijo.jpg?ssl=1\" alt=\"\"  \/><\/td>\n<td style=\"width: 33%\"><img data-recalc-dims=\"1\" decoding=\"async\" src=\"https:\/\/i0.wp.com\/wp.ufpel.edu.br\/chipinthepampa2018\/files\/2018\/08\/Rivera.jpg?ssl=1\" alt=\"\"  \/><\/td>\n<td style=\"width: 33%\"><img data-recalc-dims=\"1\" decoding=\"async\" src=\"https:\/\/i0.wp.com\/wp.ufpel.edu.br\/chipinthepampa2018\/files\/2018\/08\/Nunes.jpg?ssl=1\" alt=\"\"  \/><\/td>\n<\/tr>\n<tr>\n<td style=\"width: 33%\"><strong><em>Jos\u00e9 Gontijo (MCTIC)<\/em><\/strong><\/td>\n<td style=\"width: 33%\"><strong><em>Ricardo Rivera (BNDES)<\/em><\/strong><\/td>\n<td style=\"width: 33%\"><strong><em>Rogerio Nunes (ABISEMI\/ABINEE)<\/em><\/strong><\/td>\n<\/tr>\n<tr>\n<td style=\"width: 33%\"><img data-recalc-dims=\"1\" decoding=\"async\" src=\"https:\/\/i0.wp.com\/wp.ufpel.edu.br\/chipinthepampa2018\/files\/2018\/08\/Porto.jpg?ssl=1\" alt=\"\"  \/><\/td>\n<td style=\"width: 33%\"><img data-recalc-dims=\"1\" decoding=\"async\" src=\"https:\/\/i0.wp.com\/wp.ufpel.edu.br\/chipinthepampa2018\/files\/2018\/08\/Alexandre.jpg?ssl=1\" alt=\"\"  \/><\/td>\n<td style=\"width: 33%\"><img data-recalc-dims=\"1\" decoding=\"async\" src=\"https:\/\/i0.wp.com\/wp.ufpel.edu.br\/chipinthepampa2018\/files\/2018\/08\/Andre.png?ssl=1\" alt=\"\"  \/><\/td>\n<\/tr>\n<tr>\n<td style=\"width: 33%\"><strong><em>Antonio Carlos Porto\u00a0 (P&amp;D Brasil) to be confirmed<\/em><\/strong><\/td>\n<td style=\"width: 33%\"><strong><em>Alexandre Guilherme Motta Sarmento (CNPq)<\/em><\/strong><\/td>\n<td style=\"width: 33%\"><strong><em>Andre de Castro Pereira Nunes (FINEP) to be confirmed<\/em><\/strong><\/td>\n<\/tr>\n<tr>\n<td style=\"width: 33%\"><img data-recalc-dims=\"1\" decoding=\"async\" src=\"https:\/\/i0.wp.com\/wp.ufpel.edu.br\/chipinthepampa2018\/files\/2018\/08\/SBampi.jpg?ssl=1\" alt=\"\"  \/><\/td>\n<td style=\"width: 33%\"><\/td>\n<td style=\"width: 33%\"><\/td>\n<\/tr>\n<tr>\n<td style=\"width: 33%\"><strong><em>Moderator:\u00a0Sergio Bampi\u00a0 (UFRGS)<\/em><\/strong><\/td>\n<td style=\"width: 33%\"><\/td>\n<td style=\"width: 33%\"><\/td>\n<\/tr>\n<\/tbody>\n<\/table>\n<p>&nbsp;<\/p>\n","protected":false},"excerpt":{"rendered":"<p>Chip in the Pampa 2018 Panel The panel will be in Portuguese Thursday, Aug. 30 16:20h Malbec BC Avalia\u00e7\u00e3o e Perspectivas da Pol\u00edtica de Incentivos ao Desenvolvimento de Empreendimentos de TIC e Microeletr\u00f4nica Jos\u00e9&#46;&#46;&#46;<\/p>\n","protected":false},"author":685,"featured_media":0,"parent":0,"menu_order":0,"comment_status":"closed","ping_status":"closed","template":"","meta":{"jetpack_post_was_ever_published":false,"footnotes":""},"class_list":["post-1415","page","type-page","status-publish","hentry"],"jetpack_sharing_enabled":true,"jetpack_shortlink":"https:\/\/wp.me\/P9e0OP-mP","jetpack_likes_enabled":false,"jetpack-related-posts":[{"id":1101,"url":"https:\/\/wp.ufpel.edu.br\/chipinthepampa2018\/sbmicro-business-forum\/","url_meta":{"origin":1415,"position":0},"title":"SBMicro Business Forum (in Portuguese)","author":"agostini","date":"23\/07\/2018","format":false,"excerpt":"Thursday, Aug. 30 SBMicro Business Forum COMO FOMENTAR A IND\u00daSTRIA DE BENS FINAIS NO BRASIL All the workshop activities will be in Portuguese 09:00h Pinot C \u2013 Abertura Nilton Morimoto (SBMICRO) 09:10 Pinot C \u2013 Apresenta\u00e7\u00e3o Lei de Inform\u00e1tica e Startups Jose Gontijo (MCTIC) 09:45h Pinot C \u2013 Apresenta\u00e7\u00e3o A\u00e7\u00f5es\u2026","rel":"","context":"Post similar","block_context":{"text":"Post similar","link":""},"img":{"alt_text":"","src":"","width":0,"height":0},"classes":[]},{"id":1177,"url":"https:\/\/wp.ufpel.edu.br\/chipinthepampa2018\/exhibition-fair\/","url_meta":{"origin":1415,"position":1},"title":"Exhibition Fair","author":"agostini","date":"09\/08\/2018","format":false,"excerpt":"Exhibition Fair From Aug. 28 to Aug. 31 Chip in the Pampa 2018 counts with an Exhibition Fair that aims at bringing together industry and academy in the field of Microelectronics. The Exhibition Fair is the place to meet some of the main companies in the country and in the\u2026","rel":"","context":"Post similar","block_context":{"text":"Post similar","link":""},"img":{"alt_text":"","src":"https:\/\/i0.wp.com\/wp.ufpel.edu.br\/chipinthepampa2018\/files\/2018\/08\/NAMITEC.jpg?resize=350%2C200&ssl=1","width":350,"height":200,"srcset":"https:\/\/i0.wp.com\/wp.ufpel.edu.br\/chipinthepampa2018\/files\/2018\/08\/NAMITEC.jpg?resize=350%2C200&ssl=1 1x, https:\/\/i0.wp.com\/wp.ufpel.edu.br\/chipinthepampa2018\/files\/2018\/08\/NAMITEC.jpg?resize=525%2C300&ssl=1 1.5x, https:\/\/i0.wp.com\/wp.ufpel.edu.br\/chipinthepampa2018\/files\/2018\/08\/NAMITEC.jpg?resize=700%2C400&ssl=1 2x, https:\/\/i0.wp.com\/wp.ufpel.edu.br\/chipinthepampa2018\/files\/2018\/08\/NAMITEC.jpg?resize=1050%2C600&ssl=1 3x, https:\/\/i0.wp.com\/wp.ufpel.edu.br\/chipinthepampa2018\/files\/2018\/08\/NAMITEC.jpg?resize=1400%2C800&ssl=1 4x"},"classes":[]},{"id":1295,"url":"https:\/\/wp.ufpel.edu.br\/chipinthepampa2018\/social-program-2\/","url_meta":{"origin":1415,"position":2},"title":"Social Program","author":"agostini","date":"10\/08\/2018","format":false,"excerpt":"Chip in the Pampa 2018 Social Program Welcome Reception The Welcome Reception will be held on the Dall\u00b4Onder Grande Hotel and will provide a relaxed moment to fraternize with the event participants.\u00a0The reception includes foods, beers, and the Brazilian Caipirinhas with the awarded Casa Bucco cacha\u00e7a from Bento Gon\u00e7alves. \u00a0The\u2026","rel":"","context":"Post similar","block_context":{"text":"Post similar","link":""},"img":{"alt_text":"","src":"https:\/\/i0.wp.com\/wp.ufpel.edu.br\/chipinthepampa2018\/files\/2018\/08\/show2-400x267.jpg?resize=350%2C200&ssl=1","width":350,"height":200},"classes":[]},{"id":945,"url":"https:\/\/wp.ufpel.edu.br\/chipinthepampa2018\/home-2\/program-at-a-glance\/","url_meta":{"origin":1415,"position":3},"title":"Program at a Glance","author":"agostini","date":"16\/07\/2018","format":false,"excerpt":"Program at a Glance This is the Program at a Glance of Chip in the Pampa 2018.\u200b \u00a0 \u00a0 \u00a0","rel":"","context":"Post similar","block_context":{"text":"Post similar","link":""},"img":{"alt_text":"","src":"https:\/\/i0.wp.com\/wp.ufpel.edu.br\/chipinthepampa2018\/files\/2018\/08\/Chip_in_the_Pampa_2018_at_a_Glance-1.png?resize=350%2C200&ssl=1","width":350,"height":200,"srcset":"https:\/\/i0.wp.com\/wp.ufpel.edu.br\/chipinthepampa2018\/files\/2018\/08\/Chip_in_the_Pampa_2018_at_a_Glance-1.png?resize=350%2C200&ssl=1 1x, https:\/\/i0.wp.com\/wp.ufpel.edu.br\/chipinthepampa2018\/files\/2018\/08\/Chip_in_the_Pampa_2018_at_a_Glance-1.png?resize=525%2C300&ssl=1 1.5x, https:\/\/i0.wp.com\/wp.ufpel.edu.br\/chipinthepampa2018\/files\/2018\/08\/Chip_in_the_Pampa_2018_at_a_Glance-1.png?resize=700%2C400&ssl=1 2x, https:\/\/i0.wp.com\/wp.ufpel.edu.br\/chipinthepampa2018\/files\/2018\/08\/Chip_in_the_Pampa_2018_at_a_Glance-1.png?resize=1050%2C600&ssl=1 3x"},"classes":[]},{"id":503,"url":"https:\/\/wp.ufpel.edu.br\/chipinthepampa2018\/about-bento-goncalves\/venue\/","url_meta":{"origin":1415,"position":4},"title":"Venue","author":"agostini","date":"08\/03\/2018","format":false,"excerpt":"The conference venue will be the\u00a0Dall\u2019Onder Grande Hotel. \u00a0 Hotel rooms used for the Chip in the Pampa 2018 activities. To access the hotel website click HERE","rel":"","context":"Post similar","block_context":{"text":"Post similar","link":""},"img":{"alt_text":"","src":"https:\/\/i0.wp.com\/wp.ufpel.edu.br\/chipinthepampa2018\/files\/2018\/08\/malbec_textos.png?resize=350%2C200&ssl=1","width":350,"height":200,"srcset":"https:\/\/i0.wp.com\/wp.ufpel.edu.br\/chipinthepampa2018\/files\/2018\/08\/malbec_textos.png?resize=350%2C200&ssl=1 1x, https:\/\/i0.wp.com\/wp.ufpel.edu.br\/chipinthepampa2018\/files\/2018\/08\/malbec_textos.png?resize=525%2C300&ssl=1 1.5x, https:\/\/i0.wp.com\/wp.ufpel.edu.br\/chipinthepampa2018\/files\/2018\/08\/malbec_textos.png?resize=700%2C400&ssl=1 2x"},"classes":[]},{"id":180,"url":"https:\/\/wp.ufpel.edu.br\/chipinthepampa2018\/","url_meta":{"origin":1415,"position":5},"title":"Chip in the Pampa 2018\u2026","author":"agostini","date":"14\/10\/2017","format":false,"excerpt":"Chip in the Pampa 2018 Bento Gon\u00e7alves, Rio Grande do Sul, Brazil August 27 to 31, 2018 Keynote Speakers Jason Cong Joan Morante Nikil Dutt Presentation The Chip in is a series of events that started in 2000 with the Chip in the Jungle, in the State of Amazon, Brazil.\u2026","rel":"","context":"Post similar","block_context":{"text":"Post similar","link":""},"img":{"alt_text":"","src":"https:\/\/i0.wp.com\/wp.ufpel.edu.br\/chipinthepampa2018\/files\/2018\/08\/g1_12_178_1032_1107_240718.jpg?resize=350%2C200&ssl=1","width":350,"height":200,"srcset":"https:\/\/i0.wp.com\/wp.ufpel.edu.br\/chipinthepampa2018\/files\/2018\/08\/g1_12_178_1032_1107_240718.jpg?resize=350%2C200&ssl=1 1x, https:\/\/i0.wp.com\/wp.ufpel.edu.br\/chipinthepampa2018\/files\/2018\/08\/g1_12_178_1032_1107_240718.jpg?resize=525%2C300&ssl=1 1.5x, https:\/\/i0.wp.com\/wp.ufpel.edu.br\/chipinthepampa2018\/files\/2018\/08\/g1_12_178_1032_1107_240718.jpg?resize=700%2C400&ssl=1 2x"},"classes":[]}],"_links":{"self":[{"href":"https:\/\/wp.ufpel.edu.br\/chipinthepampa2018\/wp-json\/wp\/v2\/pages\/1415","targetHints":{"allow":["GET"]}}],"collection":[{"href":"https:\/\/wp.ufpel.edu.br\/chipinthepampa2018\/wp-json\/wp\/v2\/pages"}],"about":[{"href":"https:\/\/wp.ufpel.edu.br\/chipinthepampa2018\/wp-json\/wp\/v2\/types\/page"}],"author":[{"embeddable":true,"href":"https:\/\/wp.ufpel.edu.br\/chipinthepampa2018\/wp-json\/wp\/v2\/users\/685"}],"replies":[{"embeddable":true,"href":"https:\/\/wp.ufpel.edu.br\/chipinthepampa2018\/wp-json\/wp\/v2\/comments?post=1415"}],"version-history":[{"count":38,"href":"https:\/\/wp.ufpel.edu.br\/chipinthepampa2018\/wp-json\/wp\/v2\/pages\/1415\/revisions"}],"predecessor-version":[{"id":1593,"href":"https:\/\/wp.ufpel.edu.br\/chipinthepampa2018\/wp-json\/wp\/v2\/pages\/1415\/revisions\/1593"}],"wp:attachment":[{"href":"https:\/\/wp.ufpel.edu.br\/chipinthepampa2018\/wp-json\/wp\/v2\/media?parent=1415"}],"curies":[{"name":"wp","href":"https:\/\/api.w.org\/{rel}","templated":true}]}}