{"id":1177,"date":"2018-08-09T16:15:41","date_gmt":"2018-08-09T19:15:41","guid":{"rendered":"https:\/\/wp.ufpel.edu.br\/chipinthepampa2018\/?page_id=1177"},"modified":"2018-08-18T15:52:40","modified_gmt":"2018-08-18T18:52:40","slug":"exhibition-fair","status":"publish","type":"page","link":"https:\/\/wp.ufpel.edu.br\/chipinthepampa2018\/exhibition-fair\/","title":{"rendered":"Exhibition Fair"},"content":{"rendered":"<p><span style=\"font-size: 36pt\"><strong><span style=\"font-size: 24pt\">Exhibition Fair<\/span> <\/strong><\/span><\/p>\n<p><span style=\"font-size: 18pt\"><strong>From Aug. 28 to Aug. 31<\/strong><\/span><\/p>\n<p>Chip in the Pampa 2018 counts with an Exhibition Fair that aims at bringing together industry and academy in the field of Microelectronics. The Exhibition Fair is the place to meet some of the main companies in the country and in the world, to discover their products and services, and to create important network possibilities for your career.<\/p>\n<p>This year, the event counts with the support of nine companies, six of which are represented in the booths placed around the Carmen\u00e8re Hall.<\/p>\n<p>The Chip in the Pampa 2018 organization enthusiastically invites you to go through the booths and visit these innovative companies during the event!<\/p>\n<p><strong><span style=\"font-size: 18pt\">EXHIBITING COMPANIES:\u00a0<\/span><\/strong><\/p>\n<table class=\" aligncenter\" style=\"border-style: solid;border-color: #ffffff;background-color: #ffffff\" border=\"0\">\n<tbody>\n<tr style=\"height: 86px\">\n<td style=\"width: 257px;height: 86px\"><a href=\"http:\/\/www.imec.be\/\"><img data-recalc-dims=\"1\" loading=\"lazy\" decoding=\"async\" data-attachment-id=\"1183\" data-permalink=\"https:\/\/wp.ufpel.edu.br\/chipinthepampa2018\/exhibition-fair\/imec\/\" data-orig-file=\"https:\/\/i0.wp.com\/wp.ufpel.edu.br\/chipinthepampa2018\/files\/2018\/08\/imec.png?fit=191%2C65&amp;ssl=1\" data-orig-size=\"191,65\" data-comments-opened=\"0\" data-image-meta=\"{&quot;aperture&quot;:&quot;0&quot;,&quot;credit&quot;:&quot;&quot;,&quot;camera&quot;:&quot;&quot;,&quot;caption&quot;:&quot;&quot;,&quot;created_timestamp&quot;:&quot;0&quot;,&quot;copyright&quot;:&quot;&quot;,&quot;focal_length&quot;:&quot;0&quot;,&quot;iso&quot;:&quot;0&quot;,&quot;shutter_speed&quot;:&quot;0&quot;,&quot;title&quot;:&quot;&quot;,&quot;orientation&quot;:&quot;0&quot;}\" data-image-title=\"imec\" data-image-description=\"\" data-image-caption=\"\" data-medium-file=\"https:\/\/i0.wp.com\/wp.ufpel.edu.br\/chipinthepampa2018\/files\/2018\/08\/imec.png?fit=191%2C65&amp;ssl=1\" data-large-file=\"https:\/\/i0.wp.com\/wp.ufpel.edu.br\/chipinthepampa2018\/files\/2018\/08\/imec.png?fit=191%2C65&amp;ssl=1\" class=\"wp-image-1183 aligncenter\" src=\"https:\/\/i0.wp.com\/wp.ufpel.edu.br\/chipinthepampa2018\/files\/2018\/08\/imec.png?resize=200%2C68&#038;ssl=1\" alt=\"\" width=\"200\" height=\"68\" \/><\/a><\/td>\n<td style=\"width: 279px;height: 86px\"><a href=\"https:\/\/www.synopsys.com\/\"><img data-recalc-dims=\"1\" loading=\"lazy\" decoding=\"async\" data-attachment-id=\"1180\" data-permalink=\"https:\/\/wp.ufpel.edu.br\/chipinthepampa2018\/exhibition-fair\/synopsys\/\" data-orig-file=\"https:\/\/i0.wp.com\/wp.ufpel.edu.br\/chipinthepampa2018\/files\/2018\/08\/synopsys.png?fit=203%2C65&amp;ssl=1\" data-orig-size=\"203,65\" data-comments-opened=\"0\" data-image-meta=\"{&quot;aperture&quot;:&quot;0&quot;,&quot;credit&quot;:&quot;&quot;,&quot;camera&quot;:&quot;&quot;,&quot;caption&quot;:&quot;&quot;,&quot;created_timestamp&quot;:&quot;0&quot;,&quot;copyright&quot;:&quot;&quot;,&quot;focal_length&quot;:&quot;0&quot;,&quot;iso&quot;:&quot;0&quot;,&quot;shutter_speed&quot;:&quot;0&quot;,&quot;title&quot;:&quot;&quot;,&quot;orientation&quot;:&quot;0&quot;}\" data-image-title=\"synopsys\" data-image-description=\"\" data-image-caption=\"\" data-medium-file=\"https:\/\/i0.wp.com\/wp.ufpel.edu.br\/chipinthepampa2018\/files\/2018\/08\/synopsys.png?fit=203%2C65&amp;ssl=1\" data-large-file=\"https:\/\/i0.wp.com\/wp.ufpel.edu.br\/chipinthepampa2018\/files\/2018\/08\/synopsys.png?fit=203%2C65&amp;ssl=1\" class=\"wp-image-1180 aligncenter\" src=\"https:\/\/i0.wp.com\/wp.ufpel.edu.br\/chipinthepampa2018\/files\/2018\/08\/synopsys.png?resize=209%2C67&#038;ssl=1\" alt=\"\" width=\"209\" height=\"67\" \/><\/a><\/td>\n<td style=\"width: 297px;height: 86px\"><a href=\"http:\/\/www.wg3eda.com.br\/\"><img data-recalc-dims=\"1\" loading=\"lazy\" decoding=\"async\" data-attachment-id=\"1179\" data-permalink=\"https:\/\/wp.ufpel.edu.br\/chipinthepampa2018\/exhibition-fair\/wg3\/\" data-orig-file=\"https:\/\/i0.wp.com\/wp.ufpel.edu.br\/chipinthepampa2018\/files\/2018\/08\/wg3.png?fit=224%2C65&amp;ssl=1\" data-orig-size=\"224,65\" data-comments-opened=\"0\" data-image-meta=\"{&quot;aperture&quot;:&quot;0&quot;,&quot;credit&quot;:&quot;&quot;,&quot;camera&quot;:&quot;&quot;,&quot;caption&quot;:&quot;&quot;,&quot;created_timestamp&quot;:&quot;0&quot;,&quot;copyright&quot;:&quot;&quot;,&quot;focal_length&quot;:&quot;0&quot;,&quot;iso&quot;:&quot;0&quot;,&quot;shutter_speed&quot;:&quot;0&quot;,&quot;title&quot;:&quot;&quot;,&quot;orientation&quot;:&quot;0&quot;}\" data-image-title=\"wg3\" data-image-description=\"\" data-image-caption=\"\" data-medium-file=\"https:\/\/i0.wp.com\/wp.ufpel.edu.br\/chipinthepampa2018\/files\/2018\/08\/wg3.png?fit=224%2C65&amp;ssl=1\" data-large-file=\"https:\/\/i0.wp.com\/wp.ufpel.edu.br\/chipinthepampa2018\/files\/2018\/08\/wg3.png?fit=224%2C65&amp;ssl=1\" class=\"wp-image-1179 aligncenter\" src=\"https:\/\/i0.wp.com\/wp.ufpel.edu.br\/chipinthepampa2018\/files\/2018\/08\/wg3.png?resize=200%2C58&#038;ssl=1\" alt=\"\" width=\"200\" height=\"58\" \/><\/a><\/td>\n<\/tr>\n<tr style=\"height: 83px\">\n<td style=\"width: 257px;height: 83px\"><a href=\"https:\/\/www.keysight.com\/\"><img data-recalc-dims=\"1\" loading=\"lazy\" decoding=\"async\" data-attachment-id=\"1182\" data-permalink=\"https:\/\/wp.ufpel.edu.br\/chipinthepampa2018\/exhibition-fair\/keysight\/\" data-orig-file=\"https:\/\/i0.wp.com\/wp.ufpel.edu.br\/chipinthepampa2018\/files\/2018\/08\/keysight.png?fit=252%2C65&amp;ssl=1\" data-orig-size=\"252,65\" data-comments-opened=\"0\" data-image-meta=\"{&quot;aperture&quot;:&quot;0&quot;,&quot;credit&quot;:&quot;&quot;,&quot;camera&quot;:&quot;&quot;,&quot;caption&quot;:&quot;&quot;,&quot;created_timestamp&quot;:&quot;0&quot;,&quot;copyright&quot;:&quot;&quot;,&quot;focal_length&quot;:&quot;0&quot;,&quot;iso&quot;:&quot;0&quot;,&quot;shutter_speed&quot;:&quot;0&quot;,&quot;title&quot;:&quot;&quot;,&quot;orientation&quot;:&quot;0&quot;}\" data-image-title=\"keysight\" data-image-description=\"\" data-image-caption=\"\" data-medium-file=\"https:\/\/i0.wp.com\/wp.ufpel.edu.br\/chipinthepampa2018\/files\/2018\/08\/keysight.png?fit=252%2C65&amp;ssl=1\" data-large-file=\"https:\/\/i0.wp.com\/wp.ufpel.edu.br\/chipinthepampa2018\/files\/2018\/08\/keysight.png?fit=252%2C65&amp;ssl=1\" class=\"wp-image-1182 aligncenter\" src=\"https:\/\/i0.wp.com\/wp.ufpel.edu.br\/chipinthepampa2018\/files\/2018\/08\/keysight.png?resize=249%2C64&#038;ssl=1\" alt=\"\" width=\"249\" height=\"64\" \/><\/a><\/td>\n<td style=\"width: 279px;height: 83px\"><a href=\"https:\/\/www.tek.com\/\"><img data-recalc-dims=\"1\" loading=\"lazy\" decoding=\"async\" data-attachment-id=\"1185\" data-permalink=\"https:\/\/wp.ufpel.edu.br\/chipinthepampa2018\/exhibition-fair\/tektronix\/\" data-orig-file=\"https:\/\/i0.wp.com\/wp.ufpel.edu.br\/chipinthepampa2018\/files\/2018\/08\/tektronix.jpg?fit=360%2C65&amp;ssl=1\" data-orig-size=\"360,65\" data-comments-opened=\"0\" data-image-meta=\"{&quot;aperture&quot;:&quot;0&quot;,&quot;credit&quot;:&quot;&quot;,&quot;camera&quot;:&quot;&quot;,&quot;caption&quot;:&quot;&quot;,&quot;created_timestamp&quot;:&quot;0&quot;,&quot;copyright&quot;:&quot;&quot;,&quot;focal_length&quot;:&quot;0&quot;,&quot;iso&quot;:&quot;0&quot;,&quot;shutter_speed&quot;:&quot;0&quot;,&quot;title&quot;:&quot;&quot;,&quot;orientation&quot;:&quot;1&quot;}\" data-image-title=\"tektronix\" data-image-description=\"\" data-image-caption=\"\" data-medium-file=\"https:\/\/i0.wp.com\/wp.ufpel.edu.br\/chipinthepampa2018\/files\/2018\/08\/tektronix.jpg?fit=360%2C65&amp;ssl=1\" data-large-file=\"https:\/\/i0.wp.com\/wp.ufpel.edu.br\/chipinthepampa2018\/files\/2018\/08\/tektronix.jpg?fit=360%2C65&amp;ssl=1\" class=\"wp-image-1185 aligncenter\" src=\"https:\/\/i0.wp.com\/wp.ufpel.edu.br\/chipinthepampa2018\/files\/2018\/08\/tektronix.jpg?resize=200%2C36&#038;ssl=1\" alt=\"\" width=\"200\" height=\"36\" \/><\/a><\/td>\n<td style=\"width: 297px;height: 83px\"><a href=\"http:\/\/www.eldorado.org.br\/\"><img data-recalc-dims=\"1\" loading=\"lazy\" decoding=\"async\" data-attachment-id=\"1184\" data-permalink=\"https:\/\/wp.ufpel.edu.br\/chipinthepampa2018\/exhibition-fair\/eldorado\/\" data-orig-file=\"https:\/\/i0.wp.com\/wp.ufpel.edu.br\/chipinthepampa2018\/files\/2018\/08\/eldorado.png?fit=242%2C65&amp;ssl=1\" data-orig-size=\"242,65\" data-comments-opened=\"0\" data-image-meta=\"{&quot;aperture&quot;:&quot;0&quot;,&quot;credit&quot;:&quot;&quot;,&quot;camera&quot;:&quot;&quot;,&quot;caption&quot;:&quot;&quot;,&quot;created_timestamp&quot;:&quot;0&quot;,&quot;copyright&quot;:&quot;&quot;,&quot;focal_length&quot;:&quot;0&quot;,&quot;iso&quot;:&quot;0&quot;,&quot;shutter_speed&quot;:&quot;0&quot;,&quot;title&quot;:&quot;&quot;,&quot;orientation&quot;:&quot;0&quot;}\" data-image-title=\"eldorado\" data-image-description=\"\" data-image-caption=\"\" data-medium-file=\"https:\/\/i0.wp.com\/wp.ufpel.edu.br\/chipinthepampa2018\/files\/2018\/08\/eldorado.png?fit=242%2C65&amp;ssl=1\" data-large-file=\"https:\/\/i0.wp.com\/wp.ufpel.edu.br\/chipinthepampa2018\/files\/2018\/08\/eldorado.png?fit=242%2C65&amp;ssl=1\" class=\"wp-image-1184 aligncenter\" src=\"https:\/\/i0.wp.com\/wp.ufpel.edu.br\/chipinthepampa2018\/files\/2018\/08\/eldorado.png?resize=219%2C59&#038;ssl=1\" alt=\"\" width=\"219\" height=\"59\" \/><\/a><\/td>\n<\/tr>\n<tr>\n<td style=\"width: 257px\"><\/td>\n<td style=\"width: 279px\"><img data-recalc-dims=\"1\" loading=\"lazy\" decoding=\"async\" data-attachment-id=\"1396\" data-permalink=\"https:\/\/wp.ufpel.edu.br\/chipinthepampa2018\/exhibition-fair\/namitec\/\" data-orig-file=\"https:\/\/i0.wp.com\/wp.ufpel.edu.br\/chipinthepampa2018\/files\/2018\/08\/NAMITEC.jpg?fit=3042%2C1097&amp;ssl=1\" data-orig-size=\"3042,1097\" data-comments-opened=\"0\" data-image-meta=\"{&quot;aperture&quot;:&quot;0&quot;,&quot;credit&quot;:&quot;&quot;,&quot;camera&quot;:&quot;&quot;,&quot;caption&quot;:&quot;&quot;,&quot;created_timestamp&quot;:&quot;0&quot;,&quot;copyright&quot;:&quot;&quot;,&quot;focal_length&quot;:&quot;0&quot;,&quot;iso&quot;:&quot;0&quot;,&quot;shutter_speed&quot;:&quot;0&quot;,&quot;title&quot;:&quot;&quot;,&quot;orientation&quot;:&quot;0&quot;}\" data-image-title=\"NAMITEC\" data-image-description=\"\" data-image-caption=\"\" data-medium-file=\"https:\/\/i0.wp.com\/wp.ufpel.edu.br\/chipinthepampa2018\/files\/2018\/08\/NAMITEC.jpg?fit=400%2C144&amp;ssl=1\" data-large-file=\"https:\/\/i0.wp.com\/wp.ufpel.edu.br\/chipinthepampa2018\/files\/2018\/08\/NAMITEC.jpg?fit=1024%2C369&amp;ssl=1\" class=\" wp-image-1396 aligncenter\" src=\"https:\/\/i0.wp.com\/wp.ufpel.edu.br\/chipinthepampa2018\/files\/2018\/08\/NAMITEC.jpg?resize=232%2C84&#038;ssl=1\" alt=\"\" width=\"232\" height=\"84\" srcset=\"https:\/\/i0.wp.com\/wp.ufpel.edu.br\/chipinthepampa2018\/files\/2018\/08\/NAMITEC.jpg?w=3042&amp;ssl=1 3042w, https:\/\/i0.wp.com\/wp.ufpel.edu.br\/chipinthepampa2018\/files\/2018\/08\/NAMITEC.jpg?resize=400%2C144&amp;ssl=1 400w, https:\/\/i0.wp.com\/wp.ufpel.edu.br\/chipinthepampa2018\/files\/2018\/08\/NAMITEC.jpg?resize=768%2C277&amp;ssl=1 768w, https:\/\/i0.wp.com\/wp.ufpel.edu.br\/chipinthepampa2018\/files\/2018\/08\/NAMITEC.jpg?resize=1024%2C369&amp;ssl=1 1024w, https:\/\/i0.wp.com\/wp.ufpel.edu.br\/chipinthepampa2018\/files\/2018\/08\/NAMITEC.jpg?w=2000&amp;ssl=1 2000w\" sizes=\"auto, (max-width: 232px) 100vw, 232px\" \/><\/td>\n<td style=\"width: 297px\"><\/td>\n<\/tr>\n<\/tbody>\n<\/table>\n<p><strong><span style=\"font-size: 18pt\">SPONSORING COMPANIES:<\/span><\/strong><br \/>\nSynopsys, Cadence, Keysight Technologies, Instituto Eldorado, NXP, IMEC, CEITEC.<\/p>\n","protected":false},"excerpt":{"rendered":"<p>Exhibition Fair From Aug. 28 to Aug. 31 Chip in the Pampa 2018 counts with an Exhibition Fair that aims at bringing together industry and academy in the field of Microelectronics. The Exhibition Fair&#46;&#46;&#46;<\/p>\n","protected":false},"author":685,"featured_media":0,"parent":0,"menu_order":0,"comment_status":"closed","ping_status":"closed","template":"","meta":{"jetpack_post_was_ever_published":false,"footnotes":""},"class_list":["post-1177","page","type-page","status-publish","hentry"],"jetpack_sharing_enabled":true,"jetpack_shortlink":"https:\/\/wp.me\/P9e0OP-iZ","jetpack_likes_enabled":false,"jetpack-related-posts":[{"id":986,"url":"https:\/\/wp.ufpel.edu.br\/chipinthepampa2018\/program-schedule\/","url_meta":{"origin":1177,"position":0},"title":"Program Schedule","author":"agostini","date":"18\/07\/2018","format":false,"excerpt":"Chip in the Pampa 2018 Schedule Monday, Aug. 27 9:00h Assemblage - Event Registration 13:40h Pinot C - Meeting of SBMicro Board 13:40h Pinot D - Meeting of SBC\/CECCI Board 15:40h Pinot Lobby - Coffee-Break 16:20h Pinot A - Meeting of SBCCI Steering Committee 16:20h Pinot B - Meeting of\u2026","rel":"","context":"Post similar","block_context":{"text":"Post similar","link":""},"img":{"alt_text":"","src":"","width":0,"height":0},"classes":[]},{"id":1415,"url":"https:\/\/wp.ufpel.edu.br\/chipinthepampa2018\/chip-in-the-pampa-2018-main-panel-in-portuguese\/","url_meta":{"origin":1177,"position":1},"title":"Chip in the Pampa 2018 Panel (in Portuguese)","author":"agostini","date":"19\/08\/2018","format":false,"excerpt":"Chip in the Pampa 2018 Panel The panel will be in Portuguese Thursday, Aug. 30 16:20h Malbec BC Avalia\u00e7\u00e3o e Perspectivas da Pol\u00edtica de Incentivos ao Desenvolvimento de Empreendimentos de TIC e Microeletr\u00f4nica Jos\u00e9 Gontijo (MCTIC) Ricardo Rivera (BNDES) Rogerio Nunes (ABISEMI\/ABINEE) Antonio Carlos Porto\u00a0 (P&D Brasil) to be confirmed\u2026","rel":"","context":"Post similar","block_context":{"text":"Post similar","link":""},"img":{"alt_text":"","src":"","width":0,"height":0},"classes":[]},{"id":1295,"url":"https:\/\/wp.ufpel.edu.br\/chipinthepampa2018\/social-program-2\/","url_meta":{"origin":1177,"position":2},"title":"Social Program","author":"agostini","date":"10\/08\/2018","format":false,"excerpt":"Chip in the Pampa 2018 Social Program Welcome Reception The Welcome Reception will be held on the Dall\u00b4Onder Grande Hotel and will provide a relaxed moment to fraternize with the event participants.\u00a0The reception includes foods, beers, and the Brazilian Caipirinhas with the awarded Casa Bucco cacha\u00e7a from Bento Gon\u00e7alves. \u00a0The\u2026","rel":"","context":"Post similar","block_context":{"text":"Post similar","link":""},"img":{"alt_text":"","src":"https:\/\/i0.wp.com\/wp.ufpel.edu.br\/chipinthepampa2018\/files\/2018\/08\/show2-400x267.jpg?resize=350%2C200&ssl=1","width":350,"height":200},"classes":[]},{"id":945,"url":"https:\/\/wp.ufpel.edu.br\/chipinthepampa2018\/home-2\/program-at-a-glance\/","url_meta":{"origin":1177,"position":3},"title":"Program at a Glance","author":"agostini","date":"16\/07\/2018","format":false,"excerpt":"Program at a Glance This is the Program at a Glance of Chip in the Pampa 2018.\u200b \u00a0 \u00a0 \u00a0","rel":"","context":"Post similar","block_context":{"text":"Post similar","link":""},"img":{"alt_text":"","src":"https:\/\/i0.wp.com\/wp.ufpel.edu.br\/chipinthepampa2018\/files\/2018\/08\/Chip_in_the_Pampa_2018_at_a_Glance-1.png?resize=350%2C200&ssl=1","width":350,"height":200,"srcset":"https:\/\/i0.wp.com\/wp.ufpel.edu.br\/chipinthepampa2018\/files\/2018\/08\/Chip_in_the_Pampa_2018_at_a_Glance-1.png?resize=350%2C200&ssl=1 1x, https:\/\/i0.wp.com\/wp.ufpel.edu.br\/chipinthepampa2018\/files\/2018\/08\/Chip_in_the_Pampa_2018_at_a_Glance-1.png?resize=525%2C300&ssl=1 1.5x, https:\/\/i0.wp.com\/wp.ufpel.edu.br\/chipinthepampa2018\/files\/2018\/08\/Chip_in_the_Pampa_2018_at_a_Glance-1.png?resize=700%2C400&ssl=1 2x, https:\/\/i0.wp.com\/wp.ufpel.edu.br\/chipinthepampa2018\/files\/2018\/08\/Chip_in_the_Pampa_2018_at_a_Glance-1.png?resize=1050%2C600&ssl=1 3x"},"classes":[]},{"id":503,"url":"https:\/\/wp.ufpel.edu.br\/chipinthepampa2018\/about-bento-goncalves\/venue\/","url_meta":{"origin":1177,"position":4},"title":"Venue","author":"agostini","date":"08\/03\/2018","format":false,"excerpt":"The conference venue will be the\u00a0Dall\u2019Onder Grande Hotel. \u00a0 Hotel rooms used for the Chip in the Pampa 2018 activities. To access the hotel website click HERE","rel":"","context":"Post similar","block_context":{"text":"Post similar","link":""},"img":{"alt_text":"","src":"https:\/\/i0.wp.com\/wp.ufpel.edu.br\/chipinthepampa2018\/files\/2018\/08\/malbec_textos.png?resize=350%2C200&ssl=1","width":350,"height":200,"srcset":"https:\/\/i0.wp.com\/wp.ufpel.edu.br\/chipinthepampa2018\/files\/2018\/08\/malbec_textos.png?resize=350%2C200&ssl=1 1x, https:\/\/i0.wp.com\/wp.ufpel.edu.br\/chipinthepampa2018\/files\/2018\/08\/malbec_textos.png?resize=525%2C300&ssl=1 1.5x, https:\/\/i0.wp.com\/wp.ufpel.edu.br\/chipinthepampa2018\/files\/2018\/08\/malbec_textos.png?resize=700%2C400&ssl=1 2x"},"classes":[]},{"id":180,"url":"https:\/\/wp.ufpel.edu.br\/chipinthepampa2018\/","url_meta":{"origin":1177,"position":5},"title":"Chip in the Pampa 2018\u2026","author":"agostini","date":"14\/10\/2017","format":false,"excerpt":"Chip in the Pampa 2018 Bento Gon\u00e7alves, Rio Grande do Sul, Brazil August 27 to 31, 2018 Keynote Speakers Jason Cong Joan Morante Nikil Dutt Presentation The Chip in is a series of events that started in 2000 with the Chip in the Jungle, in the State of Amazon, Brazil.\u2026","rel":"","context":"Post similar","block_context":{"text":"Post similar","link":""},"img":{"alt_text":"","src":"https:\/\/i0.wp.com\/wp.ufpel.edu.br\/chipinthepampa2018\/files\/2018\/08\/g1_12_178_1032_1107_240718.jpg?resize=350%2C200&ssl=1","width":350,"height":200,"srcset":"https:\/\/i0.wp.com\/wp.ufpel.edu.br\/chipinthepampa2018\/files\/2018\/08\/g1_12_178_1032_1107_240718.jpg?resize=350%2C200&ssl=1 1x, https:\/\/i0.wp.com\/wp.ufpel.edu.br\/chipinthepampa2018\/files\/2018\/08\/g1_12_178_1032_1107_240718.jpg?resize=525%2C300&ssl=1 1.5x, https:\/\/i0.wp.com\/wp.ufpel.edu.br\/chipinthepampa2018\/files\/2018\/08\/g1_12_178_1032_1107_240718.jpg?resize=700%2C400&ssl=1 2x"},"classes":[]}],"_links":{"self":[{"href":"https:\/\/wp.ufpel.edu.br\/chipinthepampa2018\/wp-json\/wp\/v2\/pages\/1177","targetHints":{"allow":["GET"]}}],"collection":[{"href":"https:\/\/wp.ufpel.edu.br\/chipinthepampa2018\/wp-json\/wp\/v2\/pages"}],"about":[{"href":"https:\/\/wp.ufpel.edu.br\/chipinthepampa2018\/wp-json\/wp\/v2\/types\/page"}],"author":[{"embeddable":true,"href":"https:\/\/wp.ufpel.edu.br\/chipinthepampa2018\/wp-json\/wp\/v2\/users\/685"}],"replies":[{"embeddable":true,"href":"https:\/\/wp.ufpel.edu.br\/chipinthepampa2018\/wp-json\/wp\/v2\/comments?post=1177"}],"version-history":[{"count":9,"href":"https:\/\/wp.ufpel.edu.br\/chipinthepampa2018\/wp-json\/wp\/v2\/pages\/1177\/revisions"}],"predecessor-version":[{"id":1398,"href":"https:\/\/wp.ufpel.edu.br\/chipinthepampa2018\/wp-json\/wp\/v2\/pages\/1177\/revisions\/1398"}],"wp:attachment":[{"href":"https:\/\/wp.ufpel.edu.br\/chipinthepampa2018\/wp-json\/wp\/v2\/media?parent=1177"}],"curies":[{"name":"wp","href":"https:\/\/api.w.org\/{rel}","templated":true}]}}