{"id":1101,"date":"2018-07-23T22:49:16","date_gmt":"2018-07-24T01:49:16","guid":{"rendered":"https:\/\/wp.ufpel.edu.br\/chipinthepampa2018\/?page_id=1101"},"modified":"2018-08-21T09:16:08","modified_gmt":"2018-08-21T12:16:08","slug":"sbmicro-business-forum","status":"publish","type":"page","link":"https:\/\/wp.ufpel.edu.br\/chipinthepampa2018\/sbmicro-business-forum\/","title":{"rendered":"SBMicro Business Forum (in Portuguese)"},"content":{"rendered":"<p><span style=\"font-size: 18pt\"><strong>Thursday, Aug. 30<\/strong><\/span><\/p>\n<p><strong><span style=\"font-size: 18pt\">SBMicro Business Forum<br \/>\n<\/span><\/strong><span style=\"font-size: 18pt\"><strong>COMO FOMENTAR A IND\u00daSTRIA DE BENS FINAIS NO BRASIL<\/strong><\/span><\/p>\n<p><strong><span style=\"font-size: 14pt\"><em>All the workshop activities will be in Portuguese<\/em><\/span><\/strong><\/p>\n<p><strong>09:00h Pinot C \u2013 Abertura<\/strong><br \/>\n<em>Nilton Morimoto (SBMICRO)<\/em><\/p>\n<p><strong>09:10 Pinot C \u2013 Apresenta\u00e7\u00e3o<\/strong><br \/>\nLei de Inform\u00e1tica e Startups<br \/>\n<em>Jose Gontijo (MCTIC)<\/em><\/p>\n<p><strong>09:45h Pinot C \u2013 Apresenta\u00e7\u00e3o<\/strong><br \/>\nA\u00e7\u00f5es do BNDES para o fomento de start up de hardware<br \/>\n<em>Ricardo Rivera de Souza Lima (BNDES)<\/em><\/p>\n<p><strong>10:20h Carmen\u00e8re \u2013 Coffee-Break<\/strong><\/p>\n<p><strong>10:45h Pinot C \u2013 Apresenta\u00e7\u00e3o<\/strong><br \/>\nA\u00e7\u00f5es do IMEC para fomentar as Startups tecnol\u00f3gicas<br \/>\n<em>Paul Malisse (IMEC)<\/em><\/p>\n<p><strong>11:20h Pinot C \u2013 Apresenta\u00e7\u00e3o<br \/>\n<\/strong>Como os IPs podem acelerar a industria de bens finais<br \/>\n<em>Victor Grimblatt (Synopsys)<\/em><\/p>\n<p><strong>11:55h Pinot C \u2013 Apresenta\u00e7\u00e3o<br \/>\n<\/strong>Os Resultados da Lei de Informatica no Brasil &#8211; A experi\u00eancia e os resultados da ind\u00fastria<br \/>\n<em>Rog\u00e9rio Nunes (ABISEMI\/ABINEE)<\/em><\/p>\n<p><strong>12:20h \u2013 Lunch<\/strong><\/p>\n<p><strong>13: 30h Pinot C \u2013 Apresenta\u00e7\u00e3o<\/strong><br \/>\nEstudo sobre o fomento de Startups de Hardware<br \/>\n<em>Newton Frateschi (Innovation Agency &#8211;\u00a0Unicamp)<\/em><\/p>\n<p><strong>14:30h Pinot C \u2013 Pain\u00e9is de Discuss\u00e3o<\/strong><br \/>\nTema: Como fomentar a ind\u00fastria de bens finais no Brasil<\/p>\n<p style=\"padding-left: 30px\">Painel I: Debatedores da ind\u00fastria de Semicondutores<br \/>\n<em>Moderador: Rogerio Nunes (Smart Technologies)<br \/>\nRoberto Medeiros (Qualcomm)<br \/>\nEvandro Carobrezzi (Texas Instruments)<br \/>\nRicardo Tortorella (STM)<br \/>\nMurilo Pessati (Chipus)<\/em><\/p>\n<p style=\"padding-left: 30px\">Painel II: Debatedores convidados da Ind\u00fastria de hardware &amp;\u00a0Startups<br \/>\n<em>Moderador: Jose Scodiero (BAITA)<br \/>\nMarcelo Toss (Intral)<br \/>\nD\u00e9bora Pressoto (IMS)<br \/>\nMarcelo Lubaszewski (Tech Park Zenite)<br \/>\nAntonio Carlos T. Porto (P&amp;D Brasil ) &#8211; a confirmar<br \/>\nJ\u00falio Oliveira (JCFO)<\/em><\/p>\n<p><a href=\"https:\/\/wp.ufpel.edu.br\/chipinthepampa2018\/chip-in-the-pampa-2018-main-panel-in-portuguese\/\"><strong>16:30h Malbec B \u2013 Chip in the Pampa Painel<br \/>\n<\/strong><\/a>Avalia\u00e7\u00e3o e Perspectivas da Pol\u00edtica de Incentivos ao Desenvolvimento de Empreendimentos de TIC e Microeletr\u00f4nica<\/p>\n","protected":false},"excerpt":{"rendered":"<p>Thursday, Aug. 30 SBMicro Business Forum COMO FOMENTAR A IND\u00daSTRIA DE BENS FINAIS NO BRASIL All the workshop activities will be in Portuguese 09:00h Pinot C \u2013 Abertura Nilton Morimoto (SBMICRO) 09:10 Pinot C&#46;&#46;&#46;<\/p>\n","protected":false},"author":685,"featured_media":0,"parent":0,"menu_order":0,"comment_status":"closed","ping_status":"closed","template":"","meta":{"jetpack_post_was_ever_published":false,"footnotes":""},"class_list":["post-1101","page","type-page","status-publish","hentry"],"jetpack_sharing_enabled":true,"jetpack_shortlink":"https:\/\/wp.me\/P9e0OP-hL","jetpack_likes_enabled":false,"jetpack-related-posts":[{"id":986,"url":"https:\/\/wp.ufpel.edu.br\/chipinthepampa2018\/program-schedule\/","url_meta":{"origin":1101,"position":0},"title":"Program Schedule","author":"agostini","date":"18\/07\/2018","format":false,"excerpt":"Chip in the Pampa 2018 Schedule Monday, Aug. 27 9:00h Assemblage - Event Registration 13:40h Pinot C - Meeting of SBMicro Board 13:40h Pinot D - Meeting of SBC\/CECCI Board 15:40h Pinot Lobby - Coffee-Break 16:20h Pinot A - Meeting of SBCCI Steering Committee 16:20h Pinot B - Meeting of\u2026","rel":"","context":"Post similar","block_context":{"text":"Post similar","link":""},"img":{"alt_text":"","src":"","width":0,"height":0},"classes":[]},{"id":1410,"url":"https:\/\/wp.ufpel.edu.br\/chipinthepampa2018\/women-in-microelectronics-panel\/","url_meta":{"origin":1101,"position":1},"title":"Women in Microelectronics Panel (in Portuguese)","author":"agostini","date":"19\/08\/2018","format":false,"excerpt":"Women in Microelectronics Panel\u00a0 The panel will be in Portuguese Wednesday, Aug. 29 16:20h Pinot C Fernanda Gusmao de Lima Kastensmidt (UFRGS) Andrea Labrudi Tavares (Cadence) Nilton Morimoto (SBMicro) Alexandre Guilherme Motta Sarmento (CNPq) Moderator: Linnyer Beatrys Ruiz (UEM) \u00a0","rel":"","context":"Post similar","block_context":{"text":"Post similar","link":""},"img":{"alt_text":"","src":"","width":0,"height":0},"classes":[]},{"id":1049,"url":"https:\/\/wp.ufpel.edu.br\/chipinthepampa2018\/inscit-2018-technical-program\/","url_meta":{"origin":1101,"position":2},"title":"INSCIT 2018 Technical Program","author":"agostini","date":"19\/07\/2018","format":false,"excerpt":"INSCIT 2018 Final Technical Program Tuesday, Aug. 28 SBCCI\/SBMicro Tutorials \u00a0 Wednesday, Aug. 29 9:00h Malbec B \u2013 Keynote Automatic Customizable Computing: From DSLs to FPGAs for Deep Learning and Beyond Jason Cong (UCLA - USA) 10:20h Carmen\u00e8re \u2013 Coffee-Break 10:40h Pinot A\u00a0\u2013 INSCIT Invited Talk Acoustic wave sensors for\u2026","rel":"","context":"Post similar","block_context":{"text":"Post similar","link":""},"img":{"alt_text":"","src":"","width":0,"height":0},"classes":[]},{"id":1057,"url":"https:\/\/wp.ufpel.edu.br\/chipinthepampa2018\/wcas-2018-technical-program\/","url_meta":{"origin":1101,"position":3},"title":"WCAS 2018 Technical Program","author":"agostini","date":"19\/07\/2018","format":false,"excerpt":"WCAS 2018 Final Technical Program Tuesday, Aug. 28 9:00h Malbec B \u2013 Tutorial Integrated switched-capacitor DC-DC converters for high-density capacitive energy storage Filip Tavernier (KU Leuven \u2013 Belgium) 10:20h Carmen\u00e8re - Coffee-Break 10:40h Malbec A \u2013 Tutorial DC and RF reliability of advanced CMOS technologies Edmundo Gutierrez (INAOE \u2013 Mexico)\u00a0\u2026","rel":"","context":"Post similar","block_context":{"text":"Post similar","link":""},"img":{"alt_text":"","src":"","width":0,"height":0},"classes":[]},{"id":1042,"url":"https:\/\/wp.ufpel.edu.br\/chipinthepampa2018\/sbmicro-2018-technical-program\/","url_meta":{"origin":1101,"position":4},"title":"SBMicro 2018 Technical Program","author":"agostini","date":"19\/07\/2018","format":false,"excerpt":"SBMicro 2018 Final Technical Program \u00a0 Tuesday, Aug. 28 \u00a0 9:00h Malbec B \u2013 Tutorial Integrated switched-capacitor DC-DC converters for high-density capacitive energy storage Filip Tavernier (KU Leuven \u2013 Belgium) 10:20h Carmen\u00e8re - Coffee-Break 10:40h Malbec A \u2013 Tutorial DC and RF reliability of advanced CMOS technologies Edmundo Gutierrez (INAOE\u2026","rel":"","context":"Post similar","block_context":{"text":"Post similar","link":""},"img":{"alt_text":"","src":"","width":0,"height":0},"classes":[]},{"id":1161,"url":"https:\/\/wp.ufpel.edu.br\/chipinthepampa2018\/feec-technical-program-in-portuguese\/","url_meta":{"origin":1101,"position":5},"title":"FEEC 2018 Technical Program (in Portuguese)","author":"agostini","date":"08\/08\/2018","format":false,"excerpt":"FEEC 2018 Final Technical Program All activities will be in Portuguese. Tuesday, Aug. 28 13:40h Pinot A\u00a0 An\u00e1lise de Microprocessadores: Did\u00e1ticos a Comerciais Paulo Matheus Vinhas 14:05h\u00a0Pinot A\u00a0 As rela\u00e7\u00f5es entre Computador e Computa\u00e7\u00e3o Daltro Nunes\u00a0 (UFRGS) 14:55h Pinot A\u00a0\u2013 Painel Desafios no Ensino de Engenharia da Computa\u00e7\u00e3o na Era\u2026","rel":"","context":"Post similar","block_context":{"text":"Post similar","link":""},"img":{"alt_text":"","src":"","width":0,"height":0},"classes":[]}],"_links":{"self":[{"href":"https:\/\/wp.ufpel.edu.br\/chipinthepampa2018\/wp-json\/wp\/v2\/pages\/1101","targetHints":{"allow":["GET"]}}],"collection":[{"href":"https:\/\/wp.ufpel.edu.br\/chipinthepampa2018\/wp-json\/wp\/v2\/pages"}],"about":[{"href":"https:\/\/wp.ufpel.edu.br\/chipinthepampa2018\/wp-json\/wp\/v2\/types\/page"}],"author":[{"embeddable":true,"href":"https:\/\/wp.ufpel.edu.br\/chipinthepampa2018\/wp-json\/wp\/v2\/users\/685"}],"replies":[{"embeddable":true,"href":"https:\/\/wp.ufpel.edu.br\/chipinthepampa2018\/wp-json\/wp\/v2\/comments?post=1101"}],"version-history":[{"count":12,"href":"https:\/\/wp.ufpel.edu.br\/chipinthepampa2018\/wp-json\/wp\/v2\/pages\/1101\/revisions"}],"predecessor-version":[{"id":1567,"href":"https:\/\/wp.ufpel.edu.br\/chipinthepampa2018\/wp-json\/wp\/v2\/pages\/1101\/revisions\/1567"}],"wp:attachment":[{"href":"https:\/\/wp.ufpel.edu.br\/chipinthepampa2018\/wp-json\/wp\/v2\/media?parent=1101"}],"curies":[{"name":"wp","href":"https:\/\/api.w.org\/{rel}","templated":true}]}}