{"id":67,"date":"2021-02-18T14:23:01","date_gmt":"2021-02-18T17:23:01","guid":{"rendered":"https:\/\/wp.ufpel.edu.br\/cfc\/?page_id=67"},"modified":"2024-09-23T13:33:40","modified_gmt":"2024-09-23T16:33:40","slug":"suprimento-de-fundos","status":"publish","type":"page","link":"https:\/\/wp.ufpel.edu.br\/cfc\/suprimento-de-fundos\/","title":{"rendered":"Suprimento de Fundos"},"content":{"rendered":"\n<p>Os servidores que ainda n\u00e3o tem o Cart\u00e3o de Pagamentos do Governo Federal \u2013 CPGF devem entrar em contato com a Coordenadoria de Finan\u00e7as e Contabilidade pelo telefone (53) 3284-3936. Somente os servidores devidamente cadastrados e de posse do Cart\u00e3o poder\u00e3o solicitar suprimentos de fundos.<\/p>\n\n\n<style>.wp-block-kadence-spacer.kt-block-spacer-67_cf2e55-8d .kt-block-spacer{height:60px;}.wp-block-kadence-spacer.kt-block-spacer-67_cf2e55-8d .kt-divider{border-top-width:2px;border-top-color:#abb8c3;width:80%;border-top-style:solid;}<\/style>\n<div class=\"wp-block-kadence-spacer aligncenter kt-block-spacer-67_cf2e55-8d kvs-lg-false\"><div class=\"kt-block-spacer kt-block-spacer-halign-center\"><hr class=\"kt-divider\"\/><\/div><\/div>\n\n\n\n<p><strong>MANUAIS:<\/strong><\/p>\n\n\n\n<div class=\"wp-block-file\"><a id=\"wp-block-file--media-d38aed5c-c1fd-4ed7-be51-e86adab41a2f\" href=\"https:\/\/wp.ufpel.edu.br\/cfc\/files\/2021\/05\/1\u00b0-Passo-SOLICITACAO-DE-CONCESSAO-DE-SUPRIMENTO-DE-FUNDOS.docx\" target=\"_blank\" rel=\"noreferrer noopener\">1\u00b0 Passo &#8211; Solicita\u00e7\u00e3o de Concess\u00e3o de Suprimento de Fundos<\/a><\/div>\n\n\n\n<div class=\"wp-block-file\"><a id=\"wp-block-file--media-6d14c97c-3eee-4eed-8c8c-572695953365\" href=\"https:\/\/wp.ufpel.edu.br\/cfc\/files\/2021\/05\/2\u00b0-Passo-FORMULARIO-DE-AQUISICAO.docx\" target=\"_blank\" rel=\"noreferrer noopener\">2\u00b0 Passo \u2013 Aquisi\u00e7\u00e3o\/Contrata\u00e7\u00e3o Suprimento de Fundos<\/a><\/div>\n\n\n\n<div class=\"wp-block-file\"><a id=\"wp-block-file--media-53a4f640-bb9a-4d20-a250-0acbb5931d89\" href=\"https:\/\/wp.ufpel.edu.br\/cfc\/files\/2021\/05\/3\u00b0-Passo-PRESTACAO-DE-CONTAS.docx\" target=\"_blank\" rel=\"noreferrer noopener\">3\u00b0 Passo &#8211; Presta\u00e7\u00e3o de Contas de Suprimento de Fundos<\/a><\/div>\n\n\n\n<div class=\"wp-block-file\"><a id=\"wp-block-file--media-487c3677-4e78-4bd1-bb8d-0d6fb8bdbba7\" href=\"https:\/\/wp.ufpel.edu.br\/cfc\/files\/2021\/02\/Suprimento-de-Fundos-Apresentacao.pdf\" target=\"_blank\" rel=\"noreferrer noopener\">Suprimento de Fundos &#8211; Apresenta\u00e7\u00e3o<\/a><\/div>\n\n\n\n<div class=\"wp-block-file\"><a id=\"wp-block-file--media-d41d9cf3-07d0-47c2-91ff-07184e3e03c0\" href=\"https:\/\/wp.ufpel.edu.br\/cfc\/files\/2021\/02\/Suprimento-de-Fundos-\u2013-Manual-CGU.pdf\" target=\"_blank\" rel=\"noreferrer noopener\">Suprimento de Fundos \u2013 Manual CGU<\/a><\/div>\n\n\n\n<div class=\"wp-block-file\"><a id=\"wp-block-file--media-d8b30213-d2ad-4c41-9834-8298c6ff12fc\" href=\"https:\/\/wp.ufpel.edu.br\/cfc\/files\/2021\/02\/Suprimento-de-Fundos-\u2013-Sistema-de-Cartao-de-Pagamento-Passo-a-Passo.pdf\" target=\"_blank\" rel=\"noreferrer noopener\">Suprimento de Fundos \u2013 Sistema de Cart\u00e3o de Pagamento (Passo a Passo)<\/a><\/div>\n\n\n<style>.wp-block-kadence-spacer.kt-block-spacer-67_b4ade8-91 .kt-block-spacer{height:60px;}.wp-block-kadence-spacer.kt-block-spacer-67_b4ade8-91 .kt-divider{border-top-width:2px;border-top-color:#2d5cab;width:100%;border-top-style:solid;}<\/style>\n<div class=\"wp-block-kadence-spacer aligncenter kt-block-spacer-67_b4ade8-91 kvs-lg-false\"><div class=\"kt-block-spacer kt-block-spacer-halign-left\"><hr class=\"kt-divider\"\/><\/div><\/div>\n\n\n\n<p><strong><span class=\"uppercase\">L<\/span>EGISLA\u00c7\u00c3O:<\/strong><\/p>\n\n\n\n<p><strong><a rel=\"noreferrer noopener\" href=\"http:\/\/normas.receita.fazenda.gov.br\/sijut2consulta\/link.action?idAto=37200&amp;visao=anotado#:~:text=Disp%C3%B5e%20sobre%20a%20reten%C3%A7%C3%A3o%20de,fornecimento%20de%20bens%20e%20servi%C3%A7os.\" target=\"_blank\"><strong>INSTRU\u00c7\u00c3O NORMATIVA&nbsp;RFB&nbsp;N\u00ba&nbsp;1234,&nbsp;DE&nbsp;11 DE JANEIRO DE 2012<\/strong><\/a><\/strong><br>Disp\u00f5e sobre a reten\u00e7\u00e3o de tributos nos pagamentos efetuados pelos \u00f3rg\u00e3os da administra\u00e7\u00e3o p\u00fablica federal direta, autarquias e funda\u00e7\u00f5es federais, empresas p\u00fablicas, sociedades de economia mista e Demais pessoas jur\u00eddicas que menciona a outras pessoas jur\u00eddicas pelo fornecimento de bens e servi\u00e7os.<\/p>\n\n\n\n<p><strong><a rel=\"noreferrer noopener\" href=\"http:\/\/www.planalto.gov.br\/ccivil_03\/decreto\/d3000.htm\" target=\"_blank\"><strong>REGULAMENTO DO IMPOSTO DE RENDA<\/strong><\/a><\/strong><br>Regulamenta a tributa\u00e7\u00e3o, a fiscaliza\u00e7\u00e3o, a arrecada\u00e7\u00e3o e a administra\u00e7\u00e3o do Imposto sobre a Renda e Proventos de Qualquer Natureza.<\/p>\n\n\n\n<p><strong><a href=\"http:\/\/normas.receita.fazenda.gov.br\/sijut2consulta\/link.action?idAto=15937\" target=\"_blank\" rel=\"noreferrer noopener\"><strong><strong>INSTRU\u00c7\u00c3O NORMATIVA&nbsp;RFB&nbsp;N\u00ba&nbsp;971,&nbsp;DE&nbsp;13 DE NOVEMBRO DE 2009<\/strong><\/strong><\/a><\/strong><br>Disp\u00f5e sobre normas gerais de tributa\u00e7\u00e3o previdenci\u00e1ria e de arrecada\u00e7\u00e3o das contribui\u00e7\u00f5es sociais destinadas \u00e0 Previd\u00eancia Social e as destinadas a outras entidades ou fundos, administradas pela Secretaria da Receita Federal do Brasil (RFB).<\/p>\n\n\n\n<p><strong><strong><a rel=\"noreferrer noopener\" href=\"http:\/\/www.planalto.gov.br\/ccivil_03\/leis\/lcp\/lcp116.htm\" target=\"_blank\">LEI COMPLEMENTAR N\u00ba 116, DE 31 DE JULHO DE 2003<\/a><\/strong><\/strong><br>Disp\u00f5e sobre o Imposto Sobre Servi\u00e7os de Qualquer Natureza, de compet\u00eancia dos Munic\u00edpios e do Distrito Federal, e d\u00e1 outras provid\u00eancias.<\/p>\n\n\n\n<p><strong><strong><a rel=\"noreferrer noopener\" href=\"http:\/\/www.planalto.gov.br\/ccivil_03\/leis\/lcp\/lcp123.htm\" target=\"_blank\">LEI COMPLEMENTAR N\u00ba 123, DE 14 DE DEZEMBRO DE 2006<\/a><\/strong><\/strong><br>Institui o Estatuto Nacional da Microempresa e da Empresa de Pequeno Porte; altera dispositivos das Leis n<sup>o<\/sup>&nbsp;8.212 e 8.213, ambas de 24 de julho de 1991, da Consolida\u00e7\u00e3o das Leis do Trabalho &#8211; CLT, aprovada pelo Decreto-Lei n<sup>o<\/sup>&nbsp;5.452, de 1<sup>o<\/sup>&nbsp;de maio de 1943, da Lei n<sup>o<\/sup>&nbsp;10.189, de 14 de fevereiro de 2001, da Lei Complementar n<sup>o<\/sup>&nbsp;63, de 11 de janeiro de 1990; e revoga as Leis n<sup>o<\/sup>&nbsp;9.317, de 5 de dezembro de 1996, e 9.841, de 5 de outubro de 1999.<\/p>\n\n\n\n<p><strong><strong><a href=\"http:\/\/www.planalto.gov.br\/ccivil_03\/leis\/l5172compilado.htm\" target=\"_blank\" rel=\"noreferrer noopener\">C\u00d3DIGO TRIBUT\u00c1RIO NACIONAL<\/a><\/strong><\/strong><br>Disp\u00f5e sobre o Sistema Tribut\u00e1rio Nacional e institui normas gerais de direito tribut\u00e1rio aplic\u00e1veis \u00e0 Uni\u00e3o, Estados e Munic\u00edpios.<\/p>\n","protected":false},"excerpt":{"rendered":"<p>Os servidores que ainda n\u00e3o tem o Cart\u00e3o de Pagamentos do Governo Federal \u2013 CPGF devem entrar em contato com a Coordenadoria de Finan\u00e7as e Contabilidade pelo telefone (53) 3284-3936. Somente os servidores devidamente cadastrados e de posse do Cart\u00e3o poder\u00e3o solicitar suprimentos de fundos. MANUAIS: LEGISLA\u00c7\u00c3O: INSTRU\u00c7\u00c3O NORMATIVA&nbsp;RFB&nbsp;N\u00ba&nbsp;1234,&nbsp;DE&nbsp;11 DE JANEIRO DE 2012Disp\u00f5e sobre a [&hellip;]<\/p>\n","protected":false},"author":1122,"featured_media":0,"parent":0,"menu_order":0,"comment_status":"closed","ping_status":"closed","template":"","meta":{"footnotes":""},"class_list":["post-67","page","type-page","status-publish","hentry"],"_links":{"self":[{"href":"https:\/\/wp.ufpel.edu.br\/cfc\/wp-json\/wp\/v2\/pages\/67","targetHints":{"allow":["GET"]}}],"collection":[{"href":"https:\/\/wp.ufpel.edu.br\/cfc\/wp-json\/wp\/v2\/pages"}],"about":[{"href":"https:\/\/wp.ufpel.edu.br\/cfc\/wp-json\/wp\/v2\/types\/page"}],"author":[{"embeddable":true,"href":"https:\/\/wp.ufpel.edu.br\/cfc\/wp-json\/wp\/v2\/users\/1122"}],"replies":[{"embeddable":true,"href":"https:\/\/wp.ufpel.edu.br\/cfc\/wp-json\/wp\/v2\/comments?post=67"}],"version-history":[{"count":26,"href":"https:\/\/wp.ufpel.edu.br\/cfc\/wp-json\/wp\/v2\/pages\/67\/revisions"}],"predecessor-version":[{"id":833,"href":"https:\/\/wp.ufpel.edu.br\/cfc\/wp-json\/wp\/v2\/pages\/67\/revisions\/833"}],"wp:attachment":[{"href":"https:\/\/wp.ufpel.edu.br\/cfc\/wp-json\/wp\/v2\/media?parent=67"}],"curies":[{"name":"wp","href":"https:\/\/api.w.org\/{rel}","templated":true}]}}