{"id":39,"date":"2021-02-18T12:45:37","date_gmt":"2021-02-18T15:45:37","guid":{"rendered":"https:\/\/wp.ufpel.edu.br\/cfc\/?page_id=39"},"modified":"2025-01-22T19:30:49","modified_gmt":"2025-01-22T22:30:49","slug":"contatos","status":"publish","type":"page","link":"https:\/\/wp.ufpel.edu.br\/cfc\/contatos\/","title":{"rendered":"Contatos"},"content":{"rendered":"\n<p><strong><strong><strong>COORDENA\u00c7\u00c3O DE FINAN\u00c7AS E CONTABILIDADE (CFC) | Sala: 310<\/strong><\/strong><\/strong><br>Fernanda e Silva Rodrigues (Coordenadora)<br><strong>e-mail:<\/strong>&nbsp;cfc@ufpel.edu.br<br><strong>Telefone:<\/strong>&nbsp;+55 (53) 3284-3937<\/p>\n\n\n\n<p><strong>CONTADORIA GERAL (CONTGER)<\/strong><br>Leonardo Pinto Ortiz (Contador Respons\u00e1vel)<br><strong>e-mail:<\/strong>&nbsp;cfc@ufpel.edu.br<br><strong>Telefone:<\/strong>&nbsp;+55 (53) 3284-3937<\/p>\n\n\n<style>.wp-block-kadence-spacer.kt-block-spacer-39_40436e-c4 .kt-block-spacer{height:60px;}.wp-block-kadence-spacer.kt-block-spacer-39_40436e-c4 .kt-divider{border-top-width:2px;border-top-color:#abb8c3;width:80%;border-top-style:solid;}<\/style>\n<div class=\"wp-block-kadence-spacer aligncenter kt-block-spacer-39_40436e-c4 kvs-lg-false\"><div class=\"kt-block-spacer kt-block-spacer-halign-center\"><hr class=\"kt-divider\"\/><\/div><\/div>\n\n\n\n<p><strong><strong>N\u00facleo Financeiro (NUFINC)<\/strong><br><\/strong>Cristiane Medianeira Canabarro Flores H\u00fcbner (Chefe do N\u00facleo)<br><strong>e-mail:<\/strong>&nbsp;cfc@ufpel.edu.br<br><strong>Telefone:<\/strong>&nbsp;+55 (53) 3284-3937<\/p>\n\n\n\n<p><strong>Se\u00e7\u00e3o de Liquida\u00e7\u00e3o das Despesas (SLD)<br><\/strong>Renato Brasil Kourrowski (Chefe da Se\u00e7\u00e3o)<br>Daniela Vieira Amaral<br>Fernanda Patzlaff Neuenfeld<br><strong>Telefone:&nbsp;<\/strong>+55 (53) 3284-3936<br><strong>e-mail:<\/strong>&nbsp;liquidacaodadespesa@ufpel.edu.br<\/p>\n\n\n\n<p class=\"has-text-align-left\"><strong>Se\u00e7\u00e3o de An\u00e1lise e Registro Cont\u00e1bil de Contratos (SARCC)<br><\/strong>Alexandre Doro Bittencourt (Chefe da Se\u00e7\u00e3o)<br>Elisandra de Vargas Garcia <br>Luciano Rodrigues de Almeida<br><strong>Telefone:<\/strong>\u00a0+55 (53) 3284-3939<br><strong>e-mail:<\/strong>\u00a0liquidacaodecontratos@ufpel.edu.br<\/p>\n\n\n\n<p><strong>Se\u00e7\u00e3o de Pagamentos (SPAG)<br><\/strong>Gabriel Monteblanco Leal (Chefe da Se\u00e7\u00e3o)<br>Diane Almeida de Medeiros<br><strong>Telefone:<\/strong>&nbsp;+55 (53) 3284-3938<br><strong>e-mail:<\/strong>&nbsp;secaodepagamento@ufpel.edu.br<\/p>\n\n\n\n<p><strong>Se\u00e7\u00e3o de Di\u00e1rias e Passagens (SDP)<br><\/strong>Anderson Chollet (Chefe da Se\u00e7\u00e3o)<br>Jonathan Peres da Rosa<br><strong>Telefone:<\/strong>&nbsp;+55 (53) 3284-3935<br><strong>e-mail:<\/strong>&nbsp;scdp@ufpel.edu.br<\/p>\n\n\n<style>.wp-block-kadence-spacer.kt-block-spacer-39_bc5625-c4 .kt-block-spacer{height:60px;}.wp-block-kadence-spacer.kt-block-spacer-39_bc5625-c4 .kt-divider{border-top-width:2px;border-top-color:#abb8c3;width:80%;border-top-style:solid;}<\/style>\n<div class=\"wp-block-kadence-spacer aligncenter kt-block-spacer-39_bc5625-c4 kvs-lg-false\"><div class=\"kt-block-spacer kt-block-spacer-halign-center\"><hr class=\"kt-divider\"\/><\/div><\/div>\n\n\n\n<p><strong><strong><strong>Se\u00e7\u00e3o Cont\u00e1bil (SCONT)<\/strong><\/strong><br><\/strong>Giovani Luiz Garcia Costantini (Chefe da Se\u00e7\u00e3o)<br>William Pinheiro Freitas<br><strong>Telefone:<\/strong>\u00a0+55 (53) 3284-3934<br><strong>e-mail:<\/strong>\u00a0secaocontabil@ufpel.edu.br<\/p>\n","protected":false},"excerpt":{"rendered":"<p>COORDENA\u00c7\u00c3O DE FINAN\u00c7AS E CONTABILIDADE (CFC) | Sala: 310Fernanda e Silva Rodrigues (Coordenadora)e-mail:&nbsp;cfc@ufpel.edu.brTelefone:&nbsp;+55 (53) 3284-3937 CONTADORIA GERAL (CONTGER)Leonardo Pinto Ortiz (Contador Respons\u00e1vel)e-mail:&nbsp;cfc@ufpel.edu.brTelefone:&nbsp;+55 (53) 3284-3937 N\u00facleo Financeiro (NUFINC)Cristiane Medianeira Canabarro Flores H\u00fcbner (Chefe do N\u00facleo)e-mail:&nbsp;cfc@ufpel.edu.brTelefone:&nbsp;+55 (53) 3284-3937 Se\u00e7\u00e3o de Liquida\u00e7\u00e3o das Despesas (SLD)Renato Brasil Kourrowski (Chefe da Se\u00e7\u00e3o)Daniela Vieira AmaralFernanda Patzlaff NeuenfeldTelefone:&nbsp;+55 (53) 3284-3936e-mail:&nbsp;liquidacaodadespesa@ufpel.edu.br Se\u00e7\u00e3o de [&hellip;]<\/p>\n","protected":false},"author":1122,"featured_media":0,"parent":0,"menu_order":0,"comment_status":"closed","ping_status":"closed","template":"","meta":{"footnotes":""},"class_list":["post-39","page","type-page","status-publish","hentry"],"_links":{"self":[{"href":"https:\/\/wp.ufpel.edu.br\/cfc\/wp-json\/wp\/v2\/pages\/39","targetHints":{"allow":["GET"]}}],"collection":[{"href":"https:\/\/wp.ufpel.edu.br\/cfc\/wp-json\/wp\/v2\/pages"}],"about":[{"href":"https:\/\/wp.ufpel.edu.br\/cfc\/wp-json\/wp\/v2\/types\/page"}],"author":[{"embeddable":true,"href":"https:\/\/wp.ufpel.edu.br\/cfc\/wp-json\/wp\/v2\/users\/1122"}],"replies":[{"embeddable":true,"href":"https:\/\/wp.ufpel.edu.br\/cfc\/wp-json\/wp\/v2\/comments?post=39"}],"version-history":[{"count":28,"href":"https:\/\/wp.ufpel.edu.br\/cfc\/wp-json\/wp\/v2\/pages\/39\/revisions"}],"predecessor-version":[{"id":860,"href":"https:\/\/wp.ufpel.edu.br\/cfc\/wp-json\/wp\/v2\/pages\/39\/revisions\/860"}],"wp:attachment":[{"href":"https:\/\/wp.ufpel.edu.br\/cfc\/wp-json\/wp\/v2\/media?parent=39"}],"curies":[{"name":"wp","href":"https:\/\/api.w.org\/{rel}","templated":true}]}}