{"id":57,"date":"2008-10-22T11:08:35","date_gmt":"2008-10-22T14:08:35","guid":{"rendered":"https:\/\/wp.ufpel.edu.br\/ceea\/?page_id=57"},"modified":"2022-03-18T15:09:17","modified_gmt":"2022-03-18T18:09:17","slug":"downloads","status":"publish","type":"page","link":"https:\/\/wp.ufpel.edu.br\/ceua\/downloads\/","title":{"rendered":"Downloads"},"content":{"rendered":"<p><a href=\"https:\/\/wp.ufpel.edu.br\/ceua\/files\/2021\/04\/Regimento-aprovado-COCEPE.pdf\">Regimento aprovado COCEPE<\/a><\/p>\n<p><a href=\"https:\/\/wp.ufpel.edu.br\/ceua\/files\/2022\/03\/formulario-unificado_pesquisa-2021-1.docx\">formul\u00e1rio-unificado_pesquisa-2022<\/a>(edit\u00e1vel)<\/p>\n<p><a href=\"https:\/\/wp.ufpel.edu.br\/ceua\/files\/2022\/03\/formulario-unificado_pesquisa-2021.pdf\">formul\u00e1rio-unificado_pesquisa-2022<\/a> (pdf)<\/p>\n<p><a href=\"https:\/\/wp.ufpel.edu.br\/ceua\/files\/2008\/10\/TERMO-DE-CONSENTIMENTO-ANIMAIS-FORA-DA-INSTITUI\u00c7\u00c3O.docx\">TERMO DE CONSENTIMENTO ANIMAIS FORA DA INSTITUI\u00c7\u00c3O<\/a><\/p>\n<p><a href=\"https:\/\/wp.ufpel.edu.br\/ceua\/files\/2008\/10\/TCLE-IFES-2016.doc\">TCLE IFES 2016<\/a><\/p>\n<p><a href=\"https:\/\/wp.ufpel.edu.br\/ceua\/files\/2008\/10\/modelo-adendo.doc\">modelo adendo<\/a><\/p>\n<p><a href=\"https:\/\/wp.ufpel.edu.br\/ceua\/files\/2018\/07\/modelo-relatorio.docx\">modelo-relatorio<\/a><\/p>\n<p><a href=\"https:\/\/wp.ufpel.edu.br\/ceua\/files\/2018\/07\/POP-CEEA.pdf\">POP CEEA<\/a><\/p>\n<p><a href=\"https:\/\/wp.ufpel.edu.br\/ceua\/files\/2008\/10\/formul\u00e1rio-unificado_pesquisa-2016.docx\">formul\u00e1rio-unificado_pesquisa 2016<\/a><\/p>\n<p><a href=\"https:\/\/wp.ufpel.edu.br\/ceua\/files\/2008\/10\/formul\u00e1rio-unificado_ensino-2016.docx\">formul\u00e1rio-unificado_ensino 2016<\/a><\/p>\n","protected":false},"excerpt":{"rendered":"<p>Regimento aprovado COCEPE formul\u00e1rio-unificado_pesquisa-2022(edit\u00e1vel) formul\u00e1rio-unificado_pesquisa-2022 (pdf) TERMO DE CONSENTIMENTO ANIMAIS FORA DA INSTITUI\u00c7\u00c3O TCLE IFES 2016 modelo adendo modelo-relatorio POP CEEA formul\u00e1rio-unificado_pesquisa 2016 formul\u00e1rio-unificado_ensino 2016<\/p>\n","protected":false},"author":2,"featured_media":0,"parent":0,"menu_order":0,"comment_status":"closed","ping_status":"closed","template":"","meta":{"footnotes":""},"class_list":["post-57","page","type-page","status-publish","hentry"],"_links":{"self":[{"href":"https:\/\/wp.ufpel.edu.br\/ceua\/wp-json\/wp\/v2\/pages\/57","targetHints":{"allow":["GET"]}}],"collection":[{"href":"https:\/\/wp.ufpel.edu.br\/ceua\/wp-json\/wp\/v2\/pages"}],"about":[{"href":"https:\/\/wp.ufpel.edu.br\/ceua\/wp-json\/wp\/v2\/types\/page"}],"author":[{"embeddable":true,"href":"https:\/\/wp.ufpel.edu.br\/ceua\/wp-json\/wp\/v2\/users\/2"}],"replies":[{"embeddable":true,"href":"https:\/\/wp.ufpel.edu.br\/ceua\/wp-json\/wp\/v2\/comments?post=57"}],"version-history":[{"count":38,"href":"https:\/\/wp.ufpel.edu.br\/ceua\/wp-json\/wp\/v2\/pages\/57\/revisions"}],"predecessor-version":[{"id":660,"href":"https:\/\/wp.ufpel.edu.br\/ceua\/wp-json\/wp\/v2\/pages\/57\/revisions\/660"}],"wp:attachment":[{"href":"https:\/\/wp.ufpel.edu.br\/ceua\/wp-json\/wp\/v2\/media?parent=57"}],"curies":[{"name":"wp","href":"https:\/\/api.w.org\/{rel}","templated":true}]}}