{"id":522,"date":"2020-08-11T14:58:30","date_gmt":"2020-08-11T17:58:30","guid":{"rendered":"https:\/\/wp.ufpel.edu.br\/ceea\/?page_id=522"},"modified":"2024-04-29T16:17:58","modified_gmt":"2024-04-29T19:17:58","slug":"membros","status":"publish","type":"page","link":"https:\/\/wp.ufpel.edu.br\/ceua\/membros\/","title":{"rendered":"Membros"},"content":{"rendered":"<h4 style=\"text-align: center\"><strong>Composi\u00e7\u00e3o da Comiss\u00e3o de \u00c9tica no Uso de Animais &#8211; CEUA-UFPel:<\/strong><\/h4>\n<p>&nbsp;<\/p>\n<div class=\"page\" title=\"Page 1\">\n<div class=\"layoutArea\">\n<div class=\"column\">\n<p><strong>Centro de Desenvolvimento Tecnolo\u0301gico<\/strong><\/p>\n<p>Titular: Priscila Marques Moura de Leon \u2013 Coordenadora<\/p>\n<p>Suplente: Mariana Ha\u0308rter Remia\u0303o<\/p>\n<p>&nbsp;<\/p>\n<p><strong>Biote\u0301rio Central<\/strong><\/p>\n<p>Titular: Anelize de Oliveira Campello Felix \u2013 Coordenadora Adjunta<\/p>\n<p>Suplente: Cristiani Folharini Bortolatto<\/p>\n<p>&nbsp;<\/p>\n<p><strong>Faculdade de Nutric\u0327a\u0303o<\/strong><\/p>\n<p><span style=\"font-family: var(--fonte-corpo)\">Titular: Simone Pieniz<\/span><\/p>\n<p><span style=\"font-family: var(--fonte-corpo)\">Suplente: Augusto Schneider<\/span><\/p>\n<p>&nbsp;<\/p>\n<p><strong><span style=\"font-family: var(--fonte-corpo)\">Faculdade de Odontologia<\/span><\/strong><\/p>\n<p><span style=\"font-family: var(--fonte-corpo)\">Titular: Katerine Jahnecke Pilownic<\/span><\/p>\n<div class=\"page\" title=\"Page 2\">\n<div class=\"layoutArea\">\n<div class=\"column\">\n<p>Suplente: Carolina Clasen Vieira<\/p>\n<p>&nbsp;<\/p>\n<p><strong>Departamento de Zootecnia\/FAEM<\/strong><\/p>\n<p>Titular: Isabella Dias Barbosa Silveira<\/p>\n<p>Suplente: Roge\u0301rio Fo\u0302lha Bermudes<\/p>\n<p>&nbsp;<\/p>\n<p><strong>Instituto de Biologia<\/strong><\/p>\n<p>Titular: Daniela Isabel Brayer Pereira<\/p>\n<p>Suplente: Daiane Drawanz Hartwig<\/p>\n<p>&nbsp;<\/p>\n<p><strong>Centro de Cie\u0302ncias Qui\u0301micas, Farmace\u0302uticas e de Alimentos<\/strong><\/p>\n<p>Titular: Francieli Moro Stefanello<\/p>\n<p>Suplente: Ce\u0301sar Augusto Bru\u0308ning<\/p>\n<p>&nbsp;<\/p>\n<p><strong>Faculdade de Veterina\u0301ria<\/strong><\/p>\n<p>Titular: Josaine Cristina da Silva Rappeti<\/p>\n<p>Suplente: Se\u0301rgio Jorge<\/p>\n<p>&nbsp;<\/p>\n<p><strong>Representantes Discentes<\/strong><\/p>\n<p>Titular: Neida Lucia Conrad \u2013 representante po\u0301s-doc CDTec<\/p>\n<p>Suplente: Amilton Clair Pinto Seixas Neto \u2013 representante po\u0301s-doc IB<\/p>\n<p>Titular: Suzane Olachea Allend \u2013 representante doutorado PPGB\/CDTec<\/p>\n<p>&nbsp;<\/p>\n<p><strong>Representantes Bio\u0301logos<\/strong><\/p>\n<p><span style=\"font-family: var(--fonte-corpo)\">Titular: Felipe Diehl<\/span><\/p>\n<div class=\"page\" title=\"Page 3\">\n<div class=\"layoutArea\">\n<div class=\"column\">\n<p>Suplente: Lucas Petitemberte de Souza<\/p>\n<p>&nbsp;<\/p>\n<p><strong>Membro <em>Ad hoc<\/em><\/strong><\/p>\n<p>Tony Silveira \u2013 Me\u0301dico Veterina\u0301rio \u2013 Membro da Sociedade Brasileira de Cie\u0302ncia em Animais de Laborato\u0301rio<\/p>\n<\/div>\n<\/div>\n<\/div>\n<\/div>\n<\/div>\n<\/div>\n<p>&nbsp;<\/p>\n<\/div>\n<\/div>\n<\/div>\n<p>Portaria:<\/p>\n<ul>\n<li><a href=\"https:\/\/sippag.ufpel.edu.br\/portarias\/visualizar\/?pk=7220&amp;ano=2024&amp;numero=1241&amp;hash=7b471ee73081964b84ee39fdc9ae4465\">SEI_23110.019561_2021_73 Composi\u00e7\u00e3o CEUA 05\/04\/2024<\/a><\/li>\n<\/ul>\n<p>&nbsp;<\/p>\n","protected":false},"excerpt":{"rendered":"<p>Composi\u00e7\u00e3o da Comiss\u00e3o de \u00c9tica no Uso de Animais &#8211; CEUA-UFPel: &nbsp; Centro de Desenvolvimento Tecnolo\u0301gico Titular: Priscila Marques Moura de Leon \u2013 Coordenadora Suplente: Mariana Ha\u0308rter Remia\u0303o &nbsp; Biote\u0301rio Central Titular: Anelize de Oliveira Campello Felix \u2013 Coordenadora Adjunta Suplente: Cristiani Folharini Bortolatto &nbsp; Faculdade de Nutric\u0327a\u0303o Titular: Simone Pieniz Suplente: Augusto Schneider &nbsp; [&hellip;]<\/p>\n","protected":false},"author":2,"featured_media":0,"parent":0,"menu_order":0,"comment_status":"closed","ping_status":"closed","template":"","meta":{"footnotes":""},"class_list":["post-522","page","type-page","status-publish","hentry"],"_links":{"self":[{"href":"https:\/\/wp.ufpel.edu.br\/ceua\/wp-json\/wp\/v2\/pages\/522","targetHints":{"allow":["GET"]}}],"collection":[{"href":"https:\/\/wp.ufpel.edu.br\/ceua\/wp-json\/wp\/v2\/pages"}],"about":[{"href":"https:\/\/wp.ufpel.edu.br\/ceua\/wp-json\/wp\/v2\/types\/page"}],"author":[{"embeddable":true,"href":"https:\/\/wp.ufpel.edu.br\/ceua\/wp-json\/wp\/v2\/users\/2"}],"replies":[{"embeddable":true,"href":"https:\/\/wp.ufpel.edu.br\/ceua\/wp-json\/wp\/v2\/comments?post=522"}],"version-history":[{"count":8,"href":"https:\/\/wp.ufpel.edu.br\/ceua\/wp-json\/wp\/v2\/pages\/522\/revisions"}],"predecessor-version":[{"id":769,"href":"https:\/\/wp.ufpel.edu.br\/ceua\/wp-json\/wp\/v2\/pages\/522\/revisions\/769"}],"wp:attachment":[{"href":"https:\/\/wp.ufpel.edu.br\/ceua\/wp-json\/wp\/v2\/media?parent=522"}],"curies":[{"name":"wp","href":"https:\/\/api.w.org\/{rel}","templated":true}]}}

<h4 style="text-align: center"><strong>Composição da Comissão de Ética no Uso de Animais &#8211; CEUA-UFPel:</strong></h4>
<p>&nbsp;</p>
<div class="page" title="Page 1">
<div class="layoutArea">
<div class="column">
<p><strong>Centro de Desenvolvimento Tecnológico</strong></p>
<p>Titular: Priscila Marques Moura de Leon – Coordenadora</p>
<p>Suplente: Mariana Härter Remião</p>
<p>&nbsp;</p>
<p><strong>Biotério Central</strong></p>
<p>Titular: Anelize de Oliveira Campello Felix – Coordenadora Adjunta</p>
<p>Suplente: Cristiani Folharini Bortolatto</p>
<p>&nbsp;</p>
<p><strong>Faculdade de Nutrição</strong></p>
<p><span style="font-family: var(--fonte-corpo)">Titular: Simone Pieniz</span></p>
<p><span style="font-family: var(--fonte-corpo)">Suplente: Augusto Schneider</span></p>
<p>&nbsp;</p>
<p><strong><span style="font-family: var(--fonte-corpo)">Faculdade de Odontologia</span></strong></p>
<p><span style="font-family: var(--fonte-corpo)">Titular: Katerine Jahnecke Pilownic</span></p>
<div class="page" title="Page 2">
<div class="layoutArea">
<div class="column">
<p>Suplente: Carolina Clasen Vieira</p>
<p>&nbsp;</p>
<p><strong>Departamento de Zootecnia/FAEM</strong></p>
<p>Titular: Isabella Dias Barbosa Silveira</p>
<p>Suplente: Rogério Fôlha Bermudes</p>
<p>&nbsp;</p>
<p><strong>Instituto de Biologia</strong></p>
<p>Titular: Daniela Isabel Brayer Pereira</p>
<p>Suplente: Daiane Drawanz Hartwig</p>
<p>&nbsp;</p>
<p><strong>Centro de Ciências Químicas, Farmacêuticas e de Alimentos</strong></p>
<p>Titular: Francieli Moro Stefanello</p>
<p>Suplente: César Augusto Brüning</p>
<p>&nbsp;</p>
<p><strong>Faculdade de Veterinária</strong></p>
<p>Titular: Josaine Cristina da Silva Rappeti</p>
<p>Suplente: Sérgio Jorge</p>
<p>&nbsp;</p>
<p><strong>Representantes Discentes</strong></p>
<p>Titular: Neida Lucia Conrad – representante pós-doc CDTec</p>
<p>Suplente: Amilton Clair Pinto Seixas Neto – representante pós-doc IB</p>
<p>Titular: Suzane Olachea Allend – representante doutorado PPGB/CDTec</p>
<p>&nbsp;</p>
<p><strong>Representantes Biólogos</strong></p>
<p><span style="font-family: var(--fonte-corpo)">Titular: Felipe Diehl</span></p>
<div class="page" title="Page 3">
<div class="layoutArea">
<div class="column">
<p>Suplente: Lucas Petitemberte de Souza</p>
<p>&nbsp;</p>
<p><strong>Membro <em>Ad hoc</em></strong></p>
<p>Tony Silveira – Médico Veterinário – Membro da Sociedade Brasileira de Ciência em Animais de Laboratório</p>
</div>
</div>
</div>
</div>
</div>
</div>
<p>&nbsp;</p>
</div>
</div>
</div>
<p>Portaria:</p>
<ul>
<li><a href="https://sippag.ufpel.edu.br/portarias/visualizar/?pk=7220&amp;ano=2024&amp;numero=1241&amp;hash=7b471ee73081964b84ee39fdc9ae4465">SEI_23110.019561_2021_73 Composição CEUA 05/04/2024</a></li>
</ul>
<p>&nbsp;</p>

<p>Composição da Comissão de Ética no Uso de Animais &#8211; CEUA-UFPel: &nbsp; Centro de Desenvolvimento Tecnológico Titular: Priscila Marques Moura de Leon – Coordenadora Suplente: Mariana Härter Remião &nbsp; Biotério Central Titular: Anelize de Oliveira Campello Felix – Coordenadora Adjunta Suplente: Cristiani Folharini Bortolatto &nbsp; Faculdade de Nutrição Titular: Simone Pieniz Suplente: Augusto Schneider &nbsp; [&hellip;]</p>
