{"id":519,"date":"2020-08-11T14:51:01","date_gmt":"2020-08-11T17:51:01","guid":{"rendered":"https:\/\/wp.ufpel.edu.br\/ceea\/?page_id=519"},"modified":"2020-08-11T14:51:01","modified_gmt":"2020-08-11T17:51:01","slug":"calculo-do-tamanho-da-amostra","status":"publish","type":"page","link":"https:\/\/wp.ufpel.edu.br\/ceua\/calculo-do-tamanho-da-amostra\/","title":{"rendered":"C\u00e1lculo do tamanho da amostra"},"content":{"rendered":"<p>Um dos itens mais discutidos nas avalia\u00e7\u00f5es da CEEA \u00e9 o c\u00e1lculo do tamanho amostral.<\/p>\n<p>Abaixo seguem links de sites que podem auxiliar o pesquisador no momento da elabora\u00e7\u00e3o do projeto:<\/p>\n<p>http:\/\/powerandsamplesize.com\/\u00a0\u00a0<\/p>\n<p>https:\/\/eda.nc3rs.org.uk\/experimental-design\u00a0\u00a0<\/p>\n","protected":false},"excerpt":{"rendered":"<p>Um dos itens mais discutidos nas avalia\u00e7\u00f5es da CEEA \u00e9 o c\u00e1lculo do tamanho amostral. Abaixo seguem links de sites que podem auxiliar o pesquisador no momento da elabora\u00e7\u00e3o do projeto: http:\/\/powerandsamplesize.com\/\u00a0\u00a0 https:\/\/eda.nc3rs.org.uk\/experimental-design\u00a0\u00a0<\/p>\n","protected":false},"author":2,"featured_media":0,"parent":0,"menu_order":0,"comment_status":"closed","ping_status":"closed","template":"","meta":{"footnotes":""},"class_list":["post-519","page","type-page","status-publish","hentry"],"_links":{"self":[{"href":"https:\/\/wp.ufpel.edu.br\/ceua\/wp-json\/wp\/v2\/pages\/519","targetHints":{"allow":["GET"]}}],"collection":[{"href":"https:\/\/wp.ufpel.edu.br\/ceua\/wp-json\/wp\/v2\/pages"}],"about":[{"href":"https:\/\/wp.ufpel.edu.br\/ceua\/wp-json\/wp\/v2\/types\/page"}],"author":[{"embeddable":true,"href":"https:\/\/wp.ufpel.edu.br\/ceua\/wp-json\/wp\/v2\/users\/2"}],"replies":[{"embeddable":true,"href":"https:\/\/wp.ufpel.edu.br\/ceua\/wp-json\/wp\/v2\/comments?post=519"}],"version-history":[{"count":1,"href":"https:\/\/wp.ufpel.edu.br\/ceua\/wp-json\/wp\/v2\/pages\/519\/revisions"}],"predecessor-version":[{"id":520,"href":"https:\/\/wp.ufpel.edu.br\/ceua\/wp-json\/wp\/v2\/pages\/519\/revisions\/520"}],"wp:attachment":[{"href":"https:\/\/wp.ufpel.edu.br\/ceua\/wp-json\/wp\/v2\/media?parent=519"}],"curies":[{"name":"wp","href":"https:\/\/api.w.org\/{rel}","templated":true}]}}