{"id":83,"date":"2020-04-16T03:06:35","date_gmt":"2020-04-16T06:06:35","guid":{"rendered":"https:\/\/wp.ufpel.edu.br\/cetat\/?page_id=83"},"modified":"2024-03-12T21:43:18","modified_gmt":"2024-03-13T00:43:18","slug":"selecao","status":"publish","type":"page","link":"https:\/\/wp.ufpel.edu.br\/cetat\/informacoes\/selecao\/","title":{"rendered":"Sele\u00e7\u00e3o"},"content":{"rendered":"<p>A abertura do edital \u00e9 amplamente divulgada na conta oficial do projeto no Instagram (@cetatufpel) e os editais s\u00e3o disponibilizados nesta p\u00e1gina espec\u00edfica.<\/p>\n<p>A sele\u00e7\u00e3o dos alunos \u00e9 conduzida por uma banca composta por <strong>dois professores afiliados ao projeto, um extensionista e o bolsista atual<\/strong>.<\/p>\n<p>Durante o processo de sele\u00e7\u00e3o, s\u00e3o considerados o <strong>hist\u00f3rico acad\u00eamico<\/strong> (<em>sem ser classificat\u00f3rio<\/em>), a d<strong>isponibilidade de hor\u00e1rio<\/strong> tanto para os atendimentos cl\u00ednicos quanto para as capacita\u00e7\u00f5es (<em>classificat\u00f3rio<\/em>), al\u00e9m dos dados obtidos na <strong>entrevista<\/strong><\/p>\n<p>Vale ressaltar que, a falta consecutiva a <strong>duas cl\u00ednicas ou a capacita\u00e7\u00f5es<\/strong>, sem que haja justificativa, \u00e9 motivo de d<strong>esligamento imediato do projeto.\u00a0<\/strong><\/p>\n","protected":false},"excerpt":{"rendered":"<p>A abertura do edital \u00e9 amplamente divulgada na conta oficial do projeto no Instagram (@cetatufpel) e os editais s\u00e3o disponibilizados nesta p\u00e1gina espec\u00edfica. A sele\u00e7\u00e3o dos alunos \u00e9 conduzida por uma banca composta por dois professores afiliados ao projeto, um extensionista e o bolsista atual. Durante o processo de sele\u00e7\u00e3o, s\u00e3o considerados o hist\u00f3rico acad\u00eamico [&hellip;]<\/p>\n","protected":false},"author":877,"featured_media":0,"parent":73,"menu_order":3,"comment_status":"closed","ping_status":"closed","template":"","meta":{"footnotes":""},"class_list":["post-83","page","type-page","status-publish","hentry","post"],"jetpack_sharing_enabled":true,"_links":{"self":[{"href":"https:\/\/wp.ufpel.edu.br\/cetat\/wp-json\/wp\/v2\/pages\/83","targetHints":{"allow":["GET"]}}],"collection":[{"href":"https:\/\/wp.ufpel.edu.br\/cetat\/wp-json\/wp\/v2\/pages"}],"about":[{"href":"https:\/\/wp.ufpel.edu.br\/cetat\/wp-json\/wp\/v2\/types\/page"}],"author":[{"embeddable":true,"href":"https:\/\/wp.ufpel.edu.br\/cetat\/wp-json\/wp\/v2\/users\/877"}],"replies":[{"embeddable":true,"href":"https:\/\/wp.ufpel.edu.br\/cetat\/wp-json\/wp\/v2\/comments?post=83"}],"version-history":[{"count":4,"href":"https:\/\/wp.ufpel.edu.br\/cetat\/wp-json\/wp\/v2\/pages\/83\/revisions"}],"predecessor-version":[{"id":179,"href":"https:\/\/wp.ufpel.edu.br\/cetat\/wp-json\/wp\/v2\/pages\/83\/revisions\/179"}],"up":[{"embeddable":true,"href":"https:\/\/wp.ufpel.edu.br\/cetat\/wp-json\/wp\/v2\/pages\/73"}],"wp:attachment":[{"href":"https:\/\/wp.ufpel.edu.br\/cetat\/wp-json\/wp\/v2\/media?parent=83"}],"curies":[{"name":"wp","href":"https:\/\/api.w.org\/{rel}","templated":true}]}}

Seleção

<p>A abertura do edital é amplamente divulgada na conta oficial do projeto no Instagram (@cetatufpel) e os editais são disponibilizados nesta página específica.</p>
<p>A seleção dos alunos é conduzida por uma banca composta por <strong>dois professores afiliados ao projeto, um extensionista e o bolsista atual</strong>.</p>
<p>Durante o processo de seleção, são considerados o <strong>histórico acadêmico</strong> (<em>sem ser classificatório</em>), a d<strong>isponibilidade de horário</strong> tanto para os atendimentos clínicos quanto para as capacitações (<em>classificatório</em>), além dos dados obtidos na <strong>entrevista</strong></p>
<p>Vale ressaltar que, a falta consecutiva a <strong>duas clínicas ou a capacitações</strong>, sem que haja justificativa, é motivo de d<strong>esligamento imediato do projeto. </strong></p>

<p>A abertura do edital é amplamente divulgada na conta oficial do projeto no Instagram (@cetatufpel) e os editais são disponibilizados nesta página específica. A seleção dos alunos é conduzida por uma banca composta por dois professores afiliados ao projeto, um extensionista e o bolsista atual. Durante o processo de seleção, são considerados o histórico acadêmico [&hellip;]</p>
