{"id":76,"date":"2020-04-16T02:58:08","date_gmt":"2020-04-16T05:58:08","guid":{"rendered":"https:\/\/wp.ufpel.edu.br\/cetat\/?page_id=76"},"modified":"2024-03-12T21:41:16","modified_gmt":"2024-03-13T00:41:16","slug":"bolsas","status":"publish","type":"page","link":"https:\/\/wp.ufpel.edu.br\/cetat\/informacoes\/bolsas\/","title":{"rendered":"Bolsas"},"content":{"rendered":"<p>O processo de sele\u00e7\u00e3o de bolsistas est\u00e1 condicionado \u00e0 disponibilidade dessas vagas pela Universidade.<\/p>\n<p>O an\u00fancio do processo seletivo para a candidatura \u00e0 bolsa ser\u00e1 amplamente divulgado tanto no website quanto nas plataformas de redes sociais, buscando alcan\u00e7ar uma audi\u00eancia abrangente.<\/p>\n<p>O m\u00e9todo de sele\u00e7\u00e3o \u00e9 determinado pela comiss\u00e3o, composta pelos professores associados ao projeto.<\/p>\n","protected":false},"excerpt":{"rendered":"<p>O processo de sele\u00e7\u00e3o de bolsistas est\u00e1 condicionado \u00e0 disponibilidade dessas vagas pela Universidade. O an\u00fancio do processo seletivo para a candidatura \u00e0 bolsa ser\u00e1 amplamente divulgado tanto no website quanto nas plataformas de redes sociais, buscando alcan\u00e7ar uma audi\u00eancia abrangente. O m\u00e9todo de sele\u00e7\u00e3o \u00e9 determinado pela comiss\u00e3o, composta pelos professores associados ao projeto.<\/p>\n","protected":false},"author":877,"featured_media":0,"parent":73,"menu_order":2,"comment_status":"closed","ping_status":"closed","template":"","meta":{"footnotes":""},"class_list":["post-76","page","type-page","status-publish","hentry","post"],"jetpack_sharing_enabled":true,"_links":{"self":[{"href":"https:\/\/wp.ufpel.edu.br\/cetat\/wp-json\/wp\/v2\/pages\/76","targetHints":{"allow":["GET"]}}],"collection":[{"href":"https:\/\/wp.ufpel.edu.br\/cetat\/wp-json\/wp\/v2\/pages"}],"about":[{"href":"https:\/\/wp.ufpel.edu.br\/cetat\/wp-json\/wp\/v2\/types\/page"}],"author":[{"embeddable":true,"href":"https:\/\/wp.ufpel.edu.br\/cetat\/wp-json\/wp\/v2\/users\/877"}],"replies":[{"embeddable":true,"href":"https:\/\/wp.ufpel.edu.br\/cetat\/wp-json\/wp\/v2\/comments?post=76"}],"version-history":[{"count":3,"href":"https:\/\/wp.ufpel.edu.br\/cetat\/wp-json\/wp\/v2\/pages\/76\/revisions"}],"predecessor-version":[{"id":178,"href":"https:\/\/wp.ufpel.edu.br\/cetat\/wp-json\/wp\/v2\/pages\/76\/revisions\/178"}],"up":[{"embeddable":true,"href":"https:\/\/wp.ufpel.edu.br\/cetat\/wp-json\/wp\/v2\/pages\/73"}],"wp:attachment":[{"href":"https:\/\/wp.ufpel.edu.br\/cetat\/wp-json\/wp\/v2\/media?parent=76"}],"curies":[{"name":"wp","href":"https:\/\/api.w.org\/{rel}","templated":true}]}}