{"id":36,"date":"2020-04-16T01:01:23","date_gmt":"2020-04-16T04:01:23","guid":{"rendered":"https:\/\/wp.ufpel.edu.br\/cetat\/?page_id=36"},"modified":"2024-03-12T21:47:29","modified_gmt":"2024-03-13T00:47:29","slug":"docentes","status":"publish","type":"page","link":"https:\/\/wp.ufpel.edu.br\/cetat\/apresentacao-2\/docentes\/","title":{"rendered":"Docentes"},"content":{"rendered":"<p><strong>Prof\u00aa Dr\u00aa Cristina Braga Xavier:<\/strong> Graduada em Odontologia pela UFPel. Doutora em Cirurgia e Traumatologia Buco-Maxilo-Facial (CTBMF) pela PUCRS. Professora do Departamento de Cirurgia, Traumatologia e Pr\u00f3tese Buco-maxilo-faciais (CTPBMF) da Faculdade de Odontologia da FO-UFPel. Idealizadora e coordenadora do Projeto CETAT.<\/p>\n<p><strong>Prof\u00aa Dr\u00aa Carolina Clasen Vieira:<\/strong> Graduada em Odontologia pela UFPel. Mestre e Doutora em Cl\u00ednica Odontol\u00f3gica com \u00eanfase em Endodontia pela UFPel. Professora do Departamento de Semiologia e Cl\u00ednica (DSC) da Faculdade de Odontologia da FO-UFPel. Professora colaborada do PPGO\/UFPel. Orientadora cl\u00ednica\u00a0do\u00a0projeto.<\/p>\n<p><strong>Prof Dr F\u00e1bio Garcia Lima:<\/strong> Graduado em Odontologia pela UFPel. Doutor em Odontologia, com \u00e1rea de concentra\u00e7\u00e3o em Dent\u00edstica Restauradora pela UFPel. Professor do Departamento de Semiologia e Cl\u00ednica (DSC) da Faculdade de Odontologia da FO-UFPel. Orientador de atividades cl\u00ednicas e de pesquisa no projeto.<\/p>\n<p><strong>Dr\u00aa Giselle Daer de Farias:<\/strong> Profissional Graduada em Odontologia pela UFPel. Especializada, Mestre e Doutora na \u00e1rea de Ortodontia. Voluntaria e Orientadora de atividades clinicas e de pesquisa no projeto. <!--more--><\/p>\n<p><strong>Prof\u00aa Dr\u00aa Leticia Kirst Post:<\/strong> Graduada em Odontologia pela UNIPAR. Doutora em Cirurgia e Traumatologia Buco-Maxilo-Facial (CTBMF) pela PUCRS. Professora do Departamento de Cirurgia, Traumatologia e Pr\u00f3tese Buco-maxilo-faciais (CTPBMF) da Faculdade de Odontologia da FO-UFPel. Vice-coordenadora do Projeto CETAT.<\/p>\n<p><strong>Prof\u00aa Dr\u00aa Luciane Geanini Pena dos Santos:<\/strong> Graduada em Odontologia pela UFSM. Doutora em Endodontia pela UFSC. Professora do Departamento de Semiologia e Cl\u00ednica (DSC) da Faculdade de Odontologia da FO-UFPel. Orientadora cl\u00ednica do projeto.<\/p>\n<p><strong>Prof Dr Kau\u00ea Farias Collares: <\/strong>Graduado pela Faculdade de Odontologia pela Universidade Federal de Pelotas (2012), \u00e9 doutor pela Medical Science &#8211; Radboud University Nijmegen (2019), assim como, pela em Odontologia com \u00eanfase em Dentistica pela Universidade Federal de Pelotas (2016). Professor Departamento de Odontologia Restauradora (DOR) da Faculdade de Odontologia da FO-UFPel. Orientadora cl\u00ednica do projeto.<\/p>\n","protected":false},"excerpt":{"rendered":"<p>Prof\u00aa Dr\u00aa Cristina Braga Xavier: Graduada em Odontologia pela UFPel. Doutora em Cirurgia e Traumatologia Buco-Maxilo-Facial (CTBMF) pela PUCRS. Professora do Departamento de Cirurgia, Traumatologia e Pr\u00f3tese Buco-maxilo-faciais (CTPBMF) da Faculdade de Odontologia da FO-UFPel. Idealizadora e coordenadora do Projeto CETAT. Prof\u00aa Dr\u00aa Carolina Clasen Vieira: Graduada em Odontologia pela UFPel. Mestre e Doutora em [&hellip;]<\/p>\n","protected":false},"author":877,"featured_media":0,"parent":70,"menu_order":1,"comment_status":"closed","ping_status":"closed","template":"","meta":{"footnotes":""},"class_list":["post-36","page","type-page","status-publish","hentry","post"],"jetpack_sharing_enabled":true,"_links":{"self":[{"href":"https:\/\/wp.ufpel.edu.br\/cetat\/wp-json\/wp\/v2\/pages\/36","targetHints":{"allow":["GET"]}}],"collection":[{"href":"https:\/\/wp.ufpel.edu.br\/cetat\/wp-json\/wp\/v2\/pages"}],"about":[{"href":"https:\/\/wp.ufpel.edu.br\/cetat\/wp-json\/wp\/v2\/types\/page"}],"author":[{"embeddable":true,"href":"https:\/\/wp.ufpel.edu.br\/cetat\/wp-json\/wp\/v2\/users\/877"}],"replies":[{"embeddable":true,"href":"https:\/\/wp.ufpel.edu.br\/cetat\/wp-json\/wp\/v2\/comments?post=36"}],"version-history":[{"count":5,"href":"https:\/\/wp.ufpel.edu.br\/cetat\/wp-json\/wp\/v2\/pages\/36\/revisions"}],"predecessor-version":[{"id":168,"href":"https:\/\/wp.ufpel.edu.br\/cetat\/wp-json\/wp\/v2\/pages\/36\/revisions\/168"}],"up":[{"embeddable":true,"href":"https:\/\/wp.ufpel.edu.br\/cetat\/wp-json\/wp\/v2\/pages\/70"}],"wp:attachment":[{"href":"https:\/\/wp.ufpel.edu.br\/cetat\/wp-json\/wp\/v2\/media?parent=36"}],"curies":[{"name":"wp","href":"https:\/\/api.w.org\/{rel}","templated":true}]}}

<p><strong>Profª Drª Cristina Braga Xavier:</strong> Graduada em Odontologia pela UFPel. Doutora em Cirurgia e Traumatologia Buco-Maxilo-Facial (CTBMF) pela PUCRS. Professora do Departamento de Cirurgia, Traumatologia e Prótese Buco-maxilo-faciais (CTPBMF) da Faculdade de Odontologia da FO-UFPel. Idealizadora e coordenadora do Projeto CETAT.</p>
<p><strong>Profª Drª Carolina Clasen Vieira:</strong> Graduada em Odontologia pela UFPel. Mestre e Doutora em Clínica Odontológica com ênfase em Endodontia pela UFPel. Professora do Departamento de Semiologia e Clínica (DSC) da Faculdade de Odontologia da FO-UFPel. Professora colaborada do PPGO/UFPel. Orientadora clínica do projeto.</p>
<p><strong>Prof Dr Fábio Garcia Lima:</strong> Graduado em Odontologia pela UFPel. Doutor em Odontologia, com área de concentração em Dentística Restauradora pela UFPel. Professor do Departamento de Semiologia e Clínica (DSC) da Faculdade de Odontologia da FO-UFPel. Orientador de atividades clínicas e de pesquisa no projeto.</p>
<p><strong>Drª Giselle Daer de Farias:</strong> Profissional Graduada em Odontologia pela UFPel. Especializada, Mestre e Doutora na área de Ortodontia. Voluntaria e Orientadora de atividades clinicas e de pesquisa no projeto. <!--more--></p>
<p><strong>Profª Drª Leticia Kirst Post:</strong> Graduada em Odontologia pela UNIPAR. Doutora em Cirurgia e Traumatologia Buco-Maxilo-Facial (CTBMF) pela PUCRS. Professora do Departamento de Cirurgia, Traumatologia e Prótese Buco-maxilo-faciais (CTPBMF) da Faculdade de Odontologia da FO-UFPel. Vice-coordenadora do Projeto CETAT.</p>
<p><strong>Profª Drª Luciane Geanini Pena dos Santos:</strong> Graduada em Odontologia pela UFSM. Doutora em Endodontia pela UFSC. Professora do Departamento de Semiologia e Clínica (DSC) da Faculdade de Odontologia da FO-UFPel. Orientadora clínica do projeto.</p>
<p><strong>Prof Dr Kauê Farias Collares: </strong>Graduado pela Faculdade de Odontologia pela Universidade Federal de Pelotas (2012), é doutor pela Medical Science &#8211; Radboud University Nijmegen (2019), assim como, pela em Odontologia com ênfase em Dentistica pela Universidade Federal de Pelotas (2016). Professor Departamento de Odontologia Restauradora (DOR) da Faculdade de Odontologia da FO-UFPel. Orientadora clínica do projeto.</p>

<p>Profª Drª Cristina Braga Xavier: Graduada em Odontologia pela UFPel. Doutora em Cirurgia e Traumatologia Buco-Maxilo-Facial (CTBMF) pela PUCRS. Professora do Departamento de Cirurgia, Traumatologia e Prótese Buco-maxilo-faciais (CTPBMF) da Faculdade de Odontologia da FO-UFPel. Idealizadora e coordenadora do Projeto CETAT. Profª Drª Carolina Clasen Vieira: Graduada em Odontologia pela UFPel. Mestre e Doutora em [&hellip;]</p>
