{"id":114,"date":"2020-04-23T17:49:14","date_gmt":"2020-04-23T20:49:14","guid":{"rendered":"https:\/\/wp.ufpel.edu.br\/cetat\/?page_id=114"},"modified":"2020-06-06T16:56:47","modified_gmt":"2020-06-06T19:56:47","slug":"duvidas-frequentes","status":"publish","type":"page","link":"https:\/\/wp.ufpel.edu.br\/cetat\/duvidas-frequentes\/","title":{"rendered":"Perguntas Frequentes"},"content":{"rendered":"<ul>\n<li><b>O que \u00e9 um trauma dent\u00e1rio?<\/b><\/li>\n<\/ul>\n<p style=\"text-align: justify;padding-left: 40px\"><span style=\"font-weight: 400\">O traumatismo dent\u00e1rio pode ser desde uma simples fratura no dente, como sua perda total. \u00c9 causado por um impacto externo, por exemplo, em acidentes automobil\u00edsticos, cicl\u00edsticos, quedas, agress\u00f5es, entre outros.<\/span><\/p>\n<ul>\n<li><b>O que fazer quando quebrar um dente devido a algum trauma (queda ou acidente) ?<\/b><\/li>\n<\/ul>\n<p style=\"padding-left: 40px;text-align: justify\"><span style=\"font-weight: 400\">\u00c9 poss\u00edvel fazer a colagem deste fragmento de dente que quebrou no trauma, desde que seja encontrado e tenha um tamanho consideravel, portanto \u00e9 importante guard\u00e1-los em meio adequado, por exemplo, o leite ou \u00e1gua respectivamente e procurar atendimento odontol\u00f3gico o mais r\u00e1pido poss\u00edvel.<\/span><\/p>\n<ul>\n<li><b>Se eu nao achei o peda\u00e7o do dente, o que eu fa\u00e7o ?<\/b><\/li>\n<\/ul>\n<p style=\"padding-left: 40px;text-align: justify\"><span style=\"font-weight: 400\">Voc\u00ea deve procurar o dentista imediatamente, pois com ele far\u00e1 uma avalia\u00e7\u00e3o de poss\u00edveis tratamentos (condutas).<\/span><\/p>\n<ul>\n<li><b>Estou com um peda\u00e7o do dente guardado a mais de um dia o que eu fa\u00e7o ?<\/b><\/li>\n<\/ul>\n<p style=\"padding-left: 40px;text-align: justify\"><span style=\"font-weight: 400\">Procure o dentista mesmo assim, ele avaliar\u00e1 se \u00e9 poss\u00edvel fazer a colagem deste fragmento ou outro tratamento.<\/span><\/p>\n<ul>\n<li><b>Meu dente estava cariado fui comer algo e quebrou, posso ser atendido no projeto ?<\/b><\/li>\n<\/ul>\n<p style=\"padding-left: 40px;text-align: justify\"><span style=\"font-weight: 400\">N\u00e3o, pois nesse caso o dente quebrou por causa da c\u00e1rie e n\u00e3o por trauma,\u00a0 sendo assim nao contempla o objetivo do projeto.\u00a0<\/span><\/p>\n<ul>\n<li><b>O que fazer quando aparecer uma bolinha vermelha na gengiva ?<\/b><span style=\"font-weight: 400\">\u00a0<\/span><\/li>\n<\/ul>\n<ol>\n<li style=\"font-weight: 400;text-align: justify\"><span style=\"font-weight: 400\">Decorrido algum tempo do trauma, mesmo ap\u00f3s os cuidados adequados pode ocorrer o aparecimento de uma bolinha (f\u00edstula) indicando que h\u00e1 presen\u00e7a de infec\u00e7\u00e3o da polpa dent\u00e1ria.<\/span><\/li>\n<li style=\"font-weight: 400;text-align: justify\"><span style=\"font-weight: 400\">Os dentes que sofreram traumatismo podem apresentar a f\u00edstula depois de um tempo<\/span><\/li>\n<li style=\"font-weight: 400;text-align: justify\"><span style=\"font-weight: 400\">Nesses casos \u00e9 importante procurar atendimento para tratamento desses dentes\u00a0<\/span><\/li>\n<\/ol>\n<ul>\n<li><b>O que fazer quando meu dente sair todo da boca ap\u00f3s um trauma? (avuls\u00e3o)<\/b><\/li>\n<\/ul>\n<ol>\n<li style=\"font-weight: 400;text-align: justify\"><span style=\"font-weight: 400\">Segurar o dente pela coroa (parte que aparece no sorriso)<\/span><\/li>\n<li style=\"font-weight: 400;text-align: justify\"><span style=\"font-weight: 400\">Lavar em \u00e1gua corrente\u00a0<\/span><\/li>\n<li style=\"font-weight: 400;text-align: justify\"><span style=\"font-weight: 400\">O ideal \u00e9 colocar o dente de volta no seu lugar na boca (reimplante)<\/span><\/li>\n<li style=\"font-weight: 400;text-align: justify\"><span style=\"font-weight: 400\">Se o reimplante imediato (logo ap\u00f3s a avuls\u00e3o) n\u00e3o for poss\u00edvel, deve colocar o dente em leite, soro fisiol\u00f3gico ou saliva, nunca enrolar o dente em Gaze ou qualquer pano;<\/span><\/li>\n<li style=\"font-weight: 400;text-align: justify\"><span style=\"font-weight: 400\">Procurar o mais r\u00e1pido poss\u00edvel atendimento (consult\u00f3rio, Pronto Socorro, Faculdade de Odontologia)\u00a0<\/span><\/li>\n<\/ol>\n<ul>\n<li><b>E se eu nao achei o dente avulsionado ?<\/b><\/li>\n<\/ul>\n<p style=\"padding-left: 40px;text-align: justify\"><span style=\"font-weight: 400\">Procurar exaustivamente no local do trauma e ao achar o dente,\u00a0 guard\u00e1-lo em leite ou soro fisiol\u00f3gico e procurar o dentista imediatamente.<\/span><\/p>\n<ul>\n<li><b>Estou com o dente armazenado fora da boca a mais de um dia, devo procurar atendimento?<\/b><\/li>\n<\/ul>\n<p style=\"padding-left: 40px;text-align: justify\"><span style=\"font-weight: 400\">Sim, leve o dente ao dentista\u00a0 e o mesmo ir\u00e1 avaliar o que \u00e9 poss\u00edvel fazer em termos de tratamento.<\/span><\/p>\n<ul>\n<li><b>Estou com o dente fora da boca a mais de um dia mas n\u00e3o coloquei em nenhum meio de armazenamento, o que eu fa\u00e7o?<\/b><\/li>\n<\/ul>\n<p style=\"padding-left: 40px;text-align: justify\"><span style=\"font-weight: 400\">Coloque o dente no leite ou na \u00e1gua, e procure o atendimento o mais r\u00e1pido poss\u00edvel. Em muitos casos ainda \u00e9 poss\u00edvel coloc\u00e1-lo no lugar, o dentista far\u00e1 a avalia\u00e7\u00e3o.<\/span><\/p>\n<ul>\n<li><b>Meu dente ficou escuro algumas semanas ap\u00f3s o trauma devo me preocupar ?<\/b><\/li>\n<\/ul>\n<p style=\"padding-left: 40px;text-align: justify\"><span style=\"font-weight: 400\">Nesses casos em que o dente escurece depois de algumas semanas ap\u00f3s a batida, significa que houve uma hemorragia do tecido pulpar (rompimento dos vasos sangu\u00edneos presentes no interior da coroa e da raiz do dente). Por\u00e9m, a n\u00e3o ser que outros sinais cl\u00ednicos (dor, f\u00edstula ou mobilidade intensa) ou radiogr\u00e1ficos indiquem ocorr\u00eancia de necrose pulpar, n\u00e3o h\u00e1 necessidade de realizar um tratamento de canal.<\/span><\/p>\n<ul>\n<li><b>Meu dente esta com mobilidade isso \u00e9 normal?<\/b><\/li>\n<\/ul>\n<p style=\"text-align: justify;padding-left: 40px\"><span style=\"font-weight: 400\">Uma leve mobilidade logo ap\u00f3s o trauma pode ser normal. Deve ser observado se ela esta diminuindo e se tem algum sintoma associado (dor, f\u00edstula, escurecimento) , caso tenha procure atendimento.<\/span><\/p>\n<ul>\n<li><b>Caiu minha conten\u00e7\u00e3o o que eu fa\u00e7o?<\/b><\/li>\n<\/ul>\n<p style=\"text-align: justify;padding-left: 40px\"><span style=\"font-weight: 400\">Voc\u00ea pode entrar em contato pelo telefone do projeto (51) 996338246 ou comparecer na pr\u00f3xima ter\u00e7a feira \u00e1s 18h no terceiro andar da FO.<\/span><\/p>\n<ul>\n<li><b>Minha gengiva est\u00e1 muito vermelha e sangrando facilmente o que fazer ?<\/b><\/li>\n<\/ul>\n<p style=\"text-align: justify;padding-left: 40px\"><span style=\"font-weight: 400\">Voc\u00ea precisa higienizar o dente traumatizado com movimentos leves com escova com cerdas macias e usar o fio dental diariamente.<\/span><\/p>\n<ul>\n<li style=\"text-align: justify\"><b>Posso escovar os dentes depois do trauma? <\/b><span style=\"font-weight: 400\">\u00a0<\/span><\/li>\n<\/ul>\n<p style=\"text-align: justify;padding-left: 40px\"><span style=\"font-weight: 400\">D E V E, pois o ac\u00famulo de placa \u00e9 prejudicial para recupera\u00e7\u00e3o.<\/span><\/p>\n","protected":false},"excerpt":{"rendered":"<p>O que \u00e9 um trauma dent\u00e1rio? O traumatismo dent\u00e1rio pode ser desde uma simples fratura no dente, como sua perda total. \u00c9 causado por um impacto externo, por exemplo, em acidentes automobil\u00edsticos, cicl\u00edsticos, quedas, agress\u00f5es, entre outros. O que fazer quando quebrar um dente devido a algum trauma (queda ou acidente) ? \u00c9 poss\u00edvel fazer [&hellip;]<\/p>\n","protected":false},"author":877,"featured_media":0,"parent":0,"menu_order":0,"comment_status":"closed","ping_status":"closed","template":"","meta":{"footnotes":""},"class_list":["post-114","page","type-page","status-publish","hentry","post"],"jetpack_sharing_enabled":true,"_links":{"self":[{"href":"https:\/\/wp.ufpel.edu.br\/cetat\/wp-json\/wp\/v2\/pages\/114","targetHints":{"allow":["GET"]}}],"collection":[{"href":"https:\/\/wp.ufpel.edu.br\/cetat\/wp-json\/wp\/v2\/pages"}],"about":[{"href":"https:\/\/wp.ufpel.edu.br\/cetat\/wp-json\/wp\/v2\/types\/page"}],"author":[{"embeddable":true,"href":"https:\/\/wp.ufpel.edu.br\/cetat\/wp-json\/wp\/v2\/users\/877"}],"replies":[{"embeddable":true,"href":"https:\/\/wp.ufpel.edu.br\/cetat\/wp-json\/wp\/v2\/comments?post=114"}],"version-history":[{"count":5,"href":"https:\/\/wp.ufpel.edu.br\/cetat\/wp-json\/wp\/v2\/pages\/114\/revisions"}],"predecessor-version":[{"id":135,"href":"https:\/\/wp.ufpel.edu.br\/cetat\/wp-json\/wp\/v2\/pages\/114\/revisions\/135"}],"wp:attachment":[{"href":"https:\/\/wp.ufpel.edu.br\/cetat\/wp-json\/wp\/v2\/media?parent=114"}],"curies":[{"name":"wp","href":"https:\/\/api.w.org\/{rel}","templated":true}]}}

<ul>
<li><b>O que é um trauma dentário?</b></li>
</ul>
<p style="text-align: justify;padding-left: 40px"><span style="font-weight: 400">O traumatismo dentário pode ser desde uma simples fratura no dente, como sua perda total. É causado por um impacto externo, por exemplo, em acidentes automobilísticos, ciclísticos, quedas, agressões, entre outros.</span></p>
<ul>
<li><b>O que fazer quando quebrar um dente devido a algum trauma (queda ou acidente) ?</b></li>
</ul>
<p style="padding-left: 40px;text-align: justify"><span style="font-weight: 400">É possível fazer a colagem deste fragmento de dente que quebrou no trauma, desde que seja encontrado e tenha um tamanho consideravel, portanto é importante guardá-los em meio adequado, por exemplo, o leite ou água respectivamente e procurar atendimento odontológico o mais rápido possível.</span></p>
<ul>
<li><b>Se eu nao achei o pedaço do dente, o que eu faço ?</b></li>
</ul>
<p style="padding-left: 40px;text-align: justify"><span style="font-weight: 400">Você deve procurar o dentista imediatamente, pois com ele fará uma avaliação de possíveis tratamentos (condutas).</span></p>
<ul>
<li><b>Estou com um pedaço do dente guardado a mais de um dia o que eu faço ?</b></li>
</ul>
<p style="padding-left: 40px;text-align: justify"><span style="font-weight: 400">Procure o dentista mesmo assim, ele avaliará se é possível fazer a colagem deste fragmento ou outro tratamento.</span></p>
<ul>
<li><b>Meu dente estava cariado fui comer algo e quebrou, posso ser atendido no projeto ?</b></li>
</ul>
<p style="padding-left: 40px;text-align: justify"><span style="font-weight: 400">Não, pois nesse caso o dente quebrou por causa da cárie e não por trauma,  sendo assim nao contempla o objetivo do projeto. </span></p>
<ul>
<li><b>O que fazer quando aparecer uma bolinha vermelha na gengiva ?</b><span style="font-weight: 400"> </span></li>
</ul>
<ol>
<li style="font-weight: 400;text-align: justify"><span style="font-weight: 400">Decorrido algum tempo do trauma, mesmo após os cuidados adequados pode ocorrer o aparecimento de uma bolinha (fístula) indicando que há presença de infecção da polpa dentária.</span></li>
<li style="font-weight: 400;text-align: justify"><span style="font-weight: 400">Os dentes que sofreram traumatismo podem apresentar a fístula depois de um tempo</span></li>
<li style="font-weight: 400;text-align: justify"><span style="font-weight: 400">Nesses casos é importante procurar atendimento para tratamento desses dentes </span></li>
</ol>
<ul>
<li><b>O que fazer quando meu dente sair todo da boca após um trauma? (avulsão)</b></li>
</ul>
<ol>
<li style="font-weight: 400;text-align: justify"><span style="font-weight: 400">Segurar o dente pela coroa (parte que aparece no sorriso)</span></li>
<li style="font-weight: 400;text-align: justify"><span style="font-weight: 400">Lavar em água corrente </span></li>
<li style="font-weight: 400;text-align: justify"><span style="font-weight: 400">O ideal é colocar o dente de volta no seu lugar na boca (reimplante)</span></li>
<li style="font-weight: 400;text-align: justify"><span style="font-weight: 400">Se o reimplante imediato (logo após a avulsão) não for possível, deve colocar o dente em leite, soro fisiológico ou saliva, nunca enrolar o dente em Gaze ou qualquer pano;</span></li>
<li style="font-weight: 400;text-align: justify"><span style="font-weight: 400">Procurar o mais rápido possível atendimento (consultório, Pronto Socorro, Faculdade de Odontologia) </span></li>
</ol>
<ul>
<li><b>E se eu nao achei o dente avulsionado ?</b></li>
</ul>
<p style="padding-left: 40px;text-align: justify"><span style="font-weight: 400">Procurar exaustivamente no local do trauma e ao achar o dente,  guardá-lo em leite ou soro fisiológico e procurar o dentista imediatamente.</span></p>
<ul>
<li><b>Estou com o dente armazenado fora da boca a mais de um dia, devo procurar atendimento?</b></li>
</ul>
<p style="padding-left: 40px;text-align: justify"><span style="font-weight: 400">Sim, leve o dente ao dentista  e o mesmo irá avaliar o que é possível fazer em termos de tratamento.</span></p>
<ul>
<li><b>Estou com o dente fora da boca a mais de um dia mas não coloquei em nenhum meio de armazenamento, o que eu faço?</b></li>
</ul>
<p style="padding-left: 40px;text-align: justify"><span style="font-weight: 400">Coloque o dente no leite ou na água, e procure o atendimento o mais rápido possível. Em muitos casos ainda é possível colocá-lo no lugar, o dentista fará a avaliação.</span></p>
<ul>
<li><b>Meu dente ficou escuro algumas semanas após o trauma devo me preocupar ?</b></li>
</ul>
<p style="padding-left: 40px;text-align: justify"><span style="font-weight: 400">Nesses casos em que o dente escurece depois de algumas semanas após a batida, significa que houve uma hemorragia do tecido pulpar (rompimento dos vasos sanguíneos presentes no interior da coroa e da raiz do dente). Porém, a não ser que outros sinais clínicos (dor, fístula ou mobilidade intensa) ou radiográficos indiquem ocorrência de necrose pulpar, não há necessidade de realizar um tratamento de canal.</span></p>
<ul>
<li><b>Meu dente esta com mobilidade isso é normal?</b></li>
</ul>
<p style="text-align: justify;padding-left: 40px"><span style="font-weight: 400">Uma leve mobilidade logo após o trauma pode ser normal. Deve ser observado se ela esta diminuindo e se tem algum sintoma associado (dor, fístula, escurecimento) , caso tenha procure atendimento.</span></p>
<ul>
<li><b>Caiu minha contenção o que eu faço?</b></li>
</ul>
<p style="text-align: justify;padding-left: 40px"><span style="font-weight: 400">Você pode entrar em contato pelo telefone do projeto (51) 996338246 ou comparecer na próxima terça feira ás 18h no terceiro andar da FO.</span></p>
<ul>
<li><b>Minha gengiva está muito vermelha e sangrando facilmente o que fazer ?</b></li>
</ul>
<p style="text-align: justify;padding-left: 40px"><span style="font-weight: 400">Você precisa higienizar o dente traumatizado com movimentos leves com escova com cerdas macias e usar o fio dental diariamente.</span></p>
<ul>
<li style="text-align: justify"><b>Posso escovar os dentes depois do trauma? </b><span style="font-weight: 400"> </span></li>
</ul>
<p style="text-align: justify;padding-left: 40px"><span style="font-weight: 400">D E V E, pois o acúmulo de placa é prejudicial para recuperação.</span></p>

<p>O que é um trauma dentário? O traumatismo dentário pode ser desde uma simples fratura no dente, como sua perda total. É causado por um impacto externo, por exemplo, em acidentes automobilísticos, ciclísticos, quedas, agressões, entre outros. O que fazer quando quebrar um dente devido a algum trauma (queda ou acidente) ? É possível fazer [&hellip;]</p>
