{"id":66,"date":"2024-01-18T17:06:23","date_gmt":"2024-01-18T20:06:23","guid":{"rendered":"https:\/\/wp.ufpel.edu.br\/cepfen\/?page_id=66"},"modified":"2024-01-18T20:55:03","modified_gmt":"2024-01-18T23:55:03","slug":"tutorial-para-resposta-a-pendencias-na-plataforma-brasil","status":"publish","type":"page","link":"https:\/\/wp.ufpel.edu.br\/cepfen\/submissao-de-protocolos-de-pesquisa\/tutorial-para-resposta-a-pendencias-na-plataforma-brasil\/","title":{"rendered":"Tutorial para resposta a pend\u00eancias na Plataforma Brasil"},"content":{"rendered":"<div class=\"page\" title=\"Page 3\">\n<div class=\"layoutArea\">\n<div class=\"column\">\n<p>Em caso de pend\u00eancias e\/ou inadequa\u00e7\u00f5es no Protocolo de Pesquisa, o(a) pesquisador(a) deve anexar na Plataforma Brasil uma carta resposta respondendo cada pend\u00eancia e ou questionamentos descritos no parecer consubstanciado, em at\u00e9 30 dias a contar da data de sua emiss\u00e3o.<\/p>\n<p>O(a) pesquisador(a) deve anexar uma nova versa\u0303o do(s) documento(s) que forem alterados (por exemplo, projeto e\/ou TCLE, cronograma, or\u00e7amento, entre outros.), cujas modificac\u0327o\u0303es devem estar grifadas em vermelho,\u00a0 bem como devem mencion\u00e1-las na carta resposta identificando o local da alterac\u0327a\u0303o ao longo do texto (pa\u0301gina e\/ou ti\u0301tulo do item). <span style=\"color: var(--cor-texto); font-family: var(--fonte-corpo);\">A carta resposta deve permitir o uso correto dos recursos \u201ccopiar\u201d e \u201ccolar\u201d em qualquer palavra ou trecho do texto.<\/span><\/p>\n<p>A seguir poder\u00e1 acessar o link com tutorial sobre resposta a pend\u00eancias na Plataforma Brasil:<\/p>\n<\/div>\n<\/div>\n<\/div>\n<p><a href=\"https:\/\/youtu.be\/8R7Pdy8KtMI\">Passo a passo sobre como um pesquisador pode responder pend\u00eancias (Documental e de Parecer) na Plataforma Brasil.<\/a><\/p>\n","protected":false},"excerpt":{"rendered":"<p>Em caso de pend\u00eancias e\/ou inadequa\u00e7\u00f5es no Protocolo de Pesquisa, o(a) pesquisador(a) deve anexar na Plataforma Brasil uma carta resposta respondendo cada pend\u00eancia e ou questionamentos descritos no parecer consubstanciado, em at\u00e9 30 dias a contar da data de sua emiss\u00e3o. O(a) pesquisador(a) deve anexar uma nova versa\u0303o do(s) documento(s) que forem alterados (por exemplo, [&hellip;]<\/p>\n","protected":false},"author":1191,"featured_media":0,"parent":29,"menu_order":6,"comment_status":"closed","ping_status":"closed","template":"","meta":{"footnotes":""},"class_list":["post-66","page","type-page","status-publish","hentry"],"_links":{"self":[{"href":"https:\/\/wp.ufpel.edu.br\/cepfen\/wp-json\/wp\/v2\/pages\/66","targetHints":{"allow":["GET"]}}],"collection":[{"href":"https:\/\/wp.ufpel.edu.br\/cepfen\/wp-json\/wp\/v2\/pages"}],"about":[{"href":"https:\/\/wp.ufpel.edu.br\/cepfen\/wp-json\/wp\/v2\/types\/page"}],"author":[{"embeddable":true,"href":"https:\/\/wp.ufpel.edu.br\/cepfen\/wp-json\/wp\/v2\/users\/1191"}],"replies":[{"embeddable":true,"href":"https:\/\/wp.ufpel.edu.br\/cepfen\/wp-json\/wp\/v2\/comments?post=66"}],"version-history":[{"count":5,"href":"https:\/\/wp.ufpel.edu.br\/cepfen\/wp-json\/wp\/v2\/pages\/66\/revisions"}],"predecessor-version":[{"id":125,"href":"https:\/\/wp.ufpel.edu.br\/cepfen\/wp-json\/wp\/v2\/pages\/66\/revisions\/125"}],"up":[{"embeddable":true,"href":"https:\/\/wp.ufpel.edu.br\/cepfen\/wp-json\/wp\/v2\/pages\/29"}],"wp:attachment":[{"href":"https:\/\/wp.ufpel.edu.br\/cepfen\/wp-json\/wp\/v2\/media?parent=66"}],"curies":[{"name":"wp","href":"https:\/\/api.w.org\/{rel}","templated":true}]}}