{"id":40,"date":"2024-01-18T16:38:30","date_gmt":"2024-01-18T19:38:30","guid":{"rendered":"https:\/\/wp.ufpel.edu.br\/cepfen\/?page_id=40"},"modified":"2024-01-18T21:29:38","modified_gmt":"2024-01-19T00:29:38","slug":"contato","status":"publish","type":"page","link":"https:\/\/wp.ufpel.edu.br\/cepfen\/contato\/","title":{"rendered":"Contato"},"content":{"rendered":"<p style=\"margin: 0cm;\"><strong>Endere\u00e7o do CEP-FE \/UFPel:<\/strong><\/p>\n<p style=\"margin: 0cm;\">Universidade Federal de Pelotas<br \/>\nComit\u00ea de \u00c9tica em Pesquisa \u2013 Faculdade de Enfermagem<br \/>\nRua Gomes Carneiro 01,\u00a0 Campus Anglo, 2\u00b0 andar, sala 212<\/p>\n<p style=\"margin: 0cm;\">Centro, 96010-610 \u2013 Pelotas \u2013 Rio Grande do Sul<\/p>\n<p>&nbsp;<\/p>\n<p style=\"margin: 0cm;\"><b>Hor\u00e1rio de atendimento aos usu\u00e1rios<\/b><\/p>\n<p style=\"margin: 0cm;\">De segunda a sexta, das 08:00 \u00e0s 12:00 e das 14h \u00e0s 17:30.<\/p>\n<p style=\"margin: 0cm;\">E-mail:\u00a0<strong>cepfen@ufpel.edu.br<\/strong><\/p>\n<p style=\"margin: 0cm;\">Telefone:\u00a0<strong>(53) 3284-3822<\/strong><\/p>\n","protected":false},"excerpt":{"rendered":"<p>Endere\u00e7o do CEP-FE \/UFPel: Universidade Federal de Pelotas Comit\u00ea de \u00c9tica em Pesquisa \u2013 Faculdade de Enfermagem Rua Gomes Carneiro 01,\u00a0 Campus Anglo, 2\u00b0 andar, sala 212 Centro, 96010-610 \u2013 Pelotas \u2013 Rio Grande do Sul &nbsp; Hor\u00e1rio de atendimento aos usu\u00e1rios De segunda a sexta, das 08:00 \u00e0s 12:00 e das 14h \u00e0s 17:30. [&hellip;]<\/p>\n","protected":false},"author":1191,"featured_media":0,"parent":0,"menu_order":4,"comment_status":"closed","ping_status":"closed","template":"","meta":{"footnotes":""},"class_list":["post-40","page","type-page","status-publish","hentry"],"_links":{"self":[{"href":"https:\/\/wp.ufpel.edu.br\/cepfen\/wp-json\/wp\/v2\/pages\/40","targetHints":{"allow":["GET"]}}],"collection":[{"href":"https:\/\/wp.ufpel.edu.br\/cepfen\/wp-json\/wp\/v2\/pages"}],"about":[{"href":"https:\/\/wp.ufpel.edu.br\/cepfen\/wp-json\/wp\/v2\/types\/page"}],"author":[{"embeddable":true,"href":"https:\/\/wp.ufpel.edu.br\/cepfen\/wp-json\/wp\/v2\/users\/1191"}],"replies":[{"embeddable":true,"href":"https:\/\/wp.ufpel.edu.br\/cepfen\/wp-json\/wp\/v2\/comments?post=40"}],"version-history":[{"count":6,"href":"https:\/\/wp.ufpel.edu.br\/cepfen\/wp-json\/wp\/v2\/pages\/40\/revisions"}],"predecessor-version":[{"id":148,"href":"https:\/\/wp.ufpel.edu.br\/cepfen\/wp-json\/wp\/v2\/pages\/40\/revisions\/148"}],"wp:attachment":[{"href":"https:\/\/wp.ufpel.edu.br\/cepfen\/wp-json\/wp\/v2\/media?parent=40"}],"curies":[{"name":"wp","href":"https:\/\/api.w.org\/{rel}","templated":true}]}}