{"id":25,"date":"2019-05-08T08:54:04","date_gmt":"2019-05-08T11:54:04","guid":{"rendered":"https:\/\/wp.ufpel.edu.br\/cepesef\/?page_id=25"},"modified":"2025-06-29T20:29:28","modified_gmt":"2025-06-29T23:29:28","slug":"reunioes-2019","status":"publish","type":"page","link":"https:\/\/wp.ufpel.edu.br\/cepesef\/reunioes-2019\/","title":{"rendered":"Calend\u00e1rio das Reuni\u00f5es"},"content":{"rendered":"<p style=\"text-align: justify;\">Para o bem da organiza\u00e7\u00e3o e planejamento dos pesquisadores que submetem seus projetos para este CEP, as reuni\u00f5es do colegiado deste comit\u00ea ser\u00e3o realizadas na terceira quarta-feira do m\u00eas \u00e0s 14h. <strong>Os projetos dever\u00e3o ser enviados at\u00e9 a quarta-feira anterior a reuni\u00e3o.<\/strong><\/p>\n<p style=\"text-align: justify;\">Salientamos que a documenta\u00e7\u00e3o dever\u00e1 estar adequadamente preenchida para que os projetos sejam aceitos e encaminhados para relatoria.<\/p>\n<p>Deste a implementa\u00e7\u00e3o das atividades remotas devido a pandemia de COVID-19, as reuni\u00f5es continuam ocorrendo mensalmente de maneira on-line (diante da exist\u00eancia de projetos de pesquisa submetidos no per\u00edodo), respeitando todos os protocolos de sigilo das informa\u00e7\u00f5es.<\/p>\n","protected":false},"excerpt":{"rendered":"<p>Para o bem da organiza\u00e7\u00e3o e planejamento dos pesquisadores que submetem seus projetos para este CEP, as reuni\u00f5es do colegiado deste comit\u00ea ser\u00e3o realizadas na terceira quarta-feira do m\u00eas \u00e0s 14h. Os projetos dever\u00e3o ser enviados at\u00e9 a quarta-feira anterior a reuni\u00e3o. Salientamos que a documenta\u00e7\u00e3o dever\u00e1 estar adequadamente preenchida para que os projetos sejam [&hellip;]<\/p>\n","protected":false},"author":929,"featured_media":0,"parent":0,"menu_order":2,"comment_status":"closed","ping_status":"closed","template":"","meta":{"footnotes":""},"class_list":["post-25","page","type-page","status-publish","hentry"],"_links":{"self":[{"href":"https:\/\/wp.ufpel.edu.br\/cepesef\/wp-json\/wp\/v2\/pages\/25","targetHints":{"allow":["GET"]}}],"collection":[{"href":"https:\/\/wp.ufpel.edu.br\/cepesef\/wp-json\/wp\/v2\/pages"}],"about":[{"href":"https:\/\/wp.ufpel.edu.br\/cepesef\/wp-json\/wp\/v2\/types\/page"}],"author":[{"embeddable":true,"href":"https:\/\/wp.ufpel.edu.br\/cepesef\/wp-json\/wp\/v2\/users\/929"}],"replies":[{"embeddable":true,"href":"https:\/\/wp.ufpel.edu.br\/cepesef\/wp-json\/wp\/v2\/comments?post=25"}],"version-history":[{"count":10,"href":"https:\/\/wp.ufpel.edu.br\/cepesef\/wp-json\/wp\/v2\/pages\/25\/revisions"}],"predecessor-version":[{"id":650,"href":"https:\/\/wp.ufpel.edu.br\/cepesef\/wp-json\/wp\/v2\/pages\/25\/revisions\/650"}],"wp:attachment":[{"href":"https:\/\/wp.ufpel.edu.br\/cepesef\/wp-json\/wp\/v2\/media?parent=25"}],"curies":[{"name":"wp","href":"https:\/\/api.w.org\/{rel}","templated":true}]}}