{"id":2,"date":"2020-08-14T09:25:22","date_gmt":"2020-08-14T12:25:22","guid":{"rendered":"https:\/\/wp.ufpel.edu.br\/cepe2020\/?page_id=2"},"modified":"2020-09-01T15:57:51","modified_gmt":"2020-09-01T18:57:51","slug":"apresentacao","status":"publish","type":"page","link":"https:\/\/wp.ufpel.edu.br\/cepe2020\/apresentacao\/","title":{"rendered":"Apresenta\u00e7\u00e3o"},"content":{"rendered":"<p style=\"text-align: justify\"><span style=\"font-size: 14pt\">O II Encontro CEPE, que ocorre nos dias 09, 16 e 23 de outubro de 2020, traz como tema para sua segunda edi\u00e7\u00e3o \u201cRedes Pol\u00edticas de Governan\u00e7a e Educa\u00e7\u00e3o\u201d e visa dar continuidade \u00e0s atividades do Centro de Estudos em Pol\u00edticas Educativas \u2013 CEPE, o qual congrega grupos de pesquisa do Programa de P\u00f3s-Gradua\u00e7\u00e3o em Educa\u00e7\u00e3o da Universidade Federal de Pelotas e de outras institui\u00e7\u00f5es, que realizam investiga\u00e7\u00f5es conjuntas e em parceria, no campo do Curr\u00edculo, da Gest\u00e3o e do Trabalho Docente.<\/span><\/p>\n<p style=\"text-align: justify\"><span style=\"font-size: 14pt\">De fato \u00e9 uma continuidade de dois eventos que j\u00e1 ocorreram anteriormente. O primeiro deles sobre BNCC e a Educa\u00e7\u00e3o B\u00e1sica, realizado em 2018, e o segundo sobre Pol\u00edticas Conservadoras na Educa\u00e7\u00e3o B\u00e1sica, em 2019.<\/span><\/p>\n<p style=\"text-align: justify\"><span style=\"font-size: 14pt\">Em fun\u00e7\u00e3o da pandemia Covid-19, no ano de 2020, as atividades acontecer\u00e3o no formato online, mantendo a sistem\u00e1tica de tr\u00eas dias de encontro.<\/span><\/p>\n","protected":false},"excerpt":{"rendered":"<p>O II Encontro CEPE, que ocorre nos dias 09, 16 e 23 de outubro de 2020, traz como tema para sua segunda edi\u00e7\u00e3o \u201cRedes Pol\u00edticas de Governan\u00e7a e Educa\u00e7\u00e3o\u201d e visa dar continuidade \u00e0s atividades do Centro de Estudos em Pol\u00edticas Educativas \u2013 CEPE, o qual congrega grupos de pesquisa do Programa de P\u00f3s-Gradua\u00e7\u00e3o em [&hellip;]<\/p>\n","protected":false},"author":965,"featured_media":0,"parent":0,"menu_order":1,"comment_status":"closed","ping_status":"closed","template":"","meta":{"footnotes":""},"class_list":["post-2","page","type-page","status-publish","hentry","post"],"_links":{"self":[{"href":"https:\/\/wp.ufpel.edu.br\/cepe2020\/wp-json\/wp\/v2\/pages\/2","targetHints":{"allow":["GET"]}}],"collection":[{"href":"https:\/\/wp.ufpel.edu.br\/cepe2020\/wp-json\/wp\/v2\/pages"}],"about":[{"href":"https:\/\/wp.ufpel.edu.br\/cepe2020\/wp-json\/wp\/v2\/types\/page"}],"author":[{"embeddable":true,"href":"https:\/\/wp.ufpel.edu.br\/cepe2020\/wp-json\/wp\/v2\/users\/965"}],"replies":[{"embeddable":true,"href":"https:\/\/wp.ufpel.edu.br\/cepe2020\/wp-json\/wp\/v2\/comments?post=2"}],"version-history":[{"count":12,"href":"https:\/\/wp.ufpel.edu.br\/cepe2020\/wp-json\/wp\/v2\/pages\/2\/revisions"}],"predecessor-version":[{"id":182,"href":"https:\/\/wp.ufpel.edu.br\/cepe2020\/wp-json\/wp\/v2\/pages\/2\/revisions\/182"}],"wp:attachment":[{"href":"https:\/\/wp.ufpel.edu.br\/cepe2020\/wp-json\/wp\/v2\/media?parent=2"}],"curies":[{"name":"wp","href":"https:\/\/api.w.org\/{rel}","templated":true}]}}

Apresentação

<p style="text-align: justify"><span style="font-size: 14pt">O II Encontro CEPE, que ocorre nos dias 09, 16 e 23 de outubro de 2020, traz como tema para sua segunda edição “Redes Políticas de Governança e Educação” e visa dar continuidade às atividades do Centro de Estudos em Políticas Educativas – CEPE, o qual congrega grupos de pesquisa do Programa de Pós-Graduação em Educação da Universidade Federal de Pelotas e de outras instituições, que realizam investigações conjuntas e em parceria, no campo do Currículo, da Gestão e do Trabalho Docente.</span></p>
<p style="text-align: justify"><span style="font-size: 14pt">De fato é uma continuidade de dois eventos que já ocorreram anteriormente. O primeiro deles sobre BNCC e a Educação Básica, realizado em 2018, e o segundo sobre Políticas Conservadoras na Educação Básica, em 2019.</span></p>
<p style="text-align: justify"><span style="font-size: 14pt">Em função da pandemia Covid-19, no ano de 2020, as atividades acontecerão no formato online, mantendo a sistemática de três dias de encontro.</span></p>

<p>O II Encontro CEPE, que ocorre nos dias 09, 16 e 23 de outubro de 2020, traz como tema para sua segunda edição “Redes Políticas de Governança e Educação” e visa dar continuidade às atividades do Centro de Estudos em Políticas Educativas – CEPE, o qual congrega grupos de pesquisa do Programa de Pós-Graduação em [&hellip;]</p>
