{"id":23,"date":"2019-10-23T20:05:09","date_gmt":"2019-10-23T23:05:09","guid":{"rendered":"https:\/\/wp.ufpel.edu.br\/cepe2019\/?page_id=23"},"modified":"2020-08-27T16:57:50","modified_gmt":"2020-08-27T19:57:50","slug":"organizacao","status":"publish","type":"page","link":"https:\/\/wp.ufpel.edu.br\/cepe2019\/organizacao\/","title":{"rendered":"Organiza\u00e7\u00e3o"},"content":{"rendered":"<p><span style=\"color: #ff7824\"><strong><span style=\"font-size: 18pt\">Equipe coordenadora<br \/>\n<\/span><\/strong><\/span><br \/>\n<span style=\"font-size: 14pt\">Prof. Dr. \u00c1lvaro Moreira Hypolito \u2013 Coordenador \/ UFPel\u00a0<\/span><\/p>\n<p><span style=\"font-size: 14pt\">Prof\u00aa. Dr\u00aa. Simone Gon\u00e7alves da Silva \u2013 Coordenadora \/ UNOESC<\/span><\/p>\n<p><span style=\"font-size: 14pt\">Prof\u00aa. Dr\u00aa. Iana Gomes de Lima \u2013 Coordenadora \/ UFRGS<br \/>\n<\/span><br \/>\n<span style=\"font-size: 18pt\"><span style=\"font-size: 14pt\">O proponente, Prof. Dr. \u00c1lvaro Moreira Hypolito, \u00e9 professor titular da Faculdade de Educa\u00e7\u00e3o da Universidade Federal de Pelotas e coordenador do Centro de Estudos em Pol\u00edtica Educativas (CEPE). Pesquisador experiente na \u00e1rea de curr\u00edculo e trabalho docente. Atuar\u00e1 como coordenador geral do evento.<\/span><br \/>\n<\/span><br \/>\n<strong><span style=\"font-size: 18pt\"><span style=\"color: #ff7824\">Equipe<\/span><br \/>\n<\/span><\/strong><\/p>\n<p class=\"western\"><span style=\"font-family: Arial, serif;font-size: 14pt\">Andr\u00e9 Quandt Klug <\/span><\/p>\n<p class=\"western\"><span style=\"font-family: Arial, serif;font-size: 14pt\">Cristiane Bartz de \u00c1vila<\/span><\/p>\n<p class=\"western\"><span style=\"font-family: Arial, serif;font-size: 14pt\">Deise Rocha<\/span><\/p>\n<p class=\"western\"><span style=\"font-family: Arial, serif;font-size: 14pt\">Edna Coimbra da Silva<\/span><\/p>\n<p class=\"western\"><span style=\"font-family: Arial, serif;font-size: 14pt\">Eug\u00eania Antunes Dias<\/span><\/p>\n<p class=\"western\"><span style=\"font-family: Arial, serif;font-size: 14pt\">Jair Jonko Ara\u00fajo<\/span><\/p>\n<p class=\"western\"><span style=\"font-family: Arial, serif;font-size: 14pt\">Juliana Mezomo Cantarelli<\/span><\/p>\n<p class=\"western\"><span style=\"font-family: Arial, serif;font-size: 14pt\">Maria Elo\u00edsa Da Silva<\/span><\/p>\n<p class=\"western\"><span style=\"font-family: Arial, serif;font-size: 14pt\">Mateus Arguelho da Cunha<\/span><\/p>\n<p class=\"western\"><span style=\"font-family: Arial, serif;font-size: 14pt\">Nat\u00e1lia Antunes<\/span><\/p>\n<p class=\"western\"><span style=\"font-family: Arial, serif;font-size: 14pt\">Nathalie Rosario Jardim<\/span><\/p>\n<p class=\"western\"><span style=\"font-family: Arial, serif;font-size: 14pt\">Nit\u00e9ri Ferreira Vieira<\/span><\/p>\n<p class=\"western\"><span style=\"font-family: Arial, serif;font-size: 14pt\">Patr\u00edcia de Faria Ferreira<\/span><\/p>\n<p class=\"western\"><span style=\"font-family: Arial, serif;font-size: 14pt\">St\u00e9fani da Silva Korb <\/span><\/p>\n<p><span style=\"font-size: 14pt\">\u00a0<\/span><\/p>\n","protected":false},"excerpt":{"rendered":"<p>Equipe coordenadora Prof. Dr. \u00c1lvaro Moreira Hypolito \u2013 Coordenador \/ UFPel\u00a0 Prof\u00aa. Dr\u00aa. Simone Gon\u00e7alves da Silva \u2013 Coordenadora \/ UNOESC Prof\u00aa. Dr\u00aa. Iana Gomes de Lima \u2013 Coordenadora \/ UFRGS O proponente, Prof. Dr. \u00c1lvaro Moreira Hypolito, \u00e9 professor titular da Faculdade de Educa\u00e7\u00e3o da Universidade Federal de Pelotas e coordenador do Centro de &hellip; <\/p>\n<p><a class=\"more-link btn\" href=\"https:\/\/wp.ufpel.edu.br\/cepe2019\/organizacao\/\">Continue lendo<\/a><\/p>\n","protected":false},"author":965,"featured_media":0,"parent":0,"menu_order":4,"comment_status":"closed","ping_status":"closed","template":"","meta":{"footnotes":""},"class_list":["post-23","page","type-page","status-publish","hentry","nodate","item-wrap"],"_links":{"self":[{"href":"https:\/\/wp.ufpel.edu.br\/cepe2019\/wp-json\/wp\/v2\/pages\/23","targetHints":{"allow":["GET"]}}],"collection":[{"href":"https:\/\/wp.ufpel.edu.br\/cepe2019\/wp-json\/wp\/v2\/pages"}],"about":[{"href":"https:\/\/wp.ufpel.edu.br\/cepe2019\/wp-json\/wp\/v2\/types\/page"}],"author":[{"embeddable":true,"href":"https:\/\/wp.ufpel.edu.br\/cepe2019\/wp-json\/wp\/v2\/users\/965"}],"replies":[{"embeddable":true,"href":"https:\/\/wp.ufpel.edu.br\/cepe2019\/wp-json\/wp\/v2\/comments?post=23"}],"version-history":[{"count":8,"href":"https:\/\/wp.ufpel.edu.br\/cepe2019\/wp-json\/wp\/v2\/pages\/23\/revisions"}],"predecessor-version":[{"id":382,"href":"https:\/\/wp.ufpel.edu.br\/cepe2019\/wp-json\/wp\/v2\/pages\/23\/revisions\/382"}],"wp:attachment":[{"href":"https:\/\/wp.ufpel.edu.br\/cepe2019\/wp-json\/wp\/v2\/media?parent=23"}],"curies":[{"name":"wp","href":"https:\/\/api.w.org\/{rel}","templated":true}]}}