{"id":9,"date":"2013-09-13T11:25:58","date_gmt":"2013-09-13T14:25:58","guid":{"rendered":"https:\/\/wp.ufpel.edu.br\/cepe\/?page_id=9"},"modified":"2014-12-27T20:26:51","modified_gmt":"2014-12-27T22:26:51","slug":"contato-2","status":"publish","type":"page","link":"https:\/\/wp.ufpel.edu.br\/cepe\/contato-2\/","title":{"rendered":"Contato"},"content":{"rendered":"<h4>CEPE &#8211; Centro de Estudos em Pol\u00edticas Educativas: Gest\u00e3o, Curr\u00edculo e Trabalho Docente<br \/>\nFaculdade de Educa\u00e7\u00e3o<br \/>\nUniversidade Federal de Pelotas<\/h4>\n<h4>Endere\u00e7o:<br \/>\nRua Cel. Alberto Rosa, 154<br \/>\nCEP96010-750\u00a0 Pelotas\u00a0 RS\u00a0 Brasil<\/h4>\n<h4>E-mail:<br \/>\nhypolito@ufpel.edu.br<\/h4>\n","protected":false},"excerpt":{"rendered":"<p>CEPE &#8211; Centro de Estudos em Pol\u00edticas Educativas: Gest\u00e3o, Curr\u00edculo e Trabalho Docente Faculdade de Educa\u00e7\u00e3o Universidade Federal de Pelotas Endere\u00e7o: Rua Cel. Alberto Rosa, 154 CEP96010-750\u00a0 Pelotas\u00a0 RS\u00a0 Brasil E-mail: hypolito@ufpel.edu.br<\/p>\n","protected":false},"author":297,"featured_media":0,"parent":0,"menu_order":8,"comment_status":"closed","ping_status":"closed","template":"","meta":{"footnotes":""},"class_list":["post-9","page","type-page","status-publish","hentry","nodate","item-wrap"],"jetpack_sharing_enabled":true,"_links":{"self":[{"href":"https:\/\/wp.ufpel.edu.br\/cepe\/wp-json\/wp\/v2\/pages\/9","targetHints":{"allow":["GET"]}}],"collection":[{"href":"https:\/\/wp.ufpel.edu.br\/cepe\/wp-json\/wp\/v2\/pages"}],"about":[{"href":"https:\/\/wp.ufpel.edu.br\/cepe\/wp-json\/wp\/v2\/types\/page"}],"author":[{"embeddable":true,"href":"https:\/\/wp.ufpel.edu.br\/cepe\/wp-json\/wp\/v2\/users\/297"}],"replies":[{"embeddable":true,"href":"https:\/\/wp.ufpel.edu.br\/cepe\/wp-json\/wp\/v2\/comments?post=9"}],"version-history":[{"count":5,"href":"https:\/\/wp.ufpel.edu.br\/cepe\/wp-json\/wp\/v2\/pages\/9\/revisions"}],"predecessor-version":[{"id":135,"href":"https:\/\/wp.ufpel.edu.br\/cepe\/wp-json\/wp\/v2\/pages\/9\/revisions\/135"}],"wp:attachment":[{"href":"https:\/\/wp.ufpel.edu.br\/cepe\/wp-json\/wp\/v2\/media?parent=9"}],"curies":[{"name":"wp","href":"https:\/\/api.w.org\/{rel}","templated":true}]}}