{"id":605,"date":"2021-10-15T11:04:34","date_gmt":"2021-10-15T14:04:34","guid":{"rendered":"https:\/\/wp.ufpel.edu.br\/cepe\/?page_id=605"},"modified":"2021-10-15T11:34:46","modified_gmt":"2021-10-15T14:34:46","slug":"ii-cepe-2020","status":"publish","type":"page","link":"https:\/\/wp.ufpel.edu.br\/cepe\/publicacoes\/videos\/ii-cepe-2020\/","title":{"rendered":"II CEPE 2020"},"content":{"rendered":"<p><a href=\"https:\/\/youtu.be\/AyBgkSalUFg\">Redes Pol\u00edticas de Govenan\u00e7a e Reforma Educacional Global<\/a><\/p>\n<p><a href=\"https:\/\/youtu.be\/AyBgkSalUFg\"><img loading=\"lazy\" decoding=\"async\" class=\"alignnone wp-image-608 size-medium\" src=\"https:\/\/wp.ufpel.edu.br\/cepe\/files\/2021\/10\/II-CEPE1-300x76.png\" alt=\"\" width=\"300\" height=\"76\" srcset=\"https:\/\/wp.ufpel.edu.br\/cepe\/files\/2021\/10\/II-CEPE1-300x76.png 300w, https:\/\/wp.ufpel.edu.br\/cepe\/files\/2021\/10\/II-CEPE1-768x194.png 768w, https:\/\/wp.ufpel.edu.br\/cepe\/files\/2021\/10\/II-CEPE1-750x189.png 750w, https:\/\/wp.ufpel.edu.br\/cepe\/files\/2021\/10\/II-CEPE1.png 869w\" sizes=\"auto, (max-width: 300px) 100vw, 300px\" \/><\/a><\/p>\n<p class=\"title style-scope ytd-video-primary-info-renderer\"><a href=\"https:\/\/youtu.be\/MDLS1nAxNvg\">An\u00e1lise de Redes Sociais: Contribui\u00e7\u00f5es Metodol\u00f3gicas para a An\u00e1lise de Pol\u00edticas Educativas<\/a><\/p>\n<p><a href=\"https:\/\/youtu.be\/MDLS1nAxNvg\"><img loading=\"lazy\" decoding=\"async\" class=\"alignnone size-medium wp-image-606\" src=\"https:\/\/wp.ufpel.edu.br\/cepe\/files\/2021\/10\/II-CEPE3-300x100.png\" alt=\"\" width=\"300\" height=\"100\" srcset=\"https:\/\/wp.ufpel.edu.br\/cepe\/files\/2021\/10\/II-CEPE3-300x100.png 300w, https:\/\/wp.ufpel.edu.br\/cepe\/files\/2021\/10\/II-CEPE3-768x257.png 768w, https:\/\/wp.ufpel.edu.br\/cepe\/files\/2021\/10\/II-CEPE3-750x251.png 750w, https:\/\/wp.ufpel.edu.br\/cepe\/files\/2021\/10\/II-CEPE3.png 870w\" sizes=\"auto, (max-width: 300px) 100vw, 300px\" \/><\/a><\/p>\n<p><a href=\"https:\/\/youtu.be\/aaF975Ymbh0\">An\u00e1lise de Redes Pol\u00edticas e Governan\u00e7a em Educa\u00e7\u00e3o<\/a><\/p>\n<p><a href=\"https:\/\/youtu.be\/aaF975Ymbh0\"><img loading=\"lazy\" decoding=\"async\" class=\"alignnone size-medium wp-image-609\" src=\"https:\/\/wp.ufpel.edu.br\/cepe\/files\/2021\/10\/II-CEPE3-1-300x88.png\" alt=\"\" width=\"300\" height=\"88\" srcset=\"https:\/\/wp.ufpel.edu.br\/cepe\/files\/2021\/10\/II-CEPE3-1-300x88.png 300w, https:\/\/wp.ufpel.edu.br\/cepe\/files\/2021\/10\/II-CEPE3-1-768x225.png 768w, https:\/\/wp.ufpel.edu.br\/cepe\/files\/2021\/10\/II-CEPE3-1-750x219.png 750w, https:\/\/wp.ufpel.edu.br\/cepe\/files\/2021\/10\/II-CEPE3-1.png 865w\" sizes=\"auto, (max-width: 300px) 100vw, 300px\" \/><\/a><\/p>\n","protected":false},"excerpt":{"rendered":"<p>Redes Pol\u00edticas de Govenan\u00e7a e Reforma Educacional Global An\u00e1lise de Redes Sociais: Contribui\u00e7\u00f5es Metodol\u00f3gicas para a An\u00e1lise de Pol\u00edticas Educativas An\u00e1lise de Redes Pol\u00edticas e Governan\u00e7a em Educa\u00e7\u00e3o<\/p>\n","protected":false},"author":297,"featured_media":0,"parent":307,"menu_order":0,"comment_status":"closed","ping_status":"closed","template":"","meta":{"footnotes":""},"class_list":["post-605","page","type-page","status-publish","hentry","nodate","item-wrap"],"jetpack_sharing_enabled":true,"_links":{"self":[{"href":"https:\/\/wp.ufpel.edu.br\/cepe\/wp-json\/wp\/v2\/pages\/605","targetHints":{"allow":["GET"]}}],"collection":[{"href":"https:\/\/wp.ufpel.edu.br\/cepe\/wp-json\/wp\/v2\/pages"}],"about":[{"href":"https:\/\/wp.ufpel.edu.br\/cepe\/wp-json\/wp\/v2\/types\/page"}],"author":[{"embeddable":true,"href":"https:\/\/wp.ufpel.edu.br\/cepe\/wp-json\/wp\/v2\/users\/297"}],"replies":[{"embeddable":true,"href":"https:\/\/wp.ufpel.edu.br\/cepe\/wp-json\/wp\/v2\/comments?post=605"}],"version-history":[{"count":5,"href":"https:\/\/wp.ufpel.edu.br\/cepe\/wp-json\/wp\/v2\/pages\/605\/revisions"}],"predecessor-version":[{"id":614,"href":"https:\/\/wp.ufpel.edu.br\/cepe\/wp-json\/wp\/v2\/pages\/605\/revisions\/614"}],"up":[{"embeddable":true,"href":"https:\/\/wp.ufpel.edu.br\/cepe\/wp-json\/wp\/v2\/pages\/307"}],"wp:attachment":[{"href":"https:\/\/wp.ufpel.edu.br\/cepe\/wp-json\/wp\/v2\/media?parent=605"}],"curies":[{"name":"wp","href":"https:\/\/api.w.org\/{rel}","templated":true}]}}