{"id":602,"date":"2021-10-15T09:33:26","date_gmt":"2021-10-15T12:33:26","guid":{"rendered":"https:\/\/wp.ufpel.edu.br\/cepe\/?page_id=602"},"modified":"2021-10-15T09:35:40","modified_gmt":"2021-10-15T12:35:40","slug":"ii-encontro-do-cepe","status":"publish","type":"page","link":"https:\/\/wp.ufpel.edu.br\/cepe\/agenda-de-eventos\/ii-encontro-do-cepe\/","title":{"rendered":"II Encontro do CEPE | 2020"},"content":{"rendered":"<p><a href=\"https:\/\/wp.ufpel.edu.br\/cepe2020\/\">II Encontro do CEPE &#8211; Redes Pol\u00edticas de Governan\u00e7a e Educa\u00e7\u00e3o<\/a><\/p>\n<p><img loading=\"lazy\" decoding=\"async\" class=\"alignnone size-full wp-image-124\" src=\"https:\/\/wp.ufpel.edu.br\/cepe2020\/files\/2020\/08\/Programacao.jpg\" alt=\"\" width=\"1800\" height=\"1801\" \/><\/p>\n","protected":false},"excerpt":{"rendered":"<p>II Encontro do CEPE &#8211; Redes Pol\u00edticas de Governan\u00e7a e Educa\u00e7\u00e3o<\/p>\n","protected":false},"author":297,"featured_media":0,"parent":56,"menu_order":0,"comment_status":"closed","ping_status":"closed","template":"","meta":{"footnotes":""},"class_list":["post-602","page","type-page","status-publish","hentry","nodate","item-wrap"],"jetpack_sharing_enabled":true,"_links":{"self":[{"href":"https:\/\/wp.ufpel.edu.br\/cepe\/wp-json\/wp\/v2\/pages\/602","targetHints":{"allow":["GET"]}}],"collection":[{"href":"https:\/\/wp.ufpel.edu.br\/cepe\/wp-json\/wp\/v2\/pages"}],"about":[{"href":"https:\/\/wp.ufpel.edu.br\/cepe\/wp-json\/wp\/v2\/types\/page"}],"author":[{"embeddable":true,"href":"https:\/\/wp.ufpel.edu.br\/cepe\/wp-json\/wp\/v2\/users\/297"}],"replies":[{"embeddable":true,"href":"https:\/\/wp.ufpel.edu.br\/cepe\/wp-json\/wp\/v2\/comments?post=602"}],"version-history":[{"count":2,"href":"https:\/\/wp.ufpel.edu.br\/cepe\/wp-json\/wp\/v2\/pages\/602\/revisions"}],"predecessor-version":[{"id":604,"href":"https:\/\/wp.ufpel.edu.br\/cepe\/wp-json\/wp\/v2\/pages\/602\/revisions\/604"}],"up":[{"embeddable":true,"href":"https:\/\/wp.ufpel.edu.br\/cepe\/wp-json\/wp\/v2\/pages\/56"}],"wp:attachment":[{"href":"https:\/\/wp.ufpel.edu.br\/cepe\/wp-json\/wp\/v2\/media?parent=602"}],"curies":[{"name":"wp","href":"https:\/\/api.w.org\/{rel}","templated":true}]}}